{"id":1292,"date":"2023-01-04T13:26:05","date_gmt":"2023-01-04T13:26:05","guid":{"rendered":"https:\/\/www.nomme.ee\/eakate-paevakeskused\/?post_type=kalender&#038;p=1292"},"modified":"2023-01-05T09:09:55","modified_gmt":"2023-01-05T09:09:55","slug":"rakvere-teater-ja-ohtusook-viitna-kortsis","status":"publish","type":"kalender","link":"https:\/\/www.nomme.ee\/eakate-paevakeskused\/kalender\/rakvere-teater-ja-ohtusook-viitna-kortsis\/","title":{"rendered":"Rakvere teater ja \u00f5htus\u00f6\u00f6k Viitna k\u00f5rtsis"},"content":{"rendered":"<ul>\n<li>kell 15.00 v\u00e4ljas\u00f5it Valdeku 13 parklast<\/li>\n<li>kell 16.00-17.30 Viitna k\u00f5rts<\/li>\n<li>kell 19.00 etendus \u201eLihtsalt r\u00f5\u00f5muks\u201c<\/li>\n<li>kell 21.30 koguneme bussi<\/li>\n<li>umbes kell 23.00 j\u00f5uame Valdeku 13<\/li>\n<\/ul>\n<p>&nbsp;<\/p>\n<p>Registreerimine kuni 15. jaanuar v\u00f5i kuni kohti j\u00e4tkub.<\/p>\n<p>Lisainfo 6723125 <u>tiina.karema@nomme.ee<\/u> v\u00f5i kabinetis 108<\/p>\n","protected":false},"featured_media":1294,"template":"","kalender_kategooria":[],"class_list":["post-1292","kalender","type-kalender","status-publish","has-post-thumbnail","hentry"],"acf":[],"yoast_head":"<!-- This site is optimized with the Yoast SEO plugin v27.5 - https:\/\/yoast.com\/product\/yoast-seo-wordpress\/ -->\n<title>Rakvere teater ja \u00f5htus\u00f6\u00f6k Viitna k\u00f5rtsis &#8211; P\u00e4evakeskused<\/title>\n<meta name=\"robots\" content=\"index, follow, max-snippet:-1, max-image-preview:large, max-video-preview:-1\" \/>\n<link rel=\"canonical\" href=\"https:\/\/www.nomme.ee\/eakate-paevakeskused\/kalender\/rakvere-teater-ja-ohtusook-viitna-kortsis\/\" \/>\n<meta property=\"og:locale\" content=\"et_EE\" \/>\n<meta property=\"og:type\" content=\"article\" \/>\n<meta property=\"og:title\" content=\"Rakvere teater ja \u00f5htus\u00f6\u00f6k Viitna k\u00f5rtsis &#8211; P\u00e4evakeskused\" \/>\n<meta property=\"og:description\" content=\"kell 15.00 v\u00e4ljas\u00f5it Valdeku 13 parklast kell 16.00-17.30 Viitna k\u00f5rts kell 19.00 etendus \u201eLihtsalt r\u00f5\u00f5muks\u201c kell 21.30 koguneme bussi umbes kell 23.00 j\u00f5uame Valdeku 13 &nbsp; Registreerimine kuni 15. jaanuar v\u00f5i kuni kohti j\u00e4tkub. Lisainfo 6723125 tiina.karema@nomme.ee v\u00f5i kabinetis 108\" \/>\n<meta property=\"og:url\" content=\"https:\/\/www.nomme.ee\/eakate-paevakeskused\/kalender\/rakvere-teater-ja-ohtusook-viitna-kortsis\/\" \/>\n<meta property=\"og:site_name\" content=\"P\u00e4evakeskused\" \/>\n<meta property=\"article:modified_time\" content=\"2023-01-05T09:09:55+00:00\" \/>\n<meta property=\"og:image\" content=\"https:\/\/www.nomme.ee\/eakate-paevakeskused\/wp-content\/uploads\/sites\/2\/2023\/01\/lihtsalt_100.jpg\" \/>\n\t<meta property=\"og:image:width\" content=\"1500\" \/>\n\t<meta property=\"og:image:height\" content=\"1000\" \/>\n\t<meta property=\"og:image:type\" content=\"image\/jpeg\" \/>\n<meta name=\"twitter:card\" content=\"summary_large_image\" \/>\n<meta name=\"twitter:label1\" content=\"Est. reading time\" \/>\n\t<meta name=\"twitter:data1\" content=\"1 minut\" \/>\n<script type=\"application\/ld+json\" class=\"yoast-schema-graph\">{\"@context\":\"https:\\\/\\\/schema.org\",\"@graph\":[{\"@type\":\"WebPage\",\"@id\":\"https:\\\/\\\/www.nomme.ee\\\/eakate-paevakeskused\\\/kalender\\\/rakvere-teater-ja-ohtusook-viitna-kortsis\\\/\",\"url\":\"https:\\\/\\\/www.nomme.ee\\\/eakate-paevakeskused\\\/kalender\\\/rakvere-teater-ja-ohtusook-viitna-kortsis\\\/\",\"name\":\"Rakvere teater ja \u00f5htus\u00f6\u00f6k Viitna k\u00f5rtsis &#8211; P\u00e4evakeskused\",\"isPartOf\":{\"@id\":\"https:\\\/\\\/www.nomme.ee\\\/eakate-paevakeskused\\\/#website\"},\"primaryImageOfPage\":{\"@id\":\"https:\\\/\\\/www.nomme.ee\\\/eakate-paevakeskused\\\/kalender\\\/rakvere-teater-ja-ohtusook-viitna-kortsis\\\/#primaryimage\"},\"image\":{\"@id\":\"https:\\\/\\\/www.nomme.ee\\\/eakate-paevakeskused\\\/kalender\\\/rakvere-teater-ja-ohtusook-viitna-kortsis\\\/#primaryimage\"},\"thumbnailUrl\":\"https:\\\/\\\/www.nomme.ee\\\/eakate-paevakeskused\\\/wp-content\\\/uploads\\\/sites\\\/2\\\/2023\\\/01\\\/lihtsalt_100.jpg\",\"datePublished\":\"2023-01-04T13:26:05+00:00\",\"dateModified\":\"2023-01-05T09:09:55+00:00\",\"breadcrumb\":{\"@id\":\"https:\\\/\\\/www.nomme.ee\\\/eakate-paevakeskused\\\/kalender\\\/rakvere-teater-ja-ohtusook-viitna-kortsis\\\/#breadcrumb\"},\"inLanguage\":\"et\",\"potentialAction\":[{\"@type\":\"ReadAction\",\"target\":[\"https:\\\/\\\/www.nomme.ee\\\/eakate-paevakeskused\\\/kalender\\\/rakvere-teater-ja-ohtusook-viitna-kortsis\\\/\"]}]},{\"@type\":\"ImageObject\",\"inLanguage\":\"et\",\"@id\":\"https:\\\/\\\/www.nomme.ee\\\/eakate-paevakeskused\\\/kalender\\\/rakvere-teater-ja-ohtusook-viitna-kortsis\\\/#primaryimage\",\"url\":\"https:\\\/\\\/www.nomme.ee\\\/eakate-paevakeskused\\\/wp-content\\\/uploads\\\/sites\\\/2\\\/2023\\\/01\\\/lihtsalt_100.jpg\",\"contentUrl\":\"https:\\\/\\\/www.nomme.ee\\\/eakate-paevakeskused\\\/wp-content\\\/uploads\\\/sites\\\/2\\\/2023\\\/01\\\/lihtsalt_100.jpg\",\"width\":1500,\"height\":1000},{\"@type\":\"BreadcrumbList\",\"@id\":\"https:\\\/\\\/www.nomme.ee\\\/eakate-paevakeskused\\\/kalender\\\/rakvere-teater-ja-ohtusook-viitna-kortsis\\\/#breadcrumb\",\"itemListElement\":[{\"@type\":\"ListItem\",\"position\":1,\"name\":\"N\u00f5mme Vaba Aja Keskus\",\"item\":\"https:\\\/\\\/www.nomme.ee\"},{\"@type\":\"ListItem\",\"position\":2,\"name\":\"P\u00e4evakeskused\",\"item\":\"https:\\\/\\\/www.nomme.ee\\\/eakate-paevakeskused\\\/\"},{\"@type\":\"ListItem\",\"position\":3,\"name\":\"S\u00fcndmused\",\"item\":\"https:\\\/\\\/www.nomme.ee\\\/eakate-paevakeskused\\\/kalender\\\/\"},{\"@type\":\"ListItem\",\"position\":4,\"name\":\"Rakvere teater ja \u00f5htus\u00f6\u00f6k Viitna k\u00f5rtsis\"}]},{\"@type\":\"WebSite\",\"@id\":\"https:\\\/\\\/www.nomme.ee\\\/eakate-paevakeskused\\\/#website\",\"url\":\"https:\\\/\\\/www.nomme.ee\\\/eakate-paevakeskused\\\/\",\"name\":\"P\u00e4evakeskused\",\"description\":\"\",\"potentialAction\":[{\"@type\":\"SearchAction\",\"target\":{\"@type\":\"EntryPoint\",\"urlTemplate\":\"https:\\\/\\\/www.nomme.ee\\\/eakate-paevakeskused\\\/?s={search_term_string}\"},\"query-input\":{\"@type\":\"PropertyValueSpecification\",\"valueRequired\":true,\"valueName\":\"search_term_string\"}}],\"inLanguage\":\"et\"}]}<\/script>\n<!-- \/ Yoast SEO plugin. -->","yoast_head_json":{"title":"Rakvere teater ja \u00f5htus\u00f6\u00f6k Viitna k\u00f5rtsis &#8211; P\u00e4evakeskused","robots":{"index":"index","follow":"follow","max-snippet":"max-snippet:-1","max-image-preview":"max-image-preview:large","max-video-preview":"max-video-preview:-1"},"canonical":"https:\/\/www.nomme.ee\/eakate-paevakeskused\/kalender\/rakvere-teater-ja-ohtusook-viitna-kortsis\/","og_locale":"et_EE","og_type":"article","og_title":"Rakvere teater ja \u00f5htus\u00f6\u00f6k Viitna k\u00f5rtsis &#8211; P\u00e4evakeskused","og_description":"kell 15.00 v\u00e4ljas\u00f5it Valdeku 13 parklast kell 16.00-17.30 Viitna k\u00f5rts kell 19.00 etendus \u201eLihtsalt r\u00f5\u00f5muks\u201c kell 21.30 koguneme bussi umbes kell 23.00 j\u00f5uame Valdeku 13 &nbsp; Registreerimine kuni 15. jaanuar v\u00f5i kuni kohti j\u00e4tkub. Lisainfo 6723125 tiina.karema@nomme.ee v\u00f5i kabinetis 108","og_url":"https:\/\/www.nomme.ee\/eakate-paevakeskused\/kalender\/rakvere-teater-ja-ohtusook-viitna-kortsis\/","og_site_name":"P\u00e4evakeskused","article_modified_time":"2023-01-05T09:09:55+00:00","og_image":[{"width":1500,"height":1000,"url":"https:\/\/www.nomme.ee\/eakate-paevakeskused\/wp-content\/uploads\/sites\/2\/2023\/01\/lihtsalt_100.jpg","type":"image\/jpeg"}],"twitter_card":"summary_large_image","twitter_misc":{"Est. reading time":"1 minut"},"schema":{"@context":"https:\/\/schema.org","@graph":[{"@type":"WebPage","@id":"https:\/\/www.nomme.ee\/eakate-paevakeskused\/kalender\/rakvere-teater-ja-ohtusook-viitna-kortsis\/","url":"https:\/\/www.nomme.ee\/eakate-paevakeskused\/kalender\/rakvere-teater-ja-ohtusook-viitna-kortsis\/","name":"Rakvere teater ja \u00f5htus\u00f6\u00f6k Viitna k\u00f5rtsis &#8211; P\u00e4evakeskused","isPartOf":{"@id":"https:\/\/www.nomme.ee\/eakate-paevakeskused\/#website"},"primaryImageOfPage":{"@id":"https:\/\/www.nomme.ee\/eakate-paevakeskused\/kalender\/rakvere-teater-ja-ohtusook-viitna-kortsis\/#primaryimage"},"image":{"@id":"https:\/\/www.nomme.ee\/eakate-paevakeskused\/kalender\/rakvere-teater-ja-ohtusook-viitna-kortsis\/#primaryimage"},"thumbnailUrl":"https:\/\/www.nomme.ee\/eakate-paevakeskused\/wp-content\/uploads\/sites\/2\/2023\/01\/lihtsalt_100.jpg","datePublished":"2023-01-04T13:26:05+00:00","dateModified":"2023-01-05T09:09:55+00:00","breadcrumb":{"@id":"https:\/\/www.nomme.ee\/eakate-paevakeskused\/kalender\/rakvere-teater-ja-ohtusook-viitna-kortsis\/#breadcrumb"},"inLanguage":"et","potentialAction":[{"@type":"ReadAction","target":["https:\/\/www.nomme.ee\/eakate-paevakeskused\/kalender\/rakvere-teater-ja-ohtusook-viitna-kortsis\/"]}]},{"@type":"ImageObject","inLanguage":"et","@id":"https:\/\/www.nomme.ee\/eakate-paevakeskused\/kalender\/rakvere-teater-ja-ohtusook-viitna-kortsis\/#primaryimage","url":"https:\/\/www.nomme.ee\/eakate-paevakeskused\/wp-content\/uploads\/sites\/2\/2023\/01\/lihtsalt_100.jpg","contentUrl":"https:\/\/www.nomme.ee\/eakate-paevakeskused\/wp-content\/uploads\/sites\/2\/2023\/01\/lihtsalt_100.jpg","width":1500,"height":1000},{"@type":"BreadcrumbList","@id":"https:\/\/www.nomme.ee\/eakate-paevakeskused\/kalender\/rakvere-teater-ja-ohtusook-viitna-kortsis\/#breadcrumb","itemListElement":[{"@type":"ListItem","position":1,"name":"N\u00f5mme Vaba Aja Keskus","item":"https:\/\/www.nomme.ee"},{"@type":"ListItem","position":2,"name":"P\u00e4evakeskused","item":"https:\/\/www.nomme.ee\/eakate-paevakeskused\/"},{"@type":"ListItem","position":3,"name":"S\u00fcndmused","item":"https:\/\/www.nomme.ee\/eakate-paevakeskused\/kalender\/"},{"@type":"ListItem","position":4,"name":"Rakvere teater ja \u00f5htus\u00f6\u00f6k Viitna k\u00f5rtsis"}]},{"@type":"WebSite","@id":"https:\/\/www.nomme.ee\/eakate-paevakeskused\/#website","url":"https:\/\/www.nomme.ee\/eakate-paevakeskused\/","name":"P\u00e4evakeskused","description":"","potentialAction":[{"@type":"SearchAction","target":{"@type":"EntryPoint","urlTemplate":"https:\/\/www.nomme.ee\/eakate-paevakeskused\/?s={search_term_string}"},"query-input":{"@type":"PropertyValueSpecification","valueRequired":true,"valueName":"search_term_string"}}],"inLanguage":"et"}]}},"_links":{"self":[{"href":"https:\/\/www.nomme.ee\/eakate-paevakeskused\/wp-json\/wp\/v2\/kalender\/1292","targetHints":{"allow":["GET"]}}],"collection":[{"href":"https:\/\/www.nomme.ee\/eakate-paevakeskused\/wp-json\/wp\/v2\/kalender"}],"about":[{"href":"https:\/\/www.nomme.ee\/eakate-paevakeskused\/wp-json\/wp\/v2\/types\/kalender"}],"version-history":[{"count":3,"href":"https:\/\/www.nomme.ee\/eakate-paevakeskused\/wp-json\/wp\/v2\/kalender\/1292\/revisions"}],"predecessor-version":[{"id":1297,"href":"https:\/\/www.nomme.ee\/eakate-paevakeskused\/wp-json\/wp\/v2\/kalender\/1292\/revisions\/1297"}],"wp:featuredmedia":[{"embeddable":true,"href":"https:\/\/www.nomme.ee\/eakate-paevakeskused\/wp-json\/wp\/v2\/media\/1294"}],"wp:attachment":[{"href":"https:\/\/www.nomme.ee\/eakate-paevakeskused\/wp-json\/wp\/v2\/media?parent=1292"}],"wp:term":[{"taxonomy":"kalender_kategooria","embeddable":true,"href":"https:\/\/www.nomme.ee\/eakate-paevakeskused\/wp-json\/wp\/v2\/kalender_kategooria?post=1292"}],"curies":[{"name":"wp","href":"https:\/\/api.w.org\/{rel}","templated":true}]}}

Rakvere teater ja õhtusöök Viitna kõrtsis

<ul>
<li>kell 15.00 väljasõit Valdeku 13 parklast</li>
<li>kell 16.00-17.30 Viitna kõrts</li>
<li>kell 19.00 etendus „Lihtsalt rõõmuks“</li>
<li>kell 21.30 koguneme bussi</li>
<li>umbes kell 23.00 jõuame Valdeku 13</li>
</ul>
<p>&nbsp;</p>
<p>Registreerimine kuni 15. jaanuar või kuni kohti jätkub.</p>
<p>Lisainfo 6723125 <u>tiina.karema@nomme.ee</u> või kabinetis 108</p>

<!-- This site is optimized with the Yoast SEO plugin v27.5 - https://yoast.com/product/yoast-seo-wordpress/ -->
<title>Rakvere teater ja õhtusöök Viitna kõrtsis &#8211; Päevakeskused</title>
<meta name="robots" content="index, follow, max-snippet:-1, max-image-preview:large, max-video-preview:-1" />
<link rel="canonical" href="https://www.nomme.ee/eakate-paevakeskused/kalender/rakvere-teater-ja-ohtusook-viitna-kortsis/" />
<meta property="og:locale" content="et_EE" />
<meta property="og:type" content="article" />
<meta property="og:title" content="Rakvere teater ja õhtusöök Viitna kõrtsis &#8211; Päevakeskused" />
<meta property="og:description" content="kell 15.00 väljasõit Valdeku 13 parklast kell 16.00-17.30 Viitna kõrts kell 19.00 etendus „Lihtsalt rõõmuks“ kell 21.30 koguneme bussi umbes kell 23.00 jõuame Valdeku 13 &nbsp; Registreerimine kuni 15. jaanuar või kuni kohti jätkub. Lisainfo 6723125 tiina.karema@nomme.ee või kabinetis 108" />
<meta property="og:url" content="https://www.nomme.ee/eakate-paevakeskused/kalender/rakvere-teater-ja-ohtusook-viitna-kortsis/" />
<meta property="og:site_name" content="Päevakeskused" />
<meta property="article:modified_time" content="2023-01-05T09:09:55+00:00" />
<meta property="og:image" content="https://www.nomme.ee/eakate-paevakeskused/wp-content/uploads/sites/2/2023/01/lihtsalt_100.jpg" />
	<meta property="og:image:width" content="1500" />
	<meta property="og:image:height" content="1000" />
	<meta property="og:image:type" content="image/jpeg" />
<meta name="twitter:card" content="summary_large_image" />
<meta name="twitter:label1" content="Est. reading time" />
	<meta name="twitter:data1" content="1 minut" />
<script type="application/ld+json" class="yoast-schema-graph">{"@context":"https:\/\/schema.org","@graph":[{"@type":"WebPage","@id":"https:\/\/www.nomme.ee\/eakate-paevakeskused\/kalender\/rakvere-teater-ja-ohtusook-viitna-kortsis\/","url":"https:\/\/www.nomme.ee\/eakate-paevakeskused\/kalender\/rakvere-teater-ja-ohtusook-viitna-kortsis\/","name":"Rakvere teater ja õhtusöök Viitna kõrtsis &#8211; Päevakeskused","isPartOf":{"@id":"https:\/\/www.nomme.ee\/eakate-paevakeskused\/#website"},"primaryImageOfPage":{"@id":"https:\/\/www.nomme.ee\/eakate-paevakeskused\/kalender\/rakvere-teater-ja-ohtusook-viitna-kortsis\/#primaryimage"},"image":{"@id":"https:\/\/www.nomme.ee\/eakate-paevakeskused\/kalender\/rakvere-teater-ja-ohtusook-viitna-kortsis\/#primaryimage"},"thumbnailUrl":"https:\/\/www.nomme.ee\/eakate-paevakeskused\/wp-content\/uploads\/sites\/2\/2023\/01\/lihtsalt_100.jpg","datePublished":"2023-01-04T13:26:05+00:00","dateModified":"2023-01-05T09:09:55+00:00","breadcrumb":{"@id":"https:\/\/www.nomme.ee\/eakate-paevakeskused\/kalender\/rakvere-teater-ja-ohtusook-viitna-kortsis\/#breadcrumb"},"inLanguage":"et","potentialAction":[{"@type":"ReadAction","target":["https:\/\/www.nomme.ee\/eakate-paevakeskused\/kalender\/rakvere-teater-ja-ohtusook-viitna-kortsis\/"]}]},{"@type":"ImageObject","inLanguage":"et","@id":"https:\/\/www.nomme.ee\/eakate-paevakeskused\/kalender\/rakvere-teater-ja-ohtusook-viitna-kortsis\/#primaryimage","url":"https:\/\/www.nomme.ee\/eakate-paevakeskused\/wp-content\/uploads\/sites\/2\/2023\/01\/lihtsalt_100.jpg","contentUrl":"https:\/\/www.nomme.ee\/eakate-paevakeskused\/wp-content\/uploads\/sites\/2\/2023\/01\/lihtsalt_100.jpg","width":1500,"height":1000},{"@type":"BreadcrumbList","@id":"https:\/\/www.nomme.ee\/eakate-paevakeskused\/kalender\/rakvere-teater-ja-ohtusook-viitna-kortsis\/#breadcrumb","itemListElement":[{"@type":"ListItem","position":1,"name":"Nõmme Vaba Aja Keskus","item":"https:\/\/www.nomme.ee"},{"@type":"ListItem","position":2,"name":"Päevakeskused","item":"https:\/\/www.nomme.ee\/eakate-paevakeskused\/"},{"@type":"ListItem","position":3,"name":"Sündmused","item":"https:\/\/www.nomme.ee\/eakate-paevakeskused\/kalender\/"},{"@type":"ListItem","position":4,"name":"Rakvere teater ja õhtusöök Viitna kõrtsis"}]},{"@type":"WebSite","@id":"https:\/\/www.nomme.ee\/eakate-paevakeskused\/#website","url":"https:\/\/www.nomme.ee\/eakate-paevakeskused\/","name":"Päevakeskused","description":"","potentialAction":[{"@type":"SearchAction","target":{"@type":"EntryPoint","urlTemplate":"https:\/\/www.nomme.ee\/eakate-paevakeskused\/?s={search_term_string}"},"query-input":{"@type":"PropertyValueSpecification","valueRequired":true,"valueName":"search_term_string"}}],"inLanguage":"et"}]}</script>
<!-- / Yoast SEO plugin. -->

Rakvere teater ja õhtusöök Viitna kõrtsis &#8211; Päevakeskused

kell 15.00 väljasõit Valdeku 13 parklast kell 16.00-17.30 Viitna kõrts kell 19.00 etendus „Lihtsalt rõõmuks“ kell 21.30 koguneme bussi umbes kell 23.00 jõuame Valdeku 13 &nbsp; Registreerimine kuni 15. jaanuar või kuni kohti jätkub. Lisainfo 6723125 tiina.karema@nomme.ee või kabinetis 108

Päevakeskused

Nõmme Vaba Aja Keskus

Sündmused
