{"id":94,"date":"2021-08-31T07:38:50","date_gmt":"2021-08-31T07:38:50","guid":{"rendered":"http:\/\/www.nomme.ee\/eakate-paevakeskused\/?page_id=94"},"modified":"2021-10-10T22:23:15","modified_gmt":"2021-10-10T22:23:15","slug":"kokandusring-juhendaja-eerika-ossaar","status":"publish","type":"page","link":"https:\/\/www.nomme.ee\/eakate-paevakeskused\/virtuaalne-keskus\/kokandusring-juhendaja-eerika-ossaar\/","title":{"rendered":"Kokandusring (juhendaja (Eerika Ossaar)"},"content":{"rendered":"<p>Kui tavap\u00e4raselt toimuvad kokandusringid N\u00f5mme Maja k\u00f6\u00f6gis, siis praegu on teil v\u00f5imalus piiluda meie juhendaja koduk\u00f6\u00f6ki ja valmistada m\u00f5ni p\u00f5nev roog enda kodus.<\/p>\n<h3>R\u00e4imed sinepikastmes<\/h3>\n<figure class=\"video-container\"><iframe loading=\"lazy\" title=\"R\u00e4imed sinepikastmes\" width=\"500\" height=\"281\" src=\"https:\/\/www.youtube.com\/embed\/CCOHaYUBUPo?feature=oembed\" frameborder=\"0\" allow=\"accelerometer; autoplay; clipboard-write; encrypted-media; gyroscope; picture-in-picture; web-share\" referrerpolicy=\"strict-origin-when-cross-origin\" allowfullscreen><\/iframe><\/figure>\n<p><a class=\"main-btn\" href=\"https:\/\/www.nomme.ee\/eakate-paevakeskused\/wp-content\/uploads\/sites\/2\/2021\/10\/Raimed-sinepikastmes.docx\" target=\"_blank\" rel=\"noopener\">Retsept<\/a><\/p>\n<hr \/>\n<h3>R\u00e4ime-kartulivorm<\/h3>\n<figure class=\"video-container\"><iframe loading=\"lazy\" title=\"R\u00e4ime-kartulivorm\" width=\"500\" height=\"281\" src=\"https:\/\/www.youtube.com\/embed\/yP8HR20kzqM?feature=oembed\" frameborder=\"0\" allow=\"accelerometer; autoplay; clipboard-write; encrypted-media; gyroscope; picture-in-picture; web-share\" referrerpolicy=\"strict-origin-when-cross-origin\" allowfullscreen><\/iframe><\/figure>\n<p><a class=\"main-btn\" href=\"https:\/\/www.nomme.ee\/eakate-paevakeskused\/wp-content\/uploads\/sites\/2\/2021\/10\/Raime-kartulivorm.docx\" target=\"_blank\" rel=\"noopener\">Retsept<\/a><\/p>\n<hr \/>\n<h3>Rabarberigalett<\/h3>\n<figure class=\"video-container\"><iframe loading=\"lazy\" title=\"Rabarberigalett\" width=\"500\" height=\"281\" src=\"https:\/\/www.youtube.com\/embed\/I6OsCHvDkow?feature=oembed\" frameborder=\"0\" allow=\"accelerometer; autoplay; clipboard-write; encrypted-media; gyroscope; picture-in-picture; web-share\" referrerpolicy=\"strict-origin-when-cross-origin\" allowfullscreen><\/iframe><\/figure>\n<p><a class=\"main-btn\" href=\"https:\/\/www.nomme.ee\/eakate-paevakeskused\/wp-content\/uploads\/sites\/2\/2021\/10\/Rabarberigalett.docx\" target=\"_blank\" rel=\"noopener\">Retsept<\/a><\/p>\n<hr \/>\n<h3>Potisai<\/h3>\n<figure class=\"video-container\"><iframe loading=\"lazy\" title=\"Potisai\" width=\"500\" height=\"281\" src=\"https:\/\/www.youtube.com\/embed\/O0OHgPzDfc8?feature=oembed\" frameborder=\"0\" allow=\"accelerometer; autoplay; clipboard-write; encrypted-media; gyroscope; picture-in-picture; web-share\" referrerpolicy=\"strict-origin-when-cross-origin\" allowfullscreen><\/iframe><\/figure>\n<p><a class=\"main-btn\" style=\"margin-right: 10px;\" href=\"https:\/\/www.nomme.ee\/eakate-paevakeskused\/wp-content\/uploads\/sites\/2\/2021\/10\/Potisai.docx\" target=\"_blank\" rel=\"noopener\">Retsept<\/a><a class=\"main-btn\" href=\"https:\/\/www.nomme.ee\/eakate-paevakeskused\/wp-content\/uploads\/sites\/2\/2021\/10\/POTISAI-RETSEPT-ver1.jpg\" target=\"_blank\" rel=\"noopener\">Retsept (jpg)<\/a><\/p>\n<hr \/>\n<h3>Meekook<\/h3>\n<figure class=\"video-container\"><iframe loading=\"lazy\" title=\"Meekook\" width=\"500\" height=\"281\" src=\"https:\/\/www.youtube.com\/embed\/Ft0ssA6anbI?feature=oembed\" frameborder=\"0\" allow=\"accelerometer; autoplay; clipboard-write; encrypted-media; gyroscope; picture-in-picture; web-share\" referrerpolicy=\"strict-origin-when-cross-origin\" allowfullscreen><\/iframe><\/figure>\n<p><a class=\"main-btn\" style=\"margin-right: 10px;\" href=\"https:\/\/www.nomme.ee\/eakate-paevakeskused\/wp-content\/uploads\/sites\/2\/2021\/10\/Meekook.docx\" target=\"_blank\" rel=\"noopener\">Retsept<\/a><a class=\"main-btn\" href=\"https:\/\/www.nomme.ee\/eakate-paevakeskused\/wp-content\/uploads\/sites\/2\/2021\/10\/MEEKOOK-RETSEPT-ver2.jpg\" target=\"_blank\" rel=\"noopener\">Retsept (jpg)<\/a><\/p>\n<hr \/>\n<h3>Munarull singi ja juustuga<\/h3>\n<figure class=\"video-container\"><iframe loading=\"lazy\" title=\"Munarull singi ja juustuga\" width=\"500\" height=\"281\" src=\"https:\/\/www.youtube.com\/embed\/FZVGFCrHrac?feature=oembed\" frameborder=\"0\" allow=\"accelerometer; autoplay; clipboard-write; encrypted-media; gyroscope; picture-in-picture; web-share\" referrerpolicy=\"strict-origin-when-cross-origin\" allowfullscreen><\/iframe><\/figure>\n<p><a class=\"main-btn\" style=\"margin-right: 10px;\" href=\"https:\/\/www.nomme.ee\/eakate-paevakeskused\/wp-content\/uploads\/sites\/2\/2021\/10\/Munarull-singi-ja-juustuga.docx\" target=\"_blank\" rel=\"noopener\">Retsept<\/a><a class=\"main-btn\" href=\"https:\/\/www.nomme.ee\/eakate-paevakeskused\/wp-content\/uploads\/sites\/2\/2021\/10\/MUNARULL-RETSEPT-ver3.jpg\" target=\"_blank\" rel=\"noopener\">Retsept (jpg)<\/a><\/p>\n<hr \/>\n<h3>Marineeritud mozzarella kirsid tomatisalatiga<\/h3>\n<figure class=\"video-container\"><iframe loading=\"lazy\" title=\"Marineeritud mozzarella kirsid tomatisalatiga\" width=\"500\" height=\"281\" src=\"https:\/\/www.youtube.com\/embed\/Ae3B6fQ2Ngk?feature=oembed\" frameborder=\"0\" allow=\"accelerometer; autoplay; clipboard-write; encrypted-media; gyroscope; picture-in-picture; web-share\" referrerpolicy=\"strict-origin-when-cross-origin\" allowfullscreen><\/iframe><\/figure>\n<p><a class=\"main-btn\" style=\"margin-right: 10px;\" href=\"https:\/\/www.nomme.ee\/eakate-paevakeskused\/wp-content\/uploads\/sites\/2\/2021\/10\/Marineeritud-mozzarella-kirsid-tomatisalatiga.docx\" target=\"_blank\" rel=\"noopener\">Retsept<\/a><a class=\"main-btn\" href=\"https:\/\/www.nomme.ee\/eakate-paevakeskused\/wp-content\/uploads\/sites\/2\/2021\/10\/SALATI-RETSEPT-ver3-1.jpg\" target=\"_blank\" rel=\"noopener\">Retsept (jpg)<\/a><\/p>\n","protected":false},"excerpt":{"rendered":"<p>Kui tavap\u00e4raselt toimuvad kokandusringid N\u00f5mme Maja k\u00f6\u00f6gis, siis praegu on teil v\u00f5imalus piiluda meie juhendaja koduk\u00f6\u00f6ki ja valmistada m\u00f5ni p\u00f5nev roog enda kodus. R\u00e4imed sinepikastmes Retsept R\u00e4ime-kartulivorm Retsept Rabarberigalett Retsept Potisai RetseptRetsept (jpg) Meekook RetseptRetsept (jpg) Munarull singi ja juustuga RetseptRetsept (jpg) Marineeritud mozzarella kirsid tomatisalatiga RetseptRetsept (jpg)<\/p>\n","protected":false},"author":1,"featured_media":0,"parent":91,"menu_order":10,"comment_status":"closed","ping_status":"closed","template":"","meta":{"_acf_changed":false,"footnotes":""},"class_list":["post-94","page","type-page","status-publish","hentry"],"acf":[],"yoast_head":"<!-- This site is optimized with the Yoast SEO plugin v27.5 - https:\/\/yoast.com\/product\/yoast-seo-wordpress\/ -->\n<title>Kokandusring (juhendaja (Eerika Ossaar) &#8211; P\u00e4evakeskused<\/title>\n<meta name=\"robots\" content=\"index, follow, max-snippet:-1, max-image-preview:large, max-video-preview:-1\" \/>\n<link rel=\"canonical\" href=\"https:\/\/www.nomme.ee\/eakate-paevakeskused\/virtuaalne-keskus\/kokandusring-juhendaja-eerika-ossaar\/\" \/>\n<meta property=\"og:locale\" content=\"et_EE\" \/>\n<meta property=\"og:type\" content=\"article\" \/>\n<meta property=\"og:title\" content=\"Kokandusring (juhendaja (Eerika Ossaar) &#8211; P\u00e4evakeskused\" \/>\n<meta property=\"og:description\" content=\"Kui tavap\u00e4raselt toimuvad kokandusringid N\u00f5mme Maja k\u00f6\u00f6gis, siis praegu on teil v\u00f5imalus piiluda meie juhendaja koduk\u00f6\u00f6ki ja valmistada m\u00f5ni p\u00f5nev roog enda kodus. R\u00e4imed sinepikastmes Retsept R\u00e4ime-kartulivorm Retsept Rabarberigalett Retsept Potisai RetseptRetsept (jpg) Meekook RetseptRetsept (jpg) Munarull singi ja juustuga RetseptRetsept (jpg) Marineeritud mozzarella kirsid tomatisalatiga RetseptRetsept (jpg)\" \/>\n<meta property=\"og:url\" content=\"https:\/\/www.nomme.ee\/eakate-paevakeskused\/virtuaalne-keskus\/kokandusring-juhendaja-eerika-ossaar\/\" \/>\n<meta property=\"og:site_name\" content=\"P\u00e4evakeskused\" \/>\n<meta property=\"article:modified_time\" content=\"2021-10-10T22:23:15+00:00\" \/>\n<meta name=\"twitter:card\" content=\"summary_large_image\" \/>\n<meta name=\"twitter:label1\" content=\"Est. reading time\" \/>\n\t<meta name=\"twitter:data1\" content=\"1 minut\" \/>\n<script type=\"application\/ld+json\" class=\"yoast-schema-graph\">{\"@context\":\"https:\\\/\\\/schema.org\",\"@graph\":[{\"@type\":\"WebPage\",\"@id\":\"https:\\\/\\\/www.nomme.ee\\\/eakate-paevakeskused\\\/virtuaalne-keskus\\\/kokandusring-juhendaja-eerika-ossaar\\\/\",\"url\":\"https:\\\/\\\/www.nomme.ee\\\/eakate-paevakeskused\\\/virtuaalne-keskus\\\/kokandusring-juhendaja-eerika-ossaar\\\/\",\"name\":\"Kokandusring (juhendaja (Eerika Ossaar) &#8211; P\u00e4evakeskused\",\"isPartOf\":{\"@id\":\"https:\\\/\\\/www.nomme.ee\\\/eakate-paevakeskused\\\/#website\"},\"datePublished\":\"2021-08-31T07:38:50+00:00\",\"dateModified\":\"2021-10-10T22:23:15+00:00\",\"breadcrumb\":{\"@id\":\"https:\\\/\\\/www.nomme.ee\\\/eakate-paevakeskused\\\/virtuaalne-keskus\\\/kokandusring-juhendaja-eerika-ossaar\\\/#breadcrumb\"},\"inLanguage\":\"et\",\"potentialAction\":[{\"@type\":\"ReadAction\",\"target\":[\"https:\\\/\\\/www.nomme.ee\\\/eakate-paevakeskused\\\/virtuaalne-keskus\\\/kokandusring-juhendaja-eerika-ossaar\\\/\"]}]},{\"@type\":\"BreadcrumbList\",\"@id\":\"https:\\\/\\\/www.nomme.ee\\\/eakate-paevakeskused\\\/virtuaalne-keskus\\\/kokandusring-juhendaja-eerika-ossaar\\\/#breadcrumb\",\"itemListElement\":[{\"@type\":\"ListItem\",\"position\":1,\"name\":\"N\u00f5mme Vaba Aja Keskus\",\"item\":\"https:\\\/\\\/www.nomme.ee\"},{\"@type\":\"ListItem\",\"position\":2,\"name\":\"P\u00e4evakeskused\",\"item\":\"https:\\\/\\\/www.nomme.ee\\\/eakate-paevakeskused\\\/\"},{\"@type\":\"ListItem\",\"position\":3,\"name\":\"Virtuaalne keskus\",\"item\":\"https:\\\/\\\/www.nomme.ee\\\/eakate-paevakeskused\\\/virtuaalne-keskus\\\/\"},{\"@type\":\"ListItem\",\"position\":4,\"name\":\"Kokandusring (juhendaja (Eerika Ossaar)\"}]},{\"@type\":\"WebSite\",\"@id\":\"https:\\\/\\\/www.nomme.ee\\\/eakate-paevakeskused\\\/#website\",\"url\":\"https:\\\/\\\/www.nomme.ee\\\/eakate-paevakeskused\\\/\",\"name\":\"P\u00e4evakeskused\",\"description\":\"\",\"potentialAction\":[{\"@type\":\"SearchAction\",\"target\":{\"@type\":\"EntryPoint\",\"urlTemplate\":\"https:\\\/\\\/www.nomme.ee\\\/eakate-paevakeskused\\\/?s={search_term_string}\"},\"query-input\":{\"@type\":\"PropertyValueSpecification\",\"valueRequired\":true,\"valueName\":\"search_term_string\"}}],\"inLanguage\":\"et\"}]}<\/script>\n<!-- \/ Yoast SEO plugin. -->","yoast_head_json":{"title":"Kokandusring (juhendaja (Eerika Ossaar) &#8211; P\u00e4evakeskused","robots":{"index":"index","follow":"follow","max-snippet":"max-snippet:-1","max-image-preview":"max-image-preview:large","max-video-preview":"max-video-preview:-1"},"canonical":"https:\/\/www.nomme.ee\/eakate-paevakeskused\/virtuaalne-keskus\/kokandusring-juhendaja-eerika-ossaar\/","og_locale":"et_EE","og_type":"article","og_title":"Kokandusring (juhendaja (Eerika Ossaar) &#8211; P\u00e4evakeskused","og_description":"Kui tavap\u00e4raselt toimuvad kokandusringid N\u00f5mme Maja k\u00f6\u00f6gis, siis praegu on teil v\u00f5imalus piiluda meie juhendaja koduk\u00f6\u00f6ki ja valmistada m\u00f5ni p\u00f5nev roog enda kodus. R\u00e4imed sinepikastmes Retsept R\u00e4ime-kartulivorm Retsept Rabarberigalett Retsept Potisai RetseptRetsept (jpg) Meekook RetseptRetsept (jpg) Munarull singi ja juustuga RetseptRetsept (jpg) Marineeritud mozzarella kirsid tomatisalatiga RetseptRetsept (jpg)","og_url":"https:\/\/www.nomme.ee\/eakate-paevakeskused\/virtuaalne-keskus\/kokandusring-juhendaja-eerika-ossaar\/","og_site_name":"P\u00e4evakeskused","article_modified_time":"2021-10-10T22:23:15+00:00","twitter_card":"summary_large_image","twitter_misc":{"Est. reading time":"1 minut"},"schema":{"@context":"https:\/\/schema.org","@graph":[{"@type":"WebPage","@id":"https:\/\/www.nomme.ee\/eakate-paevakeskused\/virtuaalne-keskus\/kokandusring-juhendaja-eerika-ossaar\/","url":"https:\/\/www.nomme.ee\/eakate-paevakeskused\/virtuaalne-keskus\/kokandusring-juhendaja-eerika-ossaar\/","name":"Kokandusring (juhendaja (Eerika Ossaar) &#8211; P\u00e4evakeskused","isPartOf":{"@id":"https:\/\/www.nomme.ee\/eakate-paevakeskused\/#website"},"datePublished":"2021-08-31T07:38:50+00:00","dateModified":"2021-10-10T22:23:15+00:00","breadcrumb":{"@id":"https:\/\/www.nomme.ee\/eakate-paevakeskused\/virtuaalne-keskus\/kokandusring-juhendaja-eerika-ossaar\/#breadcrumb"},"inLanguage":"et","potentialAction":[{"@type":"ReadAction","target":["https:\/\/www.nomme.ee\/eakate-paevakeskused\/virtuaalne-keskus\/kokandusring-juhendaja-eerika-ossaar\/"]}]},{"@type":"BreadcrumbList","@id":"https:\/\/www.nomme.ee\/eakate-paevakeskused\/virtuaalne-keskus\/kokandusring-juhendaja-eerika-ossaar\/#breadcrumb","itemListElement":[{"@type":"ListItem","position":1,"name":"N\u00f5mme Vaba Aja Keskus","item":"https:\/\/www.nomme.ee"},{"@type":"ListItem","position":2,"name":"P\u00e4evakeskused","item":"https:\/\/www.nomme.ee\/eakate-paevakeskused\/"},{"@type":"ListItem","position":3,"name":"Virtuaalne keskus","item":"https:\/\/www.nomme.ee\/eakate-paevakeskused\/virtuaalne-keskus\/"},{"@type":"ListItem","position":4,"name":"Kokandusring (juhendaja (Eerika Ossaar)"}]},{"@type":"WebSite","@id":"https:\/\/www.nomme.ee\/eakate-paevakeskused\/#website","url":"https:\/\/www.nomme.ee\/eakate-paevakeskused\/","name":"P\u00e4evakeskused","description":"","potentialAction":[{"@type":"SearchAction","target":{"@type":"EntryPoint","urlTemplate":"https:\/\/www.nomme.ee\/eakate-paevakeskused\/?s={search_term_string}"},"query-input":{"@type":"PropertyValueSpecification","valueRequired":true,"valueName":"search_term_string"}}],"inLanguage":"et"}]}},"_links":{"self":[{"href":"https:\/\/www.nomme.ee\/eakate-paevakeskused\/wp-json\/wp\/v2\/pages\/94","targetHints":{"allow":["GET"]}}],"collection":[{"href":"https:\/\/www.nomme.ee\/eakate-paevakeskused\/wp-json\/wp\/v2\/pages"}],"about":[{"href":"https:\/\/www.nomme.ee\/eakate-paevakeskused\/wp-json\/wp\/v2\/types\/page"}],"author":[{"embeddable":true,"href":"https:\/\/www.nomme.ee\/eakate-paevakeskused\/wp-json\/wp\/v2\/users\/1"}],"replies":[{"embeddable":true,"href":"https:\/\/www.nomme.ee\/eakate-paevakeskused\/wp-json\/wp\/v2\/comments?post=94"}],"version-history":[{"count":19,"href":"https:\/\/www.nomme.ee\/eakate-paevakeskused\/wp-json\/wp\/v2\/pages\/94\/revisions"}],"predecessor-version":[{"id":301,"href":"https:\/\/www.nomme.ee\/eakate-paevakeskused\/wp-json\/wp\/v2\/pages\/94\/revisions\/301"}],"up":[{"embeddable":true,"href":"https:\/\/www.nomme.ee\/eakate-paevakeskused\/wp-json\/wp\/v2\/pages\/91"}],"wp:attachment":[{"href":"https:\/\/www.nomme.ee\/eakate-paevakeskused\/wp-json\/wp\/v2\/media?parent=94"}],"curies":[{"name":"wp","href":"https:\/\/api.w.org\/{rel}","templated":true}]}}