{"id":65,"date":"2021-08-17T10:40:54","date_gmt":"2021-08-17T10:40:54","guid":{"rendered":"http:\/\/www.nomme.ee\/paaskula-noortekeskus\/?page_id=65"},"modified":"2026-01-12T09:13:49","modified_gmt":"2026-01-12T09:13:49","slug":"kodukord","status":"publish","type":"page","link":"https:\/\/www.nomme.ee\/paaskula-noortekeskus\/kodukord\/","title":{"rendered":"Kodukord"},"content":{"rendered":"<h3 data-start=\"181\" data-end=\"220\"><strong data-start=\"185\" data-end=\"220\">P\u00e4\u00e4sk\u00fcla noortekeskuse ja Skatepargi kodukord<\/strong><\/h3>\n<ul>\n<li>Keskusesse on oodatud k\u00f5ik noored \u2013 olenemata soost, rahvusest, seksuaalsest s\u00e4ttumusest, usutunnistusest, erivajadustest v\u00f5i muudest isikuomadustest. Oluline on, et meie k\u00e4itumine ei ohustaks ei ennast ega teisi.<\/li>\n<\/ul>\n<ul data-start=\"222\" data-end=\"2008\">\n<li data-start=\"222\" data-end=\"276\">\n<p data-start=\"224\" data-end=\"276\">Noortekeskusesse tulles m\u00e4rgin end logiraamatusse.<\/p>\n<\/li>\n<li data-start=\"277\" data-end=\"383\">\n<p data-start=\"279\" data-end=\"383\">Kasutan m\u00e4ngu- ja muud vahendid heaperemehelikult ning panen need p\u00e4rast kasutamist oma kohale tagasi.<\/p>\n<\/li>\n<li data-start=\"384\" data-end=\"448\">\n<p data-start=\"386\" data-end=\"448\">Olen viisakas ja abivalmis teiste noorte ja t\u00f6\u00f6tajate vastu.<\/p>\n<\/li>\n<li data-start=\"449\" data-end=\"498\">\n<p data-start=\"451\" data-end=\"498\">Suhtlen lugupidavalt ning v\u00e4ldin ropendamist.<\/p>\n<\/li>\n<li data-start=\"499\" data-end=\"571\">\n<p data-start=\"501\" data-end=\"571\">Hoolitsen oma isiklike asjade eest ise (nt mobiiltelefon, rahakott).<\/p>\n<\/li>\n<li data-start=\"572\" data-end=\"627\">\n<p data-start=\"574\" data-end=\"627\">Koristan enda j\u00e4relt ja aitan hoida ruumid puhtana. Meie noortekeskuses sorteerime pr\u00fcgi.<\/p>\n<\/li>\n<li data-start=\"628\" data-end=\"726\">\n<p data-start=\"630\" data-end=\"726\">Muusikat valides arvestan teiste soovide ja kuulajate mugavusega (nt loo sisu ja helitugevus).<\/p>\n<\/li>\n<li data-start=\"727\" data-end=\"863\">\n<p data-start=\"729\" data-end=\"863\">Pildistamine on lubatud vaid siis, kui k\u00f5igile osapooltele on see okei<\/p>\n<\/li>\n<li data-start=\"864\" data-end=\"959\">\n<p data-start=\"866\" data-end=\"959\">Kui m\u00e4rkan ohtu (nt tulekahju, veekahjustus vm), annan sellest kohe teada noorsoot\u00f6\u00f6tajale.<\/p>\n<\/li>\n<li data-start=\"960\" data-end=\"1030\">\n<p data-start=\"962\" data-end=\"1030\">V\u00f5\u00f5raid esemeid ei vii koju \u2013 leitud asjad annan noorsoot\u00f6\u00f6tajale.<\/p>\n<\/li>\n<li data-start=\"1031\" data-end=\"1170\">\n<p data-start=\"1033\" data-end=\"1170\">Kui rikun, l\u00f5hun v\u00f5i kaotan keskuse vara, aitan selle asendada v\u00f5i h\u00fcvitada.<\/p>\n<\/li>\n<li data-start=\"1171\" data-end=\"1397\">\n<p data-start=\"1173\" data-end=\"1397\">Alkoholi, narkootikumide, tubakatoodete (nt mokatubakas, e-sigaretid, nikotiinipadjad) ning energiajookide ja alkoholivabade siidrite v\u00f5i \u00f5lle tarbimine v\u00f5i kaasas kandmine ei ole keskuses ega selle territooriumil lubatud.<\/p>\n<\/li>\n<li data-start=\"1398\" data-end=\"1457\">\n<p data-start=\"1400\" data-end=\"1457\">Noortekeskuses viibin ainult kaine ja selge m\u00f5istusega.<\/p>\n<\/li>\n<li data-start=\"1398\" data-end=\"1457\">Rulapargis on piiranguks 20 inimest, mitte ainult 20 inimest sisse s\u00f5ites, vaid ka 20 inimest hallis sees.<\/li>\n<li data-start=\"1458\" data-end=\"1526\">\n<p data-start=\"1460\" data-end=\"1526\">K\u00fclmrelvade (nt taskunoa) toomine noortekeskusesse ei ole sobiv.<\/p>\n<\/li>\n<li data-start=\"1527\" data-end=\"1593\">\n<p data-start=\"1529\" data-end=\"1593\">Mure v\u00f5i k\u00fcsimuse korral p\u00f6\u00f6rdun julgelt noorsoot\u00f6\u00f6taja poole.<\/p>\n<\/li>\n<li data-start=\"1905\" data-end=\"2008\">\n<p data-start=\"1907\" data-end=\"2008\">Tule noortekeskusesse siis, kui oled terve \u2013 kui sul on nohu, k\u00f6ha v\u00f5i muud haigusn\u00e4hud, puhka kodus.<\/p>\n<\/li>\n<li>Noorsoot\u00f6\u00f6taja v\u00f5ib vajadusel kehtestada lisareegleid, mida pole siin nimekirjas kirjas.<\/li>\n<li>T\u00e4iskasvanud, kes kasutavad skateparki, peavad samuti j\u00e4rgima noortekeskuse reegleid.<\/li>\n<li>T\u00e4iskasvanud, noored v\u00f5i k\u00fclastajad, kes reegleid ei j\u00e4rgi, palub noorsoot\u00f6\u00f6taja lahkuda.<\/li>\n<\/ul>\n","protected":false},"excerpt":{"rendered":"<p>P\u00e4\u00e4sk\u00fcla noortekeskuse ja Skatepargi kodukord Keskusesse on oodatud k\u00f5ik noored \u2013 olenemata soost, rahvusest, seksuaalsest s\u00e4ttumusest, usutunnistusest, erivajadustest v\u00f5i muudest isikuomadustest. Oluline on, et meie k\u00e4itumine ei ohustaks ei ennast ega teisi. Noortekeskusesse tulles m\u00e4rgin end logiraamatusse. Kasutan m\u00e4ngu- ja muud vahendid heaperemehelikult ning panen need p\u00e4rast kasutamist oma kohale tagasi. Olen viisakas ja abivalmis [&hellip;]<\/p>\n","protected":false},"author":1,"featured_media":0,"parent":0,"menu_order":0,"comment_status":"closed","ping_status":"closed","template":"","meta":{"_acf_changed":false,"footnotes":""},"class_list":["post-65","page","type-page","status-publish","hentry"],"acf":[],"yoast_head":"<!-- This site is optimized with the Yoast SEO plugin v27.5 - https:\/\/yoast.com\/product\/yoast-seo-wordpress\/ -->\n<title>Kodukord &#8211; P\u00e4\u00e4sk\u00fcla noortekeskus<\/title>\n<meta name=\"robots\" content=\"index, follow, max-snippet:-1, max-image-preview:large, max-video-preview:-1\" \/>\n<link rel=\"canonical\" href=\"https:\/\/www.nomme.ee\/paaskula-noortekeskus\/kodukord\/\" \/>\n<meta property=\"og:locale\" content=\"et_EE\" \/>\n<meta property=\"og:type\" content=\"article\" \/>\n<meta property=\"og:title\" content=\"Kodukord &#8211; P\u00e4\u00e4sk\u00fcla noortekeskus\" \/>\n<meta property=\"og:description\" content=\"P\u00e4\u00e4sk\u00fcla noortekeskuse ja Skatepargi kodukord Keskusesse on oodatud k\u00f5ik noored \u2013 olenemata soost, rahvusest, seksuaalsest s\u00e4ttumusest, usutunnistusest, erivajadustest v\u00f5i muudest isikuomadustest. Oluline on, et meie k\u00e4itumine ei ohustaks ei ennast ega teisi. Noortekeskusesse tulles m\u00e4rgin end logiraamatusse. Kasutan m\u00e4ngu- ja muud vahendid heaperemehelikult ning panen need p\u00e4rast kasutamist oma kohale tagasi. Olen viisakas ja abivalmis [&hellip;]\" \/>\n<meta property=\"og:url\" content=\"https:\/\/www.nomme.ee\/paaskula-noortekeskus\/kodukord\/\" \/>\n<meta property=\"og:site_name\" content=\"P\u00e4\u00e4sk\u00fcla noortekeskus\" \/>\n<meta property=\"article:modified_time\" content=\"2026-01-12T09:13:49+00:00\" \/>\n<meta name=\"twitter:card\" content=\"summary_large_image\" \/>\n<meta name=\"twitter:label1\" content=\"Est. reading time\" \/>\n\t<meta name=\"twitter:data1\" content=\"2 minutit\" \/>\n<script type=\"application\/ld+json\" class=\"yoast-schema-graph\">{\"@context\":\"https:\\\/\\\/schema.org\",\"@graph\":[{\"@type\":\"WebPage\",\"@id\":\"https:\\\/\\\/www.nomme.ee\\\/paaskula-noortekeskus\\\/kodukord\\\/\",\"url\":\"https:\\\/\\\/www.nomme.ee\\\/paaskula-noortekeskus\\\/kodukord\\\/\",\"name\":\"Kodukord &#8211; P\u00e4\u00e4sk\u00fcla noortekeskus\",\"isPartOf\":{\"@id\":\"https:\\\/\\\/www.nomme.ee\\\/paaskula-noortekeskus\\\/#website\"},\"datePublished\":\"2021-08-17T10:40:54+00:00\",\"dateModified\":\"2026-01-12T09:13:49+00:00\",\"breadcrumb\":{\"@id\":\"https:\\\/\\\/www.nomme.ee\\\/paaskula-noortekeskus\\\/kodukord\\\/#breadcrumb\"},\"inLanguage\":\"et\",\"potentialAction\":[{\"@type\":\"ReadAction\",\"target\":[\"https:\\\/\\\/www.nomme.ee\\\/paaskula-noortekeskus\\\/kodukord\\\/\"]}]},{\"@type\":\"BreadcrumbList\",\"@id\":\"https:\\\/\\\/www.nomme.ee\\\/paaskula-noortekeskus\\\/kodukord\\\/#breadcrumb\",\"itemListElement\":[{\"@type\":\"ListItem\",\"position\":1,\"name\":\"N\u00f5mme Vaba Aja Keskus\",\"item\":\"https:\\\/\\\/www.nomme.ee\"},{\"@type\":\"ListItem\",\"position\":2,\"name\":\"P\u00e4\u00e4sk\u00fcla noortekeskus\",\"item\":\"https:\\\/\\\/www.nomme.ee\\\/paaskula-noortekeskus\\\/\"},{\"@type\":\"ListItem\",\"position\":3,\"name\":\"Kodukord\"}]},{\"@type\":\"WebSite\",\"@id\":\"https:\\\/\\\/www.nomme.ee\\\/paaskula-noortekeskus\\\/#website\",\"url\":\"https:\\\/\\\/www.nomme.ee\\\/paaskula-noortekeskus\\\/\",\"name\":\"P\u00e4\u00e4sk\u00fcla noortekeskus\",\"description\":\"\",\"potentialAction\":[{\"@type\":\"SearchAction\",\"target\":{\"@type\":\"EntryPoint\",\"urlTemplate\":\"https:\\\/\\\/www.nomme.ee\\\/paaskula-noortekeskus\\\/?s={search_term_string}\"},\"query-input\":{\"@type\":\"PropertyValueSpecification\",\"valueRequired\":true,\"valueName\":\"search_term_string\"}}],\"inLanguage\":\"et\"}]}<\/script>\n<!-- \/ Yoast SEO plugin. -->","yoast_head_json":{"title":"Kodukord &#8211; P\u00e4\u00e4sk\u00fcla noortekeskus","robots":{"index":"index","follow":"follow","max-snippet":"max-snippet:-1","max-image-preview":"max-image-preview:large","max-video-preview":"max-video-preview:-1"},"canonical":"https:\/\/www.nomme.ee\/paaskula-noortekeskus\/kodukord\/","og_locale":"et_EE","og_type":"article","og_title":"Kodukord &#8211; P\u00e4\u00e4sk\u00fcla noortekeskus","og_description":"P\u00e4\u00e4sk\u00fcla noortekeskuse ja Skatepargi kodukord Keskusesse on oodatud k\u00f5ik noored \u2013 olenemata soost, rahvusest, seksuaalsest s\u00e4ttumusest, usutunnistusest, erivajadustest v\u00f5i muudest isikuomadustest. Oluline on, et meie k\u00e4itumine ei ohustaks ei ennast ega teisi. Noortekeskusesse tulles m\u00e4rgin end logiraamatusse. Kasutan m\u00e4ngu- ja muud vahendid heaperemehelikult ning panen need p\u00e4rast kasutamist oma kohale tagasi. Olen viisakas ja abivalmis [&hellip;]","og_url":"https:\/\/www.nomme.ee\/paaskula-noortekeskus\/kodukord\/","og_site_name":"P\u00e4\u00e4sk\u00fcla noortekeskus","article_modified_time":"2026-01-12T09:13:49+00:00","twitter_card":"summary_large_image","twitter_misc":{"Est. reading time":"2 minutit"},"schema":{"@context":"https:\/\/schema.org","@graph":[{"@type":"WebPage","@id":"https:\/\/www.nomme.ee\/paaskula-noortekeskus\/kodukord\/","url":"https:\/\/www.nomme.ee\/paaskula-noortekeskus\/kodukord\/","name":"Kodukord &#8211; P\u00e4\u00e4sk\u00fcla noortekeskus","isPartOf":{"@id":"https:\/\/www.nomme.ee\/paaskula-noortekeskus\/#website"},"datePublished":"2021-08-17T10:40:54+00:00","dateModified":"2026-01-12T09:13:49+00:00","breadcrumb":{"@id":"https:\/\/www.nomme.ee\/paaskula-noortekeskus\/kodukord\/#breadcrumb"},"inLanguage":"et","potentialAction":[{"@type":"ReadAction","target":["https:\/\/www.nomme.ee\/paaskula-noortekeskus\/kodukord\/"]}]},{"@type":"BreadcrumbList","@id":"https:\/\/www.nomme.ee\/paaskula-noortekeskus\/kodukord\/#breadcrumb","itemListElement":[{"@type":"ListItem","position":1,"name":"N\u00f5mme Vaba Aja Keskus","item":"https:\/\/www.nomme.ee"},{"@type":"ListItem","position":2,"name":"P\u00e4\u00e4sk\u00fcla noortekeskus","item":"https:\/\/www.nomme.ee\/paaskula-noortekeskus\/"},{"@type":"ListItem","position":3,"name":"Kodukord"}]},{"@type":"WebSite","@id":"https:\/\/www.nomme.ee\/paaskula-noortekeskus\/#website","url":"https:\/\/www.nomme.ee\/paaskula-noortekeskus\/","name":"P\u00e4\u00e4sk\u00fcla noortekeskus","description":"","potentialAction":[{"@type":"SearchAction","target":{"@type":"EntryPoint","urlTemplate":"https:\/\/www.nomme.ee\/paaskula-noortekeskus\/?s={search_term_string}"},"query-input":{"@type":"PropertyValueSpecification","valueRequired":true,"valueName":"search_term_string"}}],"inLanguage":"et"}]}},"_links":{"self":[{"href":"https:\/\/www.nomme.ee\/paaskula-noortekeskus\/wp-json\/wp\/v2\/pages\/65","targetHints":{"allow":["GET"]}}],"collection":[{"href":"https:\/\/www.nomme.ee\/paaskula-noortekeskus\/wp-json\/wp\/v2\/pages"}],"about":[{"href":"https:\/\/www.nomme.ee\/paaskula-noortekeskus\/wp-json\/wp\/v2\/types\/page"}],"author":[{"embeddable":true,"href":"https:\/\/www.nomme.ee\/paaskula-noortekeskus\/wp-json\/wp\/v2\/users\/1"}],"replies":[{"embeddable":true,"href":"https:\/\/www.nomme.ee\/paaskula-noortekeskus\/wp-json\/wp\/v2\/comments?post=65"}],"version-history":[{"count":9,"href":"https:\/\/www.nomme.ee\/paaskula-noortekeskus\/wp-json\/wp\/v2\/pages\/65\/revisions"}],"predecessor-version":[{"id":1418,"href":"https:\/\/www.nomme.ee\/paaskula-noortekeskus\/wp-json\/wp\/v2\/pages\/65\/revisions\/1418"}],"wp:attachment":[{"href":"https:\/\/www.nomme.ee\/paaskula-noortekeskus\/wp-json\/wp\/v2\/media?parent=65"}],"curies":[{"name":"wp","href":"https:\/\/api.w.org\/{rel}","templated":true}]}}