{"version":"1.0","provider_name":"Valdeku noortekeskus","provider_url":"https:\/\/www.nomme.ee\/valdeku-noortekeskus","author_name":"asso","author_url":"https:\/\/www.nomme.ee\/valdeku-noortekeskus\/author\/asso\/","title":"Estelle's week &#8211; Valdeku noortekeskus","type":"rich","width":600,"height":338,"html":"<blockquote class=\"wp-embedded-content\" data-secret=\"PC9lE0KPen\"><a href=\"https:\/\/www.nomme.ee\/valdeku-noortekeskus\/kalender\/estelles-week\/\">Estelle&#8217;s week<\/a><\/blockquote><iframe sandbox=\"allow-scripts\" security=\"restricted\" src=\"https:\/\/www.nomme.ee\/valdeku-noortekeskus\/kalender\/estelles-week\/embed\/#?secret=PC9lE0KPen\" width=\"600\" height=\"338\" title=\"&#8220;Estelle&#8217;s week&#8221; &#8212; Valdeku noortekeskus\" data-secret=\"PC9lE0KPen\" frameborder=\"0\" marginwidth=\"0\" marginheight=\"0\" scrolling=\"no\" class=\"wp-embedded-content\"><\/iframe><script type=\"text\/javascript\">\n\/* <![CDATA[ *\/\n\/*! This file is auto-generated *\/\n!function(d,l){\"use strict\";l.querySelector&&d.addEventListener&&\"undefined\"!=typeof URL&&(d.wp=d.wp||{},d.wp.receiveEmbedMessage||(d.wp.receiveEmbedMessage=function(e){var t=e.data;if((t||t.secret||t.message||t.value)&&!\/[^a-zA-Z0-9]\/.test(t.secret)){for(var s,r,n,a=l.querySelectorAll('iframe[data-secret=\"'+t.secret+'\"]'),o=l.querySelectorAll('blockquote[data-secret=\"'+t.secret+'\"]'),c=new RegExp(\"^https?:$\",\"i\"),i=0;i<o.length;i++)o[i].style.display=\"none\";for(i=0;i<a.length;i++)s=a[i],e.source===s.contentWindow&&(s.removeAttribute(\"style\"),\"height\"===t.message?(1e3<(r=parseInt(t.value,10))?r=1e3:~~r<200&&(r=200),s.height=r):\"link\"===t.message&&(r=new URL(s.getAttribute(\"src\")),n=new URL(t.value),c.test(n.protocol))&&n.host===r.host&&l.activeElement===s&&(d.top.location.href=t.value))}},d.addEventListener(\"message\",d.wp.receiveEmbedMessage,!1),l.addEventListener(\"DOMContentLoaded\",function(){for(var e,t,s=l.querySelectorAll(\"iframe.wp-embedded-content\"),r=0;r<s.length;r++)(t=(e=s[r]).getAttribute(\"data-secret\"))||(t=Math.random().toString(36).substring(2,12),e.src+=\"#?secret=\"+t,e.setAttribute(\"data-secret\",t)),e.contentWindow.postMessage({message:\"ready\",secret:t},\"*\")},!1)))}(window,document);\n\/\/# sourceURL=https:\/\/www.nomme.ee\/valdeku-noortekeskus\/wp-includes\/js\/wp-embed.min.js\n\/* ]]> *\/\n<\/script>\n","thumbnail_url":"https:\/\/www.nomme.ee\/valdeku-noortekeskus\/wp-content\/uploads\/sites\/3\/2022\/10\/Estelles-week.png","thumbnail_width":1414,"thumbnail_height":2000,"description":"V\u00f5rratu Estelle on meiega olnud noortekeskuses juba terve kuu. Ta on \u00f5ppinud \u00e4ra suurema osa lauam\u00e4nge, saanud tuttavaks ja loonud kontaktid meie noortega ning kohanenud meie keskuse ja Eestiga laiemalt. N\u00fc\u00fcd on aeg temaga veelgi rohkem tuttavaks saada ja anda talle ka v\u00f5imalus korraldada ja sisustada \u00fcks noortekeskuse n\u00e4dal. Ta tutvustab meile ennast, Prantsusmaad ja [&hellip;]"}

Võrratu Estelle on meiega olnud noortekeskuses juba terve kuu. Ta on õppinud ära suurema osa lauamänge, saanud tuttavaks ja loonud kontaktid meie noortega ning kohanenud meie keskuse ja Eestiga laiemalt. Nüüd on aeg temaga veelgi rohkem tuttavaks saada ja anda talle ka võimalus korraldada ja sisustada üks noortekeskuse nädal. Ta tutvustab meile ennast, Prantsusmaad ja [&hellip;]
