{"version":"1.0","provider_name":"Valdeku noortekeskus","provider_url":"https:\/\/www.nomme.ee\/valdeku-noortekeskus","author_name":"evely","author_url":"https:\/\/www.nomme.ee\/valdeku-noortekeskus\/author\/evely\/","title":"V\u00e4ljaanded meist 2023 aastal &#8211; Valdeku noortekeskus","type":"rich","width":600,"height":338,"html":"<blockquote class=\"wp-embedded-content\" data-secret=\"w9pjpaae7P\"><a href=\"https:\/\/www.nomme.ee\/valdeku-noortekeskus\/valjaanded-meist-2023-aastal\/\">V\u00e4ljaanded meist 2023 aastal<\/a><\/blockquote><iframe sandbox=\"allow-scripts\" security=\"restricted\" src=\"https:\/\/www.nomme.ee\/valdeku-noortekeskus\/valjaanded-meist-2023-aastal\/embed\/#?secret=w9pjpaae7P\" width=\"600\" height=\"338\" title=\"&#8220;V\u00e4ljaanded meist 2023 aastal&#8221; &#8212; Valdeku noortekeskus\" data-secret=\"w9pjpaae7P\" frameborder=\"0\" marginwidth=\"0\" marginheight=\"0\" scrolling=\"no\" class=\"wp-embedded-content\"><\/iframe><script type=\"text\/javascript\">\n\/* <![CDATA[ *\/\n\/*! This file is auto-generated *\/\n!function(d,l){\"use strict\";l.querySelector&&d.addEventListener&&\"undefined\"!=typeof URL&&(d.wp=d.wp||{},d.wp.receiveEmbedMessage||(d.wp.receiveEmbedMessage=function(e){var t=e.data;if((t||t.secret||t.message||t.value)&&!\/[^a-zA-Z0-9]\/.test(t.secret)){for(var s,r,n,a=l.querySelectorAll('iframe[data-secret=\"'+t.secret+'\"]'),o=l.querySelectorAll('blockquote[data-secret=\"'+t.secret+'\"]'),c=new RegExp(\"^https?:$\",\"i\"),i=0;i<o.length;i++)o[i].style.display=\"none\";for(i=0;i<a.length;i++)s=a[i],e.source===s.contentWindow&&(s.removeAttribute(\"style\"),\"height\"===t.message?(1e3<(r=parseInt(t.value,10))?r=1e3:~~r<200&&(r=200),s.height=r):\"link\"===t.message&&(r=new URL(s.getAttribute(\"src\")),n=new URL(t.value),c.test(n.protocol))&&n.host===r.host&&l.activeElement===s&&(d.top.location.href=t.value))}},d.addEventListener(\"message\",d.wp.receiveEmbedMessage,!1),l.addEventListener(\"DOMContentLoaded\",function(){for(var e,t,s=l.querySelectorAll(\"iframe.wp-embedded-content\"),r=0;r<s.length;r++)(t=(e=s[r]).getAttribute(\"data-secret\"))||(t=Math.random().toString(36).substring(2,12),e.src+=\"#?secret=\"+t,e.setAttribute(\"data-secret\",t)),e.contentWindow.postMessage({message:\"ready\",secret:t},\"*\")},!1)))}(window,document);\n\/\/# sourceURL=https:\/\/www.nomme.ee\/valdeku-noortekeskus\/wp-includes\/js\/wp-embed.min.js\n\/* ]]> *\/\n<\/script>\n","thumbnail_url":"https:\/\/www.nomme.ee\/valdeku-noortekeskus\/wp-content\/uploads\/sites\/3\/2023\/12\/PXL_20230120_111018721-scaled.jpg","thumbnail_width":1440,"thumbnail_height":2560,"description":"2023 aastal oleme kogu Valdeku Noortekeskuse tiimiga aktiivselt panustanud sellesse, et meid ennast, noortekeskusi ja noorsoot\u00f6\u00f6d laiemalt m\u00e4rgataks ja m\u00f5istetaks paremini. Seep\u00e4rast oleme kaasa l\u00f6\u00f6nud podcastides, kirjutanud artikleid ja olnud pildis nii palju kui see meie jaoks ajaliselt v\u00f5imalik on nii, et meie p\u00f5hit\u00f6\u00f6 kannatama ei peaks. Oleme p\u00e4ris uhked seni tehtu \u00fcle ja m\u00f5tlesime [&hellip;]"}

Väljaanded meist 2023 aastal &#8211; Valdeku noortekeskus

<blockquote class="wp-embedded-content" data-secret="w9pjpaae7P"><a href="https://www.nomme.ee/valdeku-noortekeskus/valjaanded-meist-2023-aastal/">Väljaanded meist 2023 aastal</a></blockquote><iframe sandbox="allow-scripts" security="restricted" src="https://www.nomme.ee/valdeku-noortekeskus/valjaanded-meist-2023-aastal/embed/#?secret=w9pjpaae7P" width="600" height="338" title="&#8220;Väljaanded meist 2023 aastal&#8221; &#8212; Valdeku noortekeskus" data-secret="w9pjpaae7P" frameborder="0" marginwidth="0" marginheight="0" scrolling="no" class="wp-embedded-content"></iframe><script type="text/javascript">
/* <![CDATA[ */
/*! This file is auto-generated */
!function(d,l){"use strict";l.querySelector&&d.addEventListener&&"undefined"!=typeof URL&&(d.wp=d.wp||{},d.wp.receiveEmbedMessage||(d.wp.receiveEmbedMessage=function(e){var t=e.data;if((t||t.secret||t.message||t.value)&&!/[^a-zA-Z0-9]/.test(t.secret)){for(var s,r,n,a=l.querySelectorAll('iframe[data-secret="'+t.secret+'"]'),o=l.querySelectorAll('blockquote[data-secret="'+t.secret+'"]'),c=new RegExp("^https?:$","i"),i=0;i<o.length;i++)o[i].style.display="none";for(i=0;i<a.length;i++)s=a[i],e.source===s.contentWindow&&(s.removeAttribute("style"),"height"===t.message?(1e3<(r=parseInt(t.value,10))?r=1e3:~~r<200&&(r=200),s.height=r):"link"===t.message&&(r=new URL(s.getAttribute("src")),n=new URL(t.value),c.test(n.protocol))&&n.host===r.host&&l.activeElement===s&&(d.top.location.href=t.value))}},d.addEventListener("message",d.wp.receiveEmbedMessage,!1),l.addEventListener("DOMContentLoaded",function(){for(var e,t,s=l.querySelectorAll("iframe.wp-embedded-content"),r=0;r<s.length;r++)(t=(e=s[r]).getAttribute("data-secret"))||(t=Math.random().toString(36).substring(2,12),e.src+="#?secret="+t,e.setAttribute("data-secret",t)),e.contentWindow.postMessage({message:"ready",secret:t},"*")},!1)))}(window,document);
//# sourceURL=https://www.nomme.ee/valdeku-noortekeskus/wp-includes/js/wp-embed.min.js
/* ]]> */
</script>

2023 aastal oleme kogu Valdeku Noortekeskuse tiimiga aktiivselt panustanud sellesse, et meid ennast, noortekeskusi ja noorsootööd laiemalt märgataks ja mõistetaks paremini. Seepärast oleme kaasa löönud podcastides, kirjutanud artikleid ja olnud pildis nii palju kui see meie jaoks ajaliselt võimalik on nii, et meie põhitöö kannatama ei peaks. Oleme päris uhked seni tehtu üle ja mõtlesime [&hellip;]
