{"id":1675,"date":"2024-11-25T11:38:53","date_gmt":"2024-11-25T11:38:53","guid":{"rendered":"https:\/\/www.nomme.ee\/valdeku-noortekeskus\/?post_type=kalender&#038;p=1675"},"modified":"2024-11-25T11:38:53","modified_gmt":"2024-11-25T11:38:53","slug":"ehime-valdeku-noortekeskuse-kuuse","status":"publish","type":"kalender","link":"https:\/\/www.nomme.ee\/valdeku-noortekeskus\/kalender\/ehime-valdeku-noortekeskuse-kuuse\/","title":{"rendered":"Ehime Valdeku Noortekeskuse kuuse"},"content":{"rendered":"<p><strong>Tule Valdeku Noortekeskusesse 2. detsembril kuuske ehtima!<\/strong> \ud83c\udf84\u2728<\/p>\n<p>Ootame k\u00f5iki noori 2. detsembril Valdeku Noortekeskusesse, et \u00fchiselt j\u00f5ulumeeleolu luua ja kaunistada meie j\u00f5ulukuusk. Ehtimise r\u00f5\u00f5mu jagab meiega <span style=\"color: #ff6600\"><strong>Maris<\/strong><\/span>, kes on viimastel aastatel tegelenud uute v\u00e4ljakutsetega, kuid on Valdeku Noortekeskusesse j\u00e4tnud oma suure j\u00f5ulur\u00f5\u00f5mu. Nagu traditsiooniks saanud, tuleb ta igal aastal tagasi, et veenduda, kas oleme j\u00f5ulur\u00f5\u00f5mu eest h\u00e4sti hoolt kandnud.<\/p>\n<p><strong>Millal?<\/strong><br \/>\n\ud83d\uddd3 <strong>2. detsembril, esmasp\u00e4eval<\/strong><br \/>\n\u23f0 <strong>15:00\u201316:00<\/strong><\/p>\n<p><strong>Kus?<\/strong><br \/>\n\ud83d\udccd Valdeku Noortekeskuses<\/p>\n<p><strong>Miks tulla?<\/strong><\/p>\n<ul>\n<li>Loome koos j\u00f5ulutunnet!<\/li>\n<li>Vaatame meie olemasolevad kuuseehted \u00fcle ja v\u00f5imalusel saad ka ise panustada uute loomisesse<\/li>\n<\/ul>\n<p>V\u00f5ta s\u00f5brad kaasa ja kohtume kuuse all! \ud83c\udf85\ud83c\udf81<\/p>\n<p>Kui sul on k\u00fcsimusi, kirjuta meile v\u00f5i astu Valdeku Noortekeskusest l\u00e4bi. Kohtume juba peagi!<\/p>\n","protected":false},"featured_media":1676,"template":"","kalender_kategooria":[],"class_list":["post-1675","kalender","type-kalender","status-publish","has-post-thumbnail","hentry"],"acf":[],"yoast_head":"<!-- This site is optimized with the Yoast SEO plugin v27.5 - https:\/\/yoast.com\/product\/yoast-seo-wordpress\/ -->\n<title>Ehime Valdeku Noortekeskuse kuuse &#8211; Valdeku noortekeskus<\/title>\n<meta name=\"robots\" content=\"index, follow, max-snippet:-1, max-image-preview:large, max-video-preview:-1\" \/>\n<link rel=\"canonical\" href=\"https:\/\/www.nomme.ee\/valdeku-noortekeskus\/kalender\/ehime-valdeku-noortekeskuse-kuuse\/\" \/>\n<meta property=\"og:locale\" content=\"et_EE\" \/>\n<meta property=\"og:type\" content=\"article\" \/>\n<meta property=\"og:title\" content=\"Ehime Valdeku Noortekeskuse kuuse &#8211; Valdeku noortekeskus\" \/>\n<meta property=\"og:description\" content=\"Tule Valdeku Noortekeskusesse 2. detsembril kuuske ehtima! \ud83c\udf84\u2728 Ootame k\u00f5iki noori 2. detsembril Valdeku Noortekeskusesse, et \u00fchiselt j\u00f5ulumeeleolu luua ja kaunistada meie j\u00f5ulukuusk. Ehtimise r\u00f5\u00f5mu jagab meiega Maris, kes on viimastel aastatel tegelenud uute v\u00e4ljakutsetega, kuid on Valdeku Noortekeskusesse j\u00e4tnud oma suure j\u00f5ulur\u00f5\u00f5mu. Nagu traditsiooniks saanud, tuleb ta igal aastal tagasi, et veenduda, kas oleme [&hellip;]\" \/>\n<meta property=\"og:url\" content=\"https:\/\/www.nomme.ee\/valdeku-noortekeskus\/kalender\/ehime-valdeku-noortekeskuse-kuuse\/\" \/>\n<meta property=\"og:site_name\" content=\"Valdeku noortekeskus\" \/>\n<meta property=\"og:image\" content=\"https:\/\/www.nomme.ee\/valdeku-noortekeskus\/wp-content\/uploads\/sites\/3\/2024\/11\/Tule-aita-marisel-noortekeskuse-kuusk-ehtida.png\" \/>\n\t<meta property=\"og:image:width\" content=\"1080\" \/>\n\t<meta property=\"og:image:height\" content=\"1080\" \/>\n\t<meta property=\"og:image:type\" content=\"image\/png\" \/>\n<meta name=\"twitter:card\" content=\"summary_large_image\" \/>\n<meta name=\"twitter:label1\" content=\"Est. reading time\" \/>\n\t<meta name=\"twitter:data1\" content=\"1 minut\" \/>\n<script type=\"application\/ld+json\" class=\"yoast-schema-graph\">{\"@context\":\"https:\\\/\\\/schema.org\",\"@graph\":[{\"@type\":\"WebPage\",\"@id\":\"https:\\\/\\\/www.nomme.ee\\\/valdeku-noortekeskus\\\/kalender\\\/ehime-valdeku-noortekeskuse-kuuse\\\/\",\"url\":\"https:\\\/\\\/www.nomme.ee\\\/valdeku-noortekeskus\\\/kalender\\\/ehime-valdeku-noortekeskuse-kuuse\\\/\",\"name\":\"Ehime Valdeku Noortekeskuse kuuse &#8211; Valdeku noortekeskus\",\"isPartOf\":{\"@id\":\"https:\\\/\\\/www.nomme.ee\\\/valdeku-noortekeskus\\\/#website\"},\"primaryImageOfPage\":{\"@id\":\"https:\\\/\\\/www.nomme.ee\\\/valdeku-noortekeskus\\\/kalender\\\/ehime-valdeku-noortekeskuse-kuuse\\\/#primaryimage\"},\"image\":{\"@id\":\"https:\\\/\\\/www.nomme.ee\\\/valdeku-noortekeskus\\\/kalender\\\/ehime-valdeku-noortekeskuse-kuuse\\\/#primaryimage\"},\"thumbnailUrl\":\"https:\\\/\\\/www.nomme.ee\\\/valdeku-noortekeskus\\\/wp-content\\\/uploads\\\/sites\\\/3\\\/2024\\\/11\\\/Tule-aita-marisel-noortekeskuse-kuusk-ehtida.png\",\"datePublished\":\"2024-11-25T11:38:53+00:00\",\"breadcrumb\":{\"@id\":\"https:\\\/\\\/www.nomme.ee\\\/valdeku-noortekeskus\\\/kalender\\\/ehime-valdeku-noortekeskuse-kuuse\\\/#breadcrumb\"},\"inLanguage\":\"et\",\"potentialAction\":[{\"@type\":\"ReadAction\",\"target\":[\"https:\\\/\\\/www.nomme.ee\\\/valdeku-noortekeskus\\\/kalender\\\/ehime-valdeku-noortekeskuse-kuuse\\\/\"]}]},{\"@type\":\"ImageObject\",\"inLanguage\":\"et\",\"@id\":\"https:\\\/\\\/www.nomme.ee\\\/valdeku-noortekeskus\\\/kalender\\\/ehime-valdeku-noortekeskuse-kuuse\\\/#primaryimage\",\"url\":\"https:\\\/\\\/www.nomme.ee\\\/valdeku-noortekeskus\\\/wp-content\\\/uploads\\\/sites\\\/3\\\/2024\\\/11\\\/Tule-aita-marisel-noortekeskuse-kuusk-ehtida.png\",\"contentUrl\":\"https:\\\/\\\/www.nomme.ee\\\/valdeku-noortekeskus\\\/wp-content\\\/uploads\\\/sites\\\/3\\\/2024\\\/11\\\/Tule-aita-marisel-noortekeskuse-kuusk-ehtida.png\",\"width\":1080,\"height\":1080},{\"@type\":\"BreadcrumbList\",\"@id\":\"https:\\\/\\\/www.nomme.ee\\\/valdeku-noortekeskus\\\/kalender\\\/ehime-valdeku-noortekeskuse-kuuse\\\/#breadcrumb\",\"itemListElement\":[{\"@type\":\"ListItem\",\"position\":1,\"name\":\"N\u00f5mme Vaba Aja Keskus\",\"item\":\"https:\\\/\\\/www.nomme.ee\"},{\"@type\":\"ListItem\",\"position\":2,\"name\":\"Valdeku noortekeskus\",\"item\":\"https:\\\/\\\/www.nomme.ee\\\/valdeku-noortekeskus\\\/\"},{\"@type\":\"ListItem\",\"position\":3,\"name\":\"S\u00fcndmused\",\"item\":\"https:\\\/\\\/www.nomme.ee\\\/valdeku-noortekeskus\\\/kalender\\\/\"},{\"@type\":\"ListItem\",\"position\":4,\"name\":\"Ehime Valdeku Noortekeskuse kuuse\"}]},{\"@type\":\"WebSite\",\"@id\":\"https:\\\/\\\/www.nomme.ee\\\/valdeku-noortekeskus\\\/#website\",\"url\":\"https:\\\/\\\/www.nomme.ee\\\/valdeku-noortekeskus\\\/\",\"name\":\"Valdeku noortekeskus\",\"description\":\"\",\"potentialAction\":[{\"@type\":\"SearchAction\",\"target\":{\"@type\":\"EntryPoint\",\"urlTemplate\":\"https:\\\/\\\/www.nomme.ee\\\/valdeku-noortekeskus\\\/?s={search_term_string}\"},\"query-input\":{\"@type\":\"PropertyValueSpecification\",\"valueRequired\":true,\"valueName\":\"search_term_string\"}}],\"inLanguage\":\"et\"}]}<\/script>\n<!-- \/ Yoast SEO plugin. -->","yoast_head_json":{"title":"Ehime Valdeku Noortekeskuse kuuse &#8211; Valdeku noortekeskus","robots":{"index":"index","follow":"follow","max-snippet":"max-snippet:-1","max-image-preview":"max-image-preview:large","max-video-preview":"max-video-preview:-1"},"canonical":"https:\/\/www.nomme.ee\/valdeku-noortekeskus\/kalender\/ehime-valdeku-noortekeskuse-kuuse\/","og_locale":"et_EE","og_type":"article","og_title":"Ehime Valdeku Noortekeskuse kuuse &#8211; Valdeku noortekeskus","og_description":"Tule Valdeku Noortekeskusesse 2. detsembril kuuske ehtima! \ud83c\udf84\u2728 Ootame k\u00f5iki noori 2. detsembril Valdeku Noortekeskusesse, et \u00fchiselt j\u00f5ulumeeleolu luua ja kaunistada meie j\u00f5ulukuusk. Ehtimise r\u00f5\u00f5mu jagab meiega Maris, kes on viimastel aastatel tegelenud uute v\u00e4ljakutsetega, kuid on Valdeku Noortekeskusesse j\u00e4tnud oma suure j\u00f5ulur\u00f5\u00f5mu. Nagu traditsiooniks saanud, tuleb ta igal aastal tagasi, et veenduda, kas oleme [&hellip;]","og_url":"https:\/\/www.nomme.ee\/valdeku-noortekeskus\/kalender\/ehime-valdeku-noortekeskuse-kuuse\/","og_site_name":"Valdeku noortekeskus","og_image":[{"width":1080,"height":1080,"url":"https:\/\/www.nomme.ee\/valdeku-noortekeskus\/wp-content\/uploads\/sites\/3\/2024\/11\/Tule-aita-marisel-noortekeskuse-kuusk-ehtida.png","type":"image\/png"}],"twitter_card":"summary_large_image","twitter_misc":{"Est. reading time":"1 minut"},"schema":{"@context":"https:\/\/schema.org","@graph":[{"@type":"WebPage","@id":"https:\/\/www.nomme.ee\/valdeku-noortekeskus\/kalender\/ehime-valdeku-noortekeskuse-kuuse\/","url":"https:\/\/www.nomme.ee\/valdeku-noortekeskus\/kalender\/ehime-valdeku-noortekeskuse-kuuse\/","name":"Ehime Valdeku Noortekeskuse kuuse &#8211; Valdeku noortekeskus","isPartOf":{"@id":"https:\/\/www.nomme.ee\/valdeku-noortekeskus\/#website"},"primaryImageOfPage":{"@id":"https:\/\/www.nomme.ee\/valdeku-noortekeskus\/kalender\/ehime-valdeku-noortekeskuse-kuuse\/#primaryimage"},"image":{"@id":"https:\/\/www.nomme.ee\/valdeku-noortekeskus\/kalender\/ehime-valdeku-noortekeskuse-kuuse\/#primaryimage"},"thumbnailUrl":"https:\/\/www.nomme.ee\/valdeku-noortekeskus\/wp-content\/uploads\/sites\/3\/2024\/11\/Tule-aita-marisel-noortekeskuse-kuusk-ehtida.png","datePublished":"2024-11-25T11:38:53+00:00","breadcrumb":{"@id":"https:\/\/www.nomme.ee\/valdeku-noortekeskus\/kalender\/ehime-valdeku-noortekeskuse-kuuse\/#breadcrumb"},"inLanguage":"et","potentialAction":[{"@type":"ReadAction","target":["https:\/\/www.nomme.ee\/valdeku-noortekeskus\/kalender\/ehime-valdeku-noortekeskuse-kuuse\/"]}]},{"@type":"ImageObject","inLanguage":"et","@id":"https:\/\/www.nomme.ee\/valdeku-noortekeskus\/kalender\/ehime-valdeku-noortekeskuse-kuuse\/#primaryimage","url":"https:\/\/www.nomme.ee\/valdeku-noortekeskus\/wp-content\/uploads\/sites\/3\/2024\/11\/Tule-aita-marisel-noortekeskuse-kuusk-ehtida.png","contentUrl":"https:\/\/www.nomme.ee\/valdeku-noortekeskus\/wp-content\/uploads\/sites\/3\/2024\/11\/Tule-aita-marisel-noortekeskuse-kuusk-ehtida.png","width":1080,"height":1080},{"@type":"BreadcrumbList","@id":"https:\/\/www.nomme.ee\/valdeku-noortekeskus\/kalender\/ehime-valdeku-noortekeskuse-kuuse\/#breadcrumb","itemListElement":[{"@type":"ListItem","position":1,"name":"N\u00f5mme Vaba Aja Keskus","item":"https:\/\/www.nomme.ee"},{"@type":"ListItem","position":2,"name":"Valdeku noortekeskus","item":"https:\/\/www.nomme.ee\/valdeku-noortekeskus\/"},{"@type":"ListItem","position":3,"name":"S\u00fcndmused","item":"https:\/\/www.nomme.ee\/valdeku-noortekeskus\/kalender\/"},{"@type":"ListItem","position":4,"name":"Ehime Valdeku Noortekeskuse kuuse"}]},{"@type":"WebSite","@id":"https:\/\/www.nomme.ee\/valdeku-noortekeskus\/#website","url":"https:\/\/www.nomme.ee\/valdeku-noortekeskus\/","name":"Valdeku noortekeskus","description":"","potentialAction":[{"@type":"SearchAction","target":{"@type":"EntryPoint","urlTemplate":"https:\/\/www.nomme.ee\/valdeku-noortekeskus\/?s={search_term_string}"},"query-input":{"@type":"PropertyValueSpecification","valueRequired":true,"valueName":"search_term_string"}}],"inLanguage":"et"}]}},"_links":{"self":[{"href":"https:\/\/www.nomme.ee\/valdeku-noortekeskus\/wp-json\/wp\/v2\/kalender\/1675","targetHints":{"allow":["GET"]}}],"collection":[{"href":"https:\/\/www.nomme.ee\/valdeku-noortekeskus\/wp-json\/wp\/v2\/kalender"}],"about":[{"href":"https:\/\/www.nomme.ee\/valdeku-noortekeskus\/wp-json\/wp\/v2\/types\/kalender"}],"version-history":[{"count":2,"href":"https:\/\/www.nomme.ee\/valdeku-noortekeskus\/wp-json\/wp\/v2\/kalender\/1675\/revisions"}],"predecessor-version":[{"id":1678,"href":"https:\/\/www.nomme.ee\/valdeku-noortekeskus\/wp-json\/wp\/v2\/kalender\/1675\/revisions\/1678"}],"wp:featuredmedia":[{"embeddable":true,"href":"https:\/\/www.nomme.ee\/valdeku-noortekeskus\/wp-json\/wp\/v2\/media\/1676"}],"wp:attachment":[{"href":"https:\/\/www.nomme.ee\/valdeku-noortekeskus\/wp-json\/wp\/v2\/media?parent=1675"}],"wp:term":[{"taxonomy":"kalender_kategooria","embeddable":true,"href":"https:\/\/www.nomme.ee\/valdeku-noortekeskus\/wp-json\/wp\/v2\/kalender_kategooria?post=1675"}],"curies":[{"name":"wp","href":"https:\/\/api.w.org\/{rel}","templated":true}]}}

<p><strong>Tule Valdeku Noortekeskusesse 2. detsembril kuuske ehtima!</strong> 🎄✨</p>
<p>Ootame kõiki noori 2. detsembril Valdeku Noortekeskusesse, et ühiselt jõulumeeleolu luua ja kaunistada meie jõulukuusk. Ehtimise rõõmu jagab meiega <span style="color: #ff6600"><strong>Maris</strong></span>, kes on viimastel aastatel tegelenud uute väljakutsetega, kuid on Valdeku Noortekeskusesse jätnud oma suure jõulurõõmu. Nagu traditsiooniks saanud, tuleb ta igal aastal tagasi, et veenduda, kas oleme jõulurõõmu eest hästi hoolt kandnud.</p>
<p><strong>Millal?</strong><br />
🗓 <strong>2. detsembril, esmaspäeval</strong><br />
⏰ <strong>15:00–16:00</strong></p>
<p><strong>Kus?</strong><br />
📍 Valdeku Noortekeskuses</p>
<p><strong>Miks tulla?</strong></p>
<ul>
<li>Loome koos jõulutunnet!</li>
<li>Vaatame meie olemasolevad kuuseehted üle ja võimalusel saad ka ise panustada uute loomisesse</li>
</ul>
<p>Võta sõbrad kaasa ja kohtume kuuse all! 🎅🎁</p>
<p>Kui sul on küsimusi, kirjuta meile või astu Valdeku Noortekeskusest läbi. Kohtume juba peagi!</p>

<!-- This site is optimized with the Yoast SEO plugin v27.5 - https://yoast.com/product/yoast-seo-wordpress/ -->
<title>Ehime Valdeku Noortekeskuse kuuse &#8211; Valdeku noortekeskus</title>
<meta name="robots" content="index, follow, max-snippet:-1, max-image-preview:large, max-video-preview:-1" />
<link rel="canonical" href="https://www.nomme.ee/valdeku-noortekeskus/kalender/ehime-valdeku-noortekeskuse-kuuse/" />
<meta property="og:locale" content="et_EE" />
<meta property="og:type" content="article" />
<meta property="og:title" content="Ehime Valdeku Noortekeskuse kuuse &#8211; Valdeku noortekeskus" />
<meta property="og:description" content="Tule Valdeku Noortekeskusesse 2. detsembril kuuske ehtima! 🎄✨ Ootame kõiki noori 2. detsembril Valdeku Noortekeskusesse, et ühiselt jõulumeeleolu luua ja kaunistada meie jõulukuusk. Ehtimise rõõmu jagab meiega Maris, kes on viimastel aastatel tegelenud uute väljakutsetega, kuid on Valdeku Noortekeskusesse jätnud oma suure jõulurõõmu. Nagu traditsiooniks saanud, tuleb ta igal aastal tagasi, et veenduda, kas oleme [&hellip;]" />
<meta property="og:url" content="https://www.nomme.ee/valdeku-noortekeskus/kalender/ehime-valdeku-noortekeskuse-kuuse/" />
<meta property="og:site_name" content="Valdeku noortekeskus" />
<meta property="og:image" content="https://www.nomme.ee/valdeku-noortekeskus/wp-content/uploads/sites/3/2024/11/Tule-aita-marisel-noortekeskuse-kuusk-ehtida.png" />
	<meta property="og:image:width" content="1080" />
	<meta property="og:image:height" content="1080" />
	<meta property="og:image:type" content="image/png" />
<meta name="twitter:card" content="summary_large_image" />
<meta name="twitter:label1" content="Est. reading time" />
	<meta name="twitter:data1" content="1 minut" />
<script type="application/ld+json" class="yoast-schema-graph">{"@context":"https:\/\/schema.org","@graph":[{"@type":"WebPage","@id":"https:\/\/www.nomme.ee\/valdeku-noortekeskus\/kalender\/ehime-valdeku-noortekeskuse-kuuse\/","url":"https:\/\/www.nomme.ee\/valdeku-noortekeskus\/kalender\/ehime-valdeku-noortekeskuse-kuuse\/","name":"Ehime Valdeku Noortekeskuse kuuse &#8211; Valdeku noortekeskus","isPartOf":{"@id":"https:\/\/www.nomme.ee\/valdeku-noortekeskus\/#website"},"primaryImageOfPage":{"@id":"https:\/\/www.nomme.ee\/valdeku-noortekeskus\/kalender\/ehime-valdeku-noortekeskuse-kuuse\/#primaryimage"},"image":{"@id":"https:\/\/www.nomme.ee\/valdeku-noortekeskus\/kalender\/ehime-valdeku-noortekeskuse-kuuse\/#primaryimage"},"thumbnailUrl":"https:\/\/www.nomme.ee\/valdeku-noortekeskus\/wp-content\/uploads\/sites\/3\/2024\/11\/Tule-aita-marisel-noortekeskuse-kuusk-ehtida.png","datePublished":"2024-11-25T11:38:53+00:00","breadcrumb":{"@id":"https:\/\/www.nomme.ee\/valdeku-noortekeskus\/kalender\/ehime-valdeku-noortekeskuse-kuuse\/#breadcrumb"},"inLanguage":"et","potentialAction":[{"@type":"ReadAction","target":["https:\/\/www.nomme.ee\/valdeku-noortekeskus\/kalender\/ehime-valdeku-noortekeskuse-kuuse\/"]}]},{"@type":"ImageObject","inLanguage":"et","@id":"https:\/\/www.nomme.ee\/valdeku-noortekeskus\/kalender\/ehime-valdeku-noortekeskuse-kuuse\/#primaryimage","url":"https:\/\/www.nomme.ee\/valdeku-noortekeskus\/wp-content\/uploads\/sites\/3\/2024\/11\/Tule-aita-marisel-noortekeskuse-kuusk-ehtida.png","contentUrl":"https:\/\/www.nomme.ee\/valdeku-noortekeskus\/wp-content\/uploads\/sites\/3\/2024\/11\/Tule-aita-marisel-noortekeskuse-kuusk-ehtida.png","width":1080,"height":1080},{"@type":"BreadcrumbList","@id":"https:\/\/www.nomme.ee\/valdeku-noortekeskus\/kalender\/ehime-valdeku-noortekeskuse-kuuse\/#breadcrumb","itemListElement":[{"@type":"ListItem","position":1,"name":"Nõmme Vaba Aja Keskus","item":"https:\/\/www.nomme.ee"},{"@type":"ListItem","position":2,"name":"Valdeku noortekeskus","item":"https:\/\/www.nomme.ee\/valdeku-noortekeskus\/"},{"@type":"ListItem","position":3,"name":"Sündmused","item":"https:\/\/www.nomme.ee\/valdeku-noortekeskus\/kalender\/"},{"@type":"ListItem","position":4,"name":"Ehime Valdeku Noortekeskuse kuuse"}]},{"@type":"WebSite","@id":"https:\/\/www.nomme.ee\/valdeku-noortekeskus\/#website","url":"https:\/\/www.nomme.ee\/valdeku-noortekeskus\/","name":"Valdeku noortekeskus","description":"","potentialAction":[{"@type":"SearchAction","target":{"@type":"EntryPoint","urlTemplate":"https:\/\/www.nomme.ee\/valdeku-noortekeskus\/?s={search_term_string}"},"query-input":{"@type":"PropertyValueSpecification","valueRequired":true,"valueName":"search_term_string"}}],"inLanguage":"et"}]}</script>
<!-- / Yoast SEO plugin. -->

Tule Valdeku Noortekeskusesse 2. detsembril kuuske ehtima! 🎄✨ Ootame kõiki noori 2. detsembril Valdeku Noortekeskusesse, et ühiselt jõulumeeleolu luua ja kaunistada meie jõulukuusk. Ehtimise rõõmu jagab meiega Maris, kes on viimastel aastatel tegelenud uute väljakutsetega, kuid on Valdeku Noortekeskusesse jätnud oma suure jõulurõõmu. Nagu traditsiooniks saanud, tuleb ta igal aastal tagasi, et veenduda, kas oleme [&hellip;]

Nõmme Vaba Aja Keskus

Sündmused
