{"id":1700,"date":"2024-12-05T11:19:48","date_gmt":"2024-12-05T11:19:48","guid":{"rendered":"https:\/\/www.nomme.ee\/valdeku-noortekeskus\/?post_type=kalender&#038;p=1700"},"modified":"2024-12-18T12:23:49","modified_gmt":"2024-12-18T12:23:49","slug":"talvine-koolivaheaeg-valdekus","status":"publish","type":"kalender","link":"https:\/\/www.nomme.ee\/valdeku-noortekeskus\/kalender\/talvine-koolivaheaeg-valdekus\/","title":{"rendered":"Talvine koolivaheaeg Valdekus"},"content":{"rendered":"<p>Talvist koolivaheaega veedame Valdekus uue aasta ootuses ja ikka lauam\u00e4ngude seltsis.<\/p>\n<h4><strong><span style=\"color: #ff6600\">Tegevused talvisel koolivaheajal:\u00a0<\/span><\/strong><\/h4>\n<p><strong>30.12.2024 kell 12.00-19.00<\/strong>\u00a0 \u00d5pime \u00fcheskoos lauam\u00e4nge, et valmistuda reedel koos Henriga m\u00e4ngima!<\/p>\n<p><strong>31.12.2024 kell 12.00-15.00<\/strong> J\u00e4tkame lauam\u00e4ngude \u00f5ppimisega<\/p>\n<p><strong>02.01.2025 kell 12.00-19.00<\/strong> \u00d5pime \u00fcheskoos lauam\u00e4nge ja valmistume reedeks<\/p>\n<p><strong>3.01.2025 kell 15.00\u201318.30<\/strong> Noore Henri omaalgatuslik lauam\u00e4ngu\u00f5htu \u2013 saad \u00f5ppida uusi m\u00e4nge ja nautida m\u00f5nusaid sn\u00e4kke. Rohkem infot:<\/p>\n<p><span data-teams=\"true\"><p class=\"editor-content__cta\"><a class=\"main-btn\" target=\"_self\" href=\"https:\/\/www.nomme.ee\/valdeku-noortekeskus\/kalender\/noorte-omaalgatus-mangud-ja-meelelahutus-uue-aasta-algus\/\">Lauam\u00e4ngude \u00f5htu<\/a><\/p><\/span><\/p>\n<p>&nbsp;<\/p>\n<p>Samuti kujundame <strong>30.12.2024-02.01.2025<\/strong> noortekeskusesse vabatahtlike seina ja ootame selleks abilisi. Vaja l\u00e4heb nobedaid k\u00e4si ja loovat m\u00f5tlemist!<\/p>\n<p>&nbsp;<\/p>\n<h4><span style=\"color: #ff6600\">Noortekeskuse lahtiolekuajad:<\/span><\/h4>\n<p><strong>23.-27.12.2024 <\/strong><span style=\"color: #ff0000\">suletud<\/span><\/p>\n<p><strong>30.12.2024 <\/strong>kell\u00a012.00\u201319.00<\/p>\n<p><strong>31.12.2024 <\/strong>kell 12.00\u2013<span style=\"color: #ff0000\">15.00<\/span><\/p>\n<p><strong>01.01.2025 <\/strong><span style=\"color: #ff0000\">suletud<\/span><\/p>\n<p><strong>02.01.2025 <\/strong>kell 12.00\u201319.00<\/p>\n<p><strong>03.01.2025 <\/strong>kell 12.00\u201319.00<\/p>\n<p>&nbsp;<\/p>\n<p>Kohtumiseni noortekeskuses!<\/p>\n","protected":false},"featured_media":1701,"template":"","kalender_kategooria":[17],"class_list":["post-1700","kalender","type-kalender","status-publish","has-post-thumbnail","hentry","kalender_kategooria-lauamangud"],"acf":[],"yoast_head":"<!-- This site is optimized with the Yoast SEO plugin v27.5 - https:\/\/yoast.com\/product\/yoast-seo-wordpress\/ -->\n<title>Talvine koolivaheaeg Valdekus &#8211; Valdeku noortekeskus<\/title>\n<meta name=\"robots\" content=\"index, follow, max-snippet:-1, max-image-preview:large, max-video-preview:-1\" \/>\n<link rel=\"canonical\" href=\"https:\/\/www.nomme.ee\/valdeku-noortekeskus\/kalender\/talvine-koolivaheaeg-valdekus\/\" \/>\n<meta property=\"og:locale\" content=\"et_EE\" \/>\n<meta property=\"og:type\" content=\"article\" \/>\n<meta property=\"og:title\" content=\"Talvine koolivaheaeg Valdekus &#8211; Valdeku noortekeskus\" \/>\n<meta property=\"og:description\" content=\"Talvist koolivaheaega veedame Valdekus uue aasta ootuses ja ikka lauam\u00e4ngude seltsis. Tegevused talvisel koolivaheajal:\u00a0 30.12.2024 kell 12.00-19.00\u00a0 \u00d5pime \u00fcheskoos lauam\u00e4nge, et valmistuda reedel koos Henriga m\u00e4ngima! 31.12.2024 kell 12.00-15.00 J\u00e4tkame lauam\u00e4ngude \u00f5ppimisega 02.01.2025 kell 12.00-19.00 \u00d5pime \u00fcheskoos lauam\u00e4nge ja valmistume reedeks 3.01.2025 kell 15.00\u201318.30 Noore Henri omaalgatuslik lauam\u00e4ngu\u00f5htu \u2013 saad \u00f5ppida uusi m\u00e4nge ja nautida [&hellip;]\" \/>\n<meta property=\"og:url\" content=\"https:\/\/www.nomme.ee\/valdeku-noortekeskus\/kalender\/talvine-koolivaheaeg-valdekus\/\" \/>\n<meta property=\"og:site_name\" content=\"Valdeku noortekeskus\" \/>\n<meta property=\"article:modified_time\" content=\"2024-12-18T12:23:49+00:00\" \/>\n<meta property=\"og:image\" content=\"https:\/\/www.nomme.ee\/valdeku-noortekeskus\/wp-content\/uploads\/sites\/3\/2024\/12\/1.png\" \/>\n\t<meta property=\"og:image:width\" content=\"1080\" \/>\n\t<meta property=\"og:image:height\" content=\"1080\" \/>\n\t<meta property=\"og:image:type\" content=\"image\/png\" \/>\n<meta name=\"twitter:card\" content=\"summary_large_image\" \/>\n<meta name=\"twitter:label1\" content=\"Est. reading time\" \/>\n\t<meta name=\"twitter:data1\" content=\"1 minut\" \/>\n<script type=\"application\/ld+json\" class=\"yoast-schema-graph\">{\"@context\":\"https:\\\/\\\/schema.org\",\"@graph\":[{\"@type\":\"WebPage\",\"@id\":\"https:\\\/\\\/www.nomme.ee\\\/valdeku-noortekeskus\\\/kalender\\\/talvine-koolivaheaeg-valdekus\\\/\",\"url\":\"https:\\\/\\\/www.nomme.ee\\\/valdeku-noortekeskus\\\/kalender\\\/talvine-koolivaheaeg-valdekus\\\/\",\"name\":\"Talvine koolivaheaeg Valdekus &#8211; Valdeku noortekeskus\",\"isPartOf\":{\"@id\":\"https:\\\/\\\/www.nomme.ee\\\/valdeku-noortekeskus\\\/#website\"},\"primaryImageOfPage\":{\"@id\":\"https:\\\/\\\/www.nomme.ee\\\/valdeku-noortekeskus\\\/kalender\\\/talvine-koolivaheaeg-valdekus\\\/#primaryimage\"},\"image\":{\"@id\":\"https:\\\/\\\/www.nomme.ee\\\/valdeku-noortekeskus\\\/kalender\\\/talvine-koolivaheaeg-valdekus\\\/#primaryimage\"},\"thumbnailUrl\":\"https:\\\/\\\/www.nomme.ee\\\/valdeku-noortekeskus\\\/wp-content\\\/uploads\\\/sites\\\/3\\\/2024\\\/12\\\/1.png\",\"datePublished\":\"2024-12-05T11:19:48+00:00\",\"dateModified\":\"2024-12-18T12:23:49+00:00\",\"breadcrumb\":{\"@id\":\"https:\\\/\\\/www.nomme.ee\\\/valdeku-noortekeskus\\\/kalender\\\/talvine-koolivaheaeg-valdekus\\\/#breadcrumb\"},\"inLanguage\":\"et\",\"potentialAction\":[{\"@type\":\"ReadAction\",\"target\":[\"https:\\\/\\\/www.nomme.ee\\\/valdeku-noortekeskus\\\/kalender\\\/talvine-koolivaheaeg-valdekus\\\/\"]}]},{\"@type\":\"ImageObject\",\"inLanguage\":\"et\",\"@id\":\"https:\\\/\\\/www.nomme.ee\\\/valdeku-noortekeskus\\\/kalender\\\/talvine-koolivaheaeg-valdekus\\\/#primaryimage\",\"url\":\"https:\\\/\\\/www.nomme.ee\\\/valdeku-noortekeskus\\\/wp-content\\\/uploads\\\/sites\\\/3\\\/2024\\\/12\\\/1.png\",\"contentUrl\":\"https:\\\/\\\/www.nomme.ee\\\/valdeku-noortekeskus\\\/wp-content\\\/uploads\\\/sites\\\/3\\\/2024\\\/12\\\/1.png\",\"width\":1080,\"height\":1080},{\"@type\":\"BreadcrumbList\",\"@id\":\"https:\\\/\\\/www.nomme.ee\\\/valdeku-noortekeskus\\\/kalender\\\/talvine-koolivaheaeg-valdekus\\\/#breadcrumb\",\"itemListElement\":[{\"@type\":\"ListItem\",\"position\":1,\"name\":\"N\u00f5mme Vaba Aja Keskus\",\"item\":\"https:\\\/\\\/www.nomme.ee\"},{\"@type\":\"ListItem\",\"position\":2,\"name\":\"Valdeku noortekeskus\",\"item\":\"https:\\\/\\\/www.nomme.ee\\\/valdeku-noortekeskus\\\/\"},{\"@type\":\"ListItem\",\"position\":3,\"name\":\"S\u00fcndmused\",\"item\":\"https:\\\/\\\/www.nomme.ee\\\/valdeku-noortekeskus\\\/kalender\\\/\"},{\"@type\":\"ListItem\",\"position\":4,\"name\":\"Talvine koolivaheaeg Valdekus\"}]},{\"@type\":\"WebSite\",\"@id\":\"https:\\\/\\\/www.nomme.ee\\\/valdeku-noortekeskus\\\/#website\",\"url\":\"https:\\\/\\\/www.nomme.ee\\\/valdeku-noortekeskus\\\/\",\"name\":\"Valdeku noortekeskus\",\"description\":\"\",\"potentialAction\":[{\"@type\":\"SearchAction\",\"target\":{\"@type\":\"EntryPoint\",\"urlTemplate\":\"https:\\\/\\\/www.nomme.ee\\\/valdeku-noortekeskus\\\/?s={search_term_string}\"},\"query-input\":{\"@type\":\"PropertyValueSpecification\",\"valueRequired\":true,\"valueName\":\"search_term_string\"}}],\"inLanguage\":\"et\"}]}<\/script>\n<!-- \/ Yoast SEO plugin. -->","yoast_head_json":{"title":"Talvine koolivaheaeg Valdekus &#8211; Valdeku noortekeskus","robots":{"index":"index","follow":"follow","max-snippet":"max-snippet:-1","max-image-preview":"max-image-preview:large","max-video-preview":"max-video-preview:-1"},"canonical":"https:\/\/www.nomme.ee\/valdeku-noortekeskus\/kalender\/talvine-koolivaheaeg-valdekus\/","og_locale":"et_EE","og_type":"article","og_title":"Talvine koolivaheaeg Valdekus &#8211; Valdeku noortekeskus","og_description":"Talvist koolivaheaega veedame Valdekus uue aasta ootuses ja ikka lauam\u00e4ngude seltsis. Tegevused talvisel koolivaheajal:\u00a0 30.12.2024 kell 12.00-19.00\u00a0 \u00d5pime \u00fcheskoos lauam\u00e4nge, et valmistuda reedel koos Henriga m\u00e4ngima! 31.12.2024 kell 12.00-15.00 J\u00e4tkame lauam\u00e4ngude \u00f5ppimisega 02.01.2025 kell 12.00-19.00 \u00d5pime \u00fcheskoos lauam\u00e4nge ja valmistume reedeks 3.01.2025 kell 15.00\u201318.30 Noore Henri omaalgatuslik lauam\u00e4ngu\u00f5htu \u2013 saad \u00f5ppida uusi m\u00e4nge ja nautida [&hellip;]","og_url":"https:\/\/www.nomme.ee\/valdeku-noortekeskus\/kalender\/talvine-koolivaheaeg-valdekus\/","og_site_name":"Valdeku noortekeskus","article_modified_time":"2024-12-18T12:23:49+00:00","og_image":[{"width":1080,"height":1080,"url":"https:\/\/www.nomme.ee\/valdeku-noortekeskus\/wp-content\/uploads\/sites\/3\/2024\/12\/1.png","type":"image\/png"}],"twitter_card":"summary_large_image","twitter_misc":{"Est. reading time":"1 minut"},"schema":{"@context":"https:\/\/schema.org","@graph":[{"@type":"WebPage","@id":"https:\/\/www.nomme.ee\/valdeku-noortekeskus\/kalender\/talvine-koolivaheaeg-valdekus\/","url":"https:\/\/www.nomme.ee\/valdeku-noortekeskus\/kalender\/talvine-koolivaheaeg-valdekus\/","name":"Talvine koolivaheaeg Valdekus &#8211; Valdeku noortekeskus","isPartOf":{"@id":"https:\/\/www.nomme.ee\/valdeku-noortekeskus\/#website"},"primaryImageOfPage":{"@id":"https:\/\/www.nomme.ee\/valdeku-noortekeskus\/kalender\/talvine-koolivaheaeg-valdekus\/#primaryimage"},"image":{"@id":"https:\/\/www.nomme.ee\/valdeku-noortekeskus\/kalender\/talvine-koolivaheaeg-valdekus\/#primaryimage"},"thumbnailUrl":"https:\/\/www.nomme.ee\/valdeku-noortekeskus\/wp-content\/uploads\/sites\/3\/2024\/12\/1.png","datePublished":"2024-12-05T11:19:48+00:00","dateModified":"2024-12-18T12:23:49+00:00","breadcrumb":{"@id":"https:\/\/www.nomme.ee\/valdeku-noortekeskus\/kalender\/talvine-koolivaheaeg-valdekus\/#breadcrumb"},"inLanguage":"et","potentialAction":[{"@type":"ReadAction","target":["https:\/\/www.nomme.ee\/valdeku-noortekeskus\/kalender\/talvine-koolivaheaeg-valdekus\/"]}]},{"@type":"ImageObject","inLanguage":"et","@id":"https:\/\/www.nomme.ee\/valdeku-noortekeskus\/kalender\/talvine-koolivaheaeg-valdekus\/#primaryimage","url":"https:\/\/www.nomme.ee\/valdeku-noortekeskus\/wp-content\/uploads\/sites\/3\/2024\/12\/1.png","contentUrl":"https:\/\/www.nomme.ee\/valdeku-noortekeskus\/wp-content\/uploads\/sites\/3\/2024\/12\/1.png","width":1080,"height":1080},{"@type":"BreadcrumbList","@id":"https:\/\/www.nomme.ee\/valdeku-noortekeskus\/kalender\/talvine-koolivaheaeg-valdekus\/#breadcrumb","itemListElement":[{"@type":"ListItem","position":1,"name":"N\u00f5mme Vaba Aja Keskus","item":"https:\/\/www.nomme.ee"},{"@type":"ListItem","position":2,"name":"Valdeku noortekeskus","item":"https:\/\/www.nomme.ee\/valdeku-noortekeskus\/"},{"@type":"ListItem","position":3,"name":"S\u00fcndmused","item":"https:\/\/www.nomme.ee\/valdeku-noortekeskus\/kalender\/"},{"@type":"ListItem","position":4,"name":"Talvine koolivaheaeg Valdekus"}]},{"@type":"WebSite","@id":"https:\/\/www.nomme.ee\/valdeku-noortekeskus\/#website","url":"https:\/\/www.nomme.ee\/valdeku-noortekeskus\/","name":"Valdeku noortekeskus","description":"","potentialAction":[{"@type":"SearchAction","target":{"@type":"EntryPoint","urlTemplate":"https:\/\/www.nomme.ee\/valdeku-noortekeskus\/?s={search_term_string}"},"query-input":{"@type":"PropertyValueSpecification","valueRequired":true,"valueName":"search_term_string"}}],"inLanguage":"et"}]}},"_links":{"self":[{"href":"https:\/\/www.nomme.ee\/valdeku-noortekeskus\/wp-json\/wp\/v2\/kalender\/1700","targetHints":{"allow":["GET"]}}],"collection":[{"href":"https:\/\/www.nomme.ee\/valdeku-noortekeskus\/wp-json\/wp\/v2\/kalender"}],"about":[{"href":"https:\/\/www.nomme.ee\/valdeku-noortekeskus\/wp-json\/wp\/v2\/types\/kalender"}],"version-history":[{"count":11,"href":"https:\/\/www.nomme.ee\/valdeku-noortekeskus\/wp-json\/wp\/v2\/kalender\/1700\/revisions"}],"predecessor-version":[{"id":1719,"href":"https:\/\/www.nomme.ee\/valdeku-noortekeskus\/wp-json\/wp\/v2\/kalender\/1700\/revisions\/1719"}],"wp:featuredmedia":[{"embeddable":true,"href":"https:\/\/www.nomme.ee\/valdeku-noortekeskus\/wp-json\/wp\/v2\/media\/1701"}],"wp:attachment":[{"href":"https:\/\/www.nomme.ee\/valdeku-noortekeskus\/wp-json\/wp\/v2\/media?parent=1700"}],"wp:term":[{"taxonomy":"kalender_kategooria","embeddable":true,"href":"https:\/\/www.nomme.ee\/valdeku-noortekeskus\/wp-json\/wp\/v2\/kalender_kategooria?post=1700"}],"curies":[{"name":"wp","href":"https:\/\/api.w.org\/{rel}","templated":true}]}}

<p>Talvist koolivaheaega veedame Valdekus uue aasta ootuses ja ikka lauamängude seltsis.</p>
<h4><strong><span style="color: #ff6600">Tegevused talvisel koolivaheajal: </span></strong></h4>
<p><strong>30.12.2024 kell 12.00-19.00</strong>  Õpime üheskoos lauamänge, et valmistuda reedel koos Henriga mängima!</p>
<p><strong>31.12.2024 kell 12.00-15.00</strong> Jätkame lauamängude õppimisega</p>
<p><strong>02.01.2025 kell 12.00-19.00</strong> Õpime üheskoos lauamänge ja valmistume reedeks</p>
<p><strong>3.01.2025 kell 15.00–18.30</strong> Noore Henri omaalgatuslik lauamänguõhtu – saad õppida uusi mänge ja nautida mõnusaid snäkke. Rohkem infot:</p>
<p><span data-teams="true"><p class="editor-content__cta"><a class="main-btn" target="_self" href="https://www.nomme.ee/valdeku-noortekeskus/kalender/noorte-omaalgatus-mangud-ja-meelelahutus-uue-aasta-algus/">Lauamängude õhtu</a></p></span></p>
<p>&nbsp;</p>
<p>Samuti kujundame <strong>30.12.2024-02.01.2025</strong> noortekeskusesse vabatahtlike seina ja ootame selleks abilisi. Vaja läheb nobedaid käsi ja loovat mõtlemist!</p>
<p>&nbsp;</p>
<h4><span style="color: #ff6600">Noortekeskuse lahtiolekuajad:</span></h4>
<p><strong>23.-27.12.2024 </strong><span style="color: #ff0000">suletud</span></p>
<p><strong>30.12.2024 </strong>kell 12.00–19.00</p>
<p><strong>31.12.2024 </strong>kell 12.00–<span style="color: #ff0000">15.00</span></p>
<p><strong>01.01.2025 </strong><span style="color: #ff0000">suletud</span></p>
<p><strong>02.01.2025 </strong>kell 12.00–19.00</p>
<p><strong>03.01.2025 </strong>kell 12.00–19.00</p>
<p>&nbsp;</p>
<p>Kohtumiseni noortekeskuses!</p>

<!-- This site is optimized with the Yoast SEO plugin v27.5 - https://yoast.com/product/yoast-seo-wordpress/ -->
<title>Talvine koolivaheaeg Valdekus &#8211; Valdeku noortekeskus</title>
<meta name="robots" content="index, follow, max-snippet:-1, max-image-preview:large, max-video-preview:-1" />
<link rel="canonical" href="https://www.nomme.ee/valdeku-noortekeskus/kalender/talvine-koolivaheaeg-valdekus/" />
<meta property="og:locale" content="et_EE" />
<meta property="og:type" content="article" />
<meta property="og:title" content="Talvine koolivaheaeg Valdekus &#8211; Valdeku noortekeskus" />
<meta property="og:description" content="Talvist koolivaheaega veedame Valdekus uue aasta ootuses ja ikka lauamängude seltsis. Tegevused talvisel koolivaheajal:  30.12.2024 kell 12.00-19.00  Õpime üheskoos lauamänge, et valmistuda reedel koos Henriga mängima! 31.12.2024 kell 12.00-15.00 Jätkame lauamängude õppimisega 02.01.2025 kell 12.00-19.00 Õpime üheskoos lauamänge ja valmistume reedeks 3.01.2025 kell 15.00–18.30 Noore Henri omaalgatuslik lauamänguõhtu – saad õppida uusi mänge ja nautida [&hellip;]" />
<meta property="og:url" content="https://www.nomme.ee/valdeku-noortekeskus/kalender/talvine-koolivaheaeg-valdekus/" />
<meta property="og:site_name" content="Valdeku noortekeskus" />
<meta property="article:modified_time" content="2024-12-18T12:23:49+00:00" />
<meta property="og:image" content="https://www.nomme.ee/valdeku-noortekeskus/wp-content/uploads/sites/3/2024/12/1.png" />
	<meta property="og:image:width" content="1080" />
	<meta property="og:image:height" content="1080" />
	<meta property="og:image:type" content="image/png" />
<meta name="twitter:card" content="summary_large_image" />
<meta name="twitter:label1" content="Est. reading time" />
	<meta name="twitter:data1" content="1 minut" />
<script type="application/ld+json" class="yoast-schema-graph">{"@context":"https:\/\/schema.org","@graph":[{"@type":"WebPage","@id":"https:\/\/www.nomme.ee\/valdeku-noortekeskus\/kalender\/talvine-koolivaheaeg-valdekus\/","url":"https:\/\/www.nomme.ee\/valdeku-noortekeskus\/kalender\/talvine-koolivaheaeg-valdekus\/","name":"Talvine koolivaheaeg Valdekus &#8211; Valdeku noortekeskus","isPartOf":{"@id":"https:\/\/www.nomme.ee\/valdeku-noortekeskus\/#website"},"primaryImageOfPage":{"@id":"https:\/\/www.nomme.ee\/valdeku-noortekeskus\/kalender\/talvine-koolivaheaeg-valdekus\/#primaryimage"},"image":{"@id":"https:\/\/www.nomme.ee\/valdeku-noortekeskus\/kalender\/talvine-koolivaheaeg-valdekus\/#primaryimage"},"thumbnailUrl":"https:\/\/www.nomme.ee\/valdeku-noortekeskus\/wp-content\/uploads\/sites\/3\/2024\/12\/1.png","datePublished":"2024-12-05T11:19:48+00:00","dateModified":"2024-12-18T12:23:49+00:00","breadcrumb":{"@id":"https:\/\/www.nomme.ee\/valdeku-noortekeskus\/kalender\/talvine-koolivaheaeg-valdekus\/#breadcrumb"},"inLanguage":"et","potentialAction":[{"@type":"ReadAction","target":["https:\/\/www.nomme.ee\/valdeku-noortekeskus\/kalender\/talvine-koolivaheaeg-valdekus\/"]}]},{"@type":"ImageObject","inLanguage":"et","@id":"https:\/\/www.nomme.ee\/valdeku-noortekeskus\/kalender\/talvine-koolivaheaeg-valdekus\/#primaryimage","url":"https:\/\/www.nomme.ee\/valdeku-noortekeskus\/wp-content\/uploads\/sites\/3\/2024\/12\/1.png","contentUrl":"https:\/\/www.nomme.ee\/valdeku-noortekeskus\/wp-content\/uploads\/sites\/3\/2024\/12\/1.png","width":1080,"height":1080},{"@type":"BreadcrumbList","@id":"https:\/\/www.nomme.ee\/valdeku-noortekeskus\/kalender\/talvine-koolivaheaeg-valdekus\/#breadcrumb","itemListElement":[{"@type":"ListItem","position":1,"name":"Nõmme Vaba Aja Keskus","item":"https:\/\/www.nomme.ee"},{"@type":"ListItem","position":2,"name":"Valdeku noortekeskus","item":"https:\/\/www.nomme.ee\/valdeku-noortekeskus\/"},{"@type":"ListItem","position":3,"name":"Sündmused","item":"https:\/\/www.nomme.ee\/valdeku-noortekeskus\/kalender\/"},{"@type":"ListItem","position":4,"name":"Talvine koolivaheaeg Valdekus"}]},{"@type":"WebSite","@id":"https:\/\/www.nomme.ee\/valdeku-noortekeskus\/#website","url":"https:\/\/www.nomme.ee\/valdeku-noortekeskus\/","name":"Valdeku noortekeskus","description":"","potentialAction":[{"@type":"SearchAction","target":{"@type":"EntryPoint","urlTemplate":"https:\/\/www.nomme.ee\/valdeku-noortekeskus\/?s={search_term_string}"},"query-input":{"@type":"PropertyValueSpecification","valueRequired":true,"valueName":"search_term_string"}}],"inLanguage":"et"}]}</script>
<!-- / Yoast SEO plugin. -->

Talvist koolivaheaega veedame Valdekus uue aasta ootuses ja ikka lauamängude seltsis. Tegevused talvisel koolivaheajal:  30.12.2024 kell 12.00-19.00  Õpime üheskoos lauamänge, et valmistuda reedel koos Henriga mängima! 31.12.2024 kell 12.00-15.00 Jätkame lauamängude õppimisega 02.01.2025 kell 12.00-19.00 Õpime üheskoos lauamänge ja valmistume reedeks 3.01.2025 kell 15.00–18.30 Noore Henri omaalgatuslik lauamänguõhtu – saad õppida uusi mänge ja nautida [&hellip;]

Nõmme Vaba Aja Keskus

Sündmused
