{"id":2008,"date":"2025-03-28T10:55:08","date_gmt":"2025-03-28T10:55:08","guid":{"rendered":"https:\/\/www.nomme.ee\/valdeku-noortekeskus\/?post_type=kalender&#038;p=2008"},"modified":"2025-05-14T11:38:30","modified_gmt":"2025-05-14T11:38:30","slug":"dungeons-and-dragons-minilaager-3","status":"publish","type":"kalender","link":"https:\/\/www.nomme.ee\/valdeku-noortekeskus\/kalender\/dungeons-and-dragons-minilaager-3\/","title":{"rendered":"Dungeons and Dragons minilaager"},"content":{"rendered":"<div>\n<div class=\"ewa-rteLine\">\n<p>Kas Sinu sees peitub vapper r\u00e4ndur, tark v\u00f5lur v\u00f5i leidlik varas?<\/p>\n<p>Kolmep\u00e4evases Dungeons &amp; Dragons minilaagris saavad noored sukelduda fantaasiamaailma, luua oma tegelased ja elada kaasa p\u00f5nevatele seiklustele kogenud m\u00e4ngujuhtide eestvedamisel. See on v\u00f5imalus arendada loovust, koost\u00f6\u00f6oskusi ja strateegilist m\u00f5tlemist \u2013 ning muidugi ka lihtsalt m\u00f5nusalt aega veeta!<\/p>\n<p>\ud83d\udcc5 <strong>Millal?<\/strong> 18-20. Juuni<\/p>\n<\/div>\n<\/div>\n<div class=\"ewa-rteLine\">\ud83d\udccd <strong>Kus?<\/strong> Valdeku Noortekeskuses (Valdeku 13)<\/div>\n<div class=\"ewa-rteLine\">\n<p>\ud83d\udc65 <strong>Kellele?<\/strong> Ootame kuni 12 seiklejat vanuses 13-18<\/p>\n<p>\ud83d\udcb8 <strong>Osalustasu?<\/strong> 35 \u20ac (sisaldab l\u00f5unas\u00f6\u00f6ki ja sn\u00e4kke)<\/p>\n<p><span data-teams=\"true\"><p class=\"editor-content__cta\"><a class=\"main-btn\" target=\"_self\" href=\"https:\/\/forms.cloud.microsoft\/Pages\/ResponsePage.aspx?id=cHXIZv8p3U2dy47ZXTkZ9yGeGooFtNdMhiBJky588sRUMDUyQkkwQ05FTzFBU0E2RVlVU1FRQ0JXMiQlQCN0PWcu\"><strong>Registreerimine laagrisse<\/strong><\/a><\/p><\/span><\/p>\n<\/div>\n","protected":false},"featured_media":2065,"template":"","kalender_kategooria":[31,18,17,29],"class_list":["post-2008","kalender","type-kalender","status-publish","has-post-thumbnail","hentry","kalender_kategooria-koolivaheaeg","kalender_kategooria-laager","kalender_kategooria-lauamangud","kalender_kategooria-muu"],"acf":[],"yoast_head":"<!-- This site is optimized with the Yoast SEO plugin v27.5 - https:\/\/yoast.com\/product\/yoast-seo-wordpress\/ -->\n<title>Dungeons and Dragons minilaager &#8211; Valdeku noortekeskus<\/title>\n<meta name=\"robots\" content=\"index, follow, max-snippet:-1, max-image-preview:large, max-video-preview:-1\" \/>\n<link rel=\"canonical\" href=\"https:\/\/www.nomme.ee\/valdeku-noortekeskus\/kalender\/dungeons-and-dragons-minilaager-3\/\" \/>\n<meta property=\"og:locale\" content=\"et_EE\" \/>\n<meta property=\"og:type\" content=\"article\" \/>\n<meta property=\"og:title\" content=\"Dungeons and Dragons minilaager &#8211; Valdeku noortekeskus\" \/>\n<meta property=\"og:description\" content=\"Kas Sinu sees peitub vapper r\u00e4ndur, tark v\u00f5lur v\u00f5i leidlik varas? Kolmep\u00e4evases Dungeons &amp; Dragons minilaagris saavad noored sukelduda fantaasiamaailma, luua oma tegelased ja elada kaasa p\u00f5nevatele seiklustele kogenud m\u00e4ngujuhtide eestvedamisel. See on v\u00f5imalus arendada loovust, koost\u00f6\u00f6oskusi ja strateegilist m\u00f5tlemist \u2013 ning muidugi ka lihtsalt m\u00f5nusalt aega veeta! \ud83d\udcc5 Millal? 18-20. Juuni \ud83d\udccd Kus? Valdeku [&hellip;]\" \/>\n<meta property=\"og:url\" content=\"https:\/\/www.nomme.ee\/valdeku-noortekeskus\/kalender\/dungeons-and-dragons-minilaager-3\/\" \/>\n<meta property=\"og:site_name\" content=\"Valdeku noortekeskus\" \/>\n<meta property=\"article:modified_time\" content=\"2025-05-14T11:38:30+00:00\" \/>\n<meta property=\"og:image\" content=\"https:\/\/www.nomme.ee\/valdeku-noortekeskus\/wp-content\/uploads\/sites\/3\/2025\/03\/dndjuuni.png\" \/>\n\t<meta property=\"og:image:width\" content=\"1080\" \/>\n\t<meta property=\"og:image:height\" content=\"1080\" \/>\n\t<meta property=\"og:image:type\" content=\"image\/png\" \/>\n<meta name=\"twitter:card\" content=\"summary_large_image\" \/>\n<meta name=\"twitter:label1\" content=\"Est. reading time\" \/>\n\t<meta name=\"twitter:data1\" content=\"1 minut\" \/>\n<script type=\"application\/ld+json\" class=\"yoast-schema-graph\">{\"@context\":\"https:\\\/\\\/schema.org\",\"@graph\":[{\"@type\":\"WebPage\",\"@id\":\"https:\\\/\\\/www.nomme.ee\\\/valdeku-noortekeskus\\\/kalender\\\/dungeons-and-dragons-minilaager-3\\\/\",\"url\":\"https:\\\/\\\/www.nomme.ee\\\/valdeku-noortekeskus\\\/kalender\\\/dungeons-and-dragons-minilaager-3\\\/\",\"name\":\"Dungeons and Dragons minilaager &#8211; Valdeku noortekeskus\",\"isPartOf\":{\"@id\":\"https:\\\/\\\/www.nomme.ee\\\/valdeku-noortekeskus\\\/#website\"},\"primaryImageOfPage\":{\"@id\":\"https:\\\/\\\/www.nomme.ee\\\/valdeku-noortekeskus\\\/kalender\\\/dungeons-and-dragons-minilaager-3\\\/#primaryimage\"},\"image\":{\"@id\":\"https:\\\/\\\/www.nomme.ee\\\/valdeku-noortekeskus\\\/kalender\\\/dungeons-and-dragons-minilaager-3\\\/#primaryimage\"},\"thumbnailUrl\":\"https:\\\/\\\/www.nomme.ee\\\/valdeku-noortekeskus\\\/wp-content\\\/uploads\\\/sites\\\/3\\\/2025\\\/03\\\/dndjuuni.png\",\"datePublished\":\"2025-03-28T10:55:08+00:00\",\"dateModified\":\"2025-05-14T11:38:30+00:00\",\"breadcrumb\":{\"@id\":\"https:\\\/\\\/www.nomme.ee\\\/valdeku-noortekeskus\\\/kalender\\\/dungeons-and-dragons-minilaager-3\\\/#breadcrumb\"},\"inLanguage\":\"et\",\"potentialAction\":[{\"@type\":\"ReadAction\",\"target\":[\"https:\\\/\\\/www.nomme.ee\\\/valdeku-noortekeskus\\\/kalender\\\/dungeons-and-dragons-minilaager-3\\\/\"]}]},{\"@type\":\"ImageObject\",\"inLanguage\":\"et\",\"@id\":\"https:\\\/\\\/www.nomme.ee\\\/valdeku-noortekeskus\\\/kalender\\\/dungeons-and-dragons-minilaager-3\\\/#primaryimage\",\"url\":\"https:\\\/\\\/www.nomme.ee\\\/valdeku-noortekeskus\\\/wp-content\\\/uploads\\\/sites\\\/3\\\/2025\\\/03\\\/dndjuuni.png\",\"contentUrl\":\"https:\\\/\\\/www.nomme.ee\\\/valdeku-noortekeskus\\\/wp-content\\\/uploads\\\/sites\\\/3\\\/2025\\\/03\\\/dndjuuni.png\",\"width\":1080,\"height\":1080},{\"@type\":\"BreadcrumbList\",\"@id\":\"https:\\\/\\\/www.nomme.ee\\\/valdeku-noortekeskus\\\/kalender\\\/dungeons-and-dragons-minilaager-3\\\/#breadcrumb\",\"itemListElement\":[{\"@type\":\"ListItem\",\"position\":1,\"name\":\"N\u00f5mme Vaba Aja Keskus\",\"item\":\"https:\\\/\\\/www.nomme.ee\"},{\"@type\":\"ListItem\",\"position\":2,\"name\":\"Valdeku noortekeskus\",\"item\":\"https:\\\/\\\/www.nomme.ee\\\/valdeku-noortekeskus\\\/\"},{\"@type\":\"ListItem\",\"position\":3,\"name\":\"S\u00fcndmused\",\"item\":\"https:\\\/\\\/www.nomme.ee\\\/valdeku-noortekeskus\\\/kalender\\\/\"},{\"@type\":\"ListItem\",\"position\":4,\"name\":\"Dungeons and Dragons minilaager\"}]},{\"@type\":\"WebSite\",\"@id\":\"https:\\\/\\\/www.nomme.ee\\\/valdeku-noortekeskus\\\/#website\",\"url\":\"https:\\\/\\\/www.nomme.ee\\\/valdeku-noortekeskus\\\/\",\"name\":\"Valdeku noortekeskus\",\"description\":\"\",\"potentialAction\":[{\"@type\":\"SearchAction\",\"target\":{\"@type\":\"EntryPoint\",\"urlTemplate\":\"https:\\\/\\\/www.nomme.ee\\\/valdeku-noortekeskus\\\/?s={search_term_string}\"},\"query-input\":{\"@type\":\"PropertyValueSpecification\",\"valueRequired\":true,\"valueName\":\"search_term_string\"}}],\"inLanguage\":\"et\"}]}<\/script>\n<!-- \/ Yoast SEO plugin. -->","yoast_head_json":{"title":"Dungeons and Dragons minilaager &#8211; Valdeku noortekeskus","robots":{"index":"index","follow":"follow","max-snippet":"max-snippet:-1","max-image-preview":"max-image-preview:large","max-video-preview":"max-video-preview:-1"},"canonical":"https:\/\/www.nomme.ee\/valdeku-noortekeskus\/kalender\/dungeons-and-dragons-minilaager-3\/","og_locale":"et_EE","og_type":"article","og_title":"Dungeons and Dragons minilaager &#8211; Valdeku noortekeskus","og_description":"Kas Sinu sees peitub vapper r\u00e4ndur, tark v\u00f5lur v\u00f5i leidlik varas? Kolmep\u00e4evases Dungeons &amp; Dragons minilaagris saavad noored sukelduda fantaasiamaailma, luua oma tegelased ja elada kaasa p\u00f5nevatele seiklustele kogenud m\u00e4ngujuhtide eestvedamisel. See on v\u00f5imalus arendada loovust, koost\u00f6\u00f6oskusi ja strateegilist m\u00f5tlemist \u2013 ning muidugi ka lihtsalt m\u00f5nusalt aega veeta! \ud83d\udcc5 Millal? 18-20. Juuni \ud83d\udccd Kus? Valdeku [&hellip;]","og_url":"https:\/\/www.nomme.ee\/valdeku-noortekeskus\/kalender\/dungeons-and-dragons-minilaager-3\/","og_site_name":"Valdeku noortekeskus","article_modified_time":"2025-05-14T11:38:30+00:00","og_image":[{"width":1080,"height":1080,"url":"https:\/\/www.nomme.ee\/valdeku-noortekeskus\/wp-content\/uploads\/sites\/3\/2025\/03\/dndjuuni.png","type":"image\/png"}],"twitter_card":"summary_large_image","twitter_misc":{"Est. reading time":"1 minut"},"schema":{"@context":"https:\/\/schema.org","@graph":[{"@type":"WebPage","@id":"https:\/\/www.nomme.ee\/valdeku-noortekeskus\/kalender\/dungeons-and-dragons-minilaager-3\/","url":"https:\/\/www.nomme.ee\/valdeku-noortekeskus\/kalender\/dungeons-and-dragons-minilaager-3\/","name":"Dungeons and Dragons minilaager &#8211; Valdeku noortekeskus","isPartOf":{"@id":"https:\/\/www.nomme.ee\/valdeku-noortekeskus\/#website"},"primaryImageOfPage":{"@id":"https:\/\/www.nomme.ee\/valdeku-noortekeskus\/kalender\/dungeons-and-dragons-minilaager-3\/#primaryimage"},"image":{"@id":"https:\/\/www.nomme.ee\/valdeku-noortekeskus\/kalender\/dungeons-and-dragons-minilaager-3\/#primaryimage"},"thumbnailUrl":"https:\/\/www.nomme.ee\/valdeku-noortekeskus\/wp-content\/uploads\/sites\/3\/2025\/03\/dndjuuni.png","datePublished":"2025-03-28T10:55:08+00:00","dateModified":"2025-05-14T11:38:30+00:00","breadcrumb":{"@id":"https:\/\/www.nomme.ee\/valdeku-noortekeskus\/kalender\/dungeons-and-dragons-minilaager-3\/#breadcrumb"},"inLanguage":"et","potentialAction":[{"@type":"ReadAction","target":["https:\/\/www.nomme.ee\/valdeku-noortekeskus\/kalender\/dungeons-and-dragons-minilaager-3\/"]}]},{"@type":"ImageObject","inLanguage":"et","@id":"https:\/\/www.nomme.ee\/valdeku-noortekeskus\/kalender\/dungeons-and-dragons-minilaager-3\/#primaryimage","url":"https:\/\/www.nomme.ee\/valdeku-noortekeskus\/wp-content\/uploads\/sites\/3\/2025\/03\/dndjuuni.png","contentUrl":"https:\/\/www.nomme.ee\/valdeku-noortekeskus\/wp-content\/uploads\/sites\/3\/2025\/03\/dndjuuni.png","width":1080,"height":1080},{"@type":"BreadcrumbList","@id":"https:\/\/www.nomme.ee\/valdeku-noortekeskus\/kalender\/dungeons-and-dragons-minilaager-3\/#breadcrumb","itemListElement":[{"@type":"ListItem","position":1,"name":"N\u00f5mme Vaba Aja Keskus","item":"https:\/\/www.nomme.ee"},{"@type":"ListItem","position":2,"name":"Valdeku noortekeskus","item":"https:\/\/www.nomme.ee\/valdeku-noortekeskus\/"},{"@type":"ListItem","position":3,"name":"S\u00fcndmused","item":"https:\/\/www.nomme.ee\/valdeku-noortekeskus\/kalender\/"},{"@type":"ListItem","position":4,"name":"Dungeons and Dragons minilaager"}]},{"@type":"WebSite","@id":"https:\/\/www.nomme.ee\/valdeku-noortekeskus\/#website","url":"https:\/\/www.nomme.ee\/valdeku-noortekeskus\/","name":"Valdeku noortekeskus","description":"","potentialAction":[{"@type":"SearchAction","target":{"@type":"EntryPoint","urlTemplate":"https:\/\/www.nomme.ee\/valdeku-noortekeskus\/?s={search_term_string}"},"query-input":{"@type":"PropertyValueSpecification","valueRequired":true,"valueName":"search_term_string"}}],"inLanguage":"et"}]}},"_links":{"self":[{"href":"https:\/\/www.nomme.ee\/valdeku-noortekeskus\/wp-json\/wp\/v2\/kalender\/2008","targetHints":{"allow":["GET"]}}],"collection":[{"href":"https:\/\/www.nomme.ee\/valdeku-noortekeskus\/wp-json\/wp\/v2\/kalender"}],"about":[{"href":"https:\/\/www.nomme.ee\/valdeku-noortekeskus\/wp-json\/wp\/v2\/types\/kalender"}],"version-history":[{"count":5,"href":"https:\/\/www.nomme.ee\/valdeku-noortekeskus\/wp-json\/wp\/v2\/kalender\/2008\/revisions"}],"predecessor-version":[{"id":2082,"href":"https:\/\/www.nomme.ee\/valdeku-noortekeskus\/wp-json\/wp\/v2\/kalender\/2008\/revisions\/2082"}],"wp:featuredmedia":[{"embeddable":true,"href":"https:\/\/www.nomme.ee\/valdeku-noortekeskus\/wp-json\/wp\/v2\/media\/2065"}],"wp:attachment":[{"href":"https:\/\/www.nomme.ee\/valdeku-noortekeskus\/wp-json\/wp\/v2\/media?parent=2008"}],"wp:term":[{"taxonomy":"kalender_kategooria","embeddable":true,"href":"https:\/\/www.nomme.ee\/valdeku-noortekeskus\/wp-json\/wp\/v2\/kalender_kategooria?post=2008"}],"curies":[{"name":"wp","href":"https:\/\/api.w.org\/{rel}","templated":true}]}}

<div>
<div class="ewa-rteLine">
<p>Kas Sinu sees peitub vapper rändur, tark võlur või leidlik varas?</p>
<p>Kolmepäevases Dungeons &amp; Dragons minilaagris saavad noored sukelduda fantaasiamaailma, luua oma tegelased ja elada kaasa põnevatele seiklustele kogenud mängujuhtide eestvedamisel. See on võimalus arendada loovust, koostööoskusi ja strateegilist mõtlemist – ning muidugi ka lihtsalt mõnusalt aega veeta!</p>
<p>📅 <strong>Millal?</strong> 18-20. Juuni</p>
</div>
</div>
<div class="ewa-rteLine">📍 <strong>Kus?</strong> Valdeku Noortekeskuses (Valdeku 13)</div>
<div class="ewa-rteLine">
<p>👥 <strong>Kellele?</strong> Ootame kuni 12 seiklejat vanuses 13-18</p>
<p>💸 <strong>Osalustasu?</strong> 35 € (sisaldab lõunasööki ja snäkke)</p>
<p><span data-teams="true"><p class="editor-content__cta"><a class="main-btn" target="_self" href="https://forms.cloud.microsoft/Pages/ResponsePage.aspx?id=cHXIZv8p3U2dy47ZXTkZ9yGeGooFtNdMhiBJky588sRUMDUyQkkwQ05FTzFBU0E2RVlVU1FRQ0JXMiQlQCN0PWcu"><strong>Registreerimine laagrisse</strong></a></p></span></p>
</div>

<!-- This site is optimized with the Yoast SEO plugin v27.5 - https://yoast.com/product/yoast-seo-wordpress/ -->
<title>Dungeons and Dragons minilaager &#8211; Valdeku noortekeskus</title>
<meta name="robots" content="index, follow, max-snippet:-1, max-image-preview:large, max-video-preview:-1" />
<link rel="canonical" href="https://www.nomme.ee/valdeku-noortekeskus/kalender/dungeons-and-dragons-minilaager-3/" />
<meta property="og:locale" content="et_EE" />
<meta property="og:type" content="article" />
<meta property="og:title" content="Dungeons and Dragons minilaager &#8211; Valdeku noortekeskus" />
<meta property="og:description" content="Kas Sinu sees peitub vapper rändur, tark võlur või leidlik varas? Kolmepäevases Dungeons &amp; Dragons minilaagris saavad noored sukelduda fantaasiamaailma, luua oma tegelased ja elada kaasa põnevatele seiklustele kogenud mängujuhtide eestvedamisel. See on võimalus arendada loovust, koostööoskusi ja strateegilist mõtlemist – ning muidugi ka lihtsalt mõnusalt aega veeta! 📅 Millal? 18-20. Juuni 📍 Kus? Valdeku [&hellip;]" />
<meta property="og:url" content="https://www.nomme.ee/valdeku-noortekeskus/kalender/dungeons-and-dragons-minilaager-3/" />
<meta property="og:site_name" content="Valdeku noortekeskus" />
<meta property="article:modified_time" content="2025-05-14T11:38:30+00:00" />
<meta property="og:image" content="https://www.nomme.ee/valdeku-noortekeskus/wp-content/uploads/sites/3/2025/03/dndjuuni.png" />
	<meta property="og:image:width" content="1080" />
	<meta property="og:image:height" content="1080" />
	<meta property="og:image:type" content="image/png" />
<meta name="twitter:card" content="summary_large_image" />
<meta name="twitter:label1" content="Est. reading time" />
	<meta name="twitter:data1" content="1 minut" />
<script type="application/ld+json" class="yoast-schema-graph">{"@context":"https:\/\/schema.org","@graph":[{"@type":"WebPage","@id":"https:\/\/www.nomme.ee\/valdeku-noortekeskus\/kalender\/dungeons-and-dragons-minilaager-3\/","url":"https:\/\/www.nomme.ee\/valdeku-noortekeskus\/kalender\/dungeons-and-dragons-minilaager-3\/","name":"Dungeons and Dragons minilaager &#8211; Valdeku noortekeskus","isPartOf":{"@id":"https:\/\/www.nomme.ee\/valdeku-noortekeskus\/#website"},"primaryImageOfPage":{"@id":"https:\/\/www.nomme.ee\/valdeku-noortekeskus\/kalender\/dungeons-and-dragons-minilaager-3\/#primaryimage"},"image":{"@id":"https:\/\/www.nomme.ee\/valdeku-noortekeskus\/kalender\/dungeons-and-dragons-minilaager-3\/#primaryimage"},"thumbnailUrl":"https:\/\/www.nomme.ee\/valdeku-noortekeskus\/wp-content\/uploads\/sites\/3\/2025\/03\/dndjuuni.png","datePublished":"2025-03-28T10:55:08+00:00","dateModified":"2025-05-14T11:38:30+00:00","breadcrumb":{"@id":"https:\/\/www.nomme.ee\/valdeku-noortekeskus\/kalender\/dungeons-and-dragons-minilaager-3\/#breadcrumb"},"inLanguage":"et","potentialAction":[{"@type":"ReadAction","target":["https:\/\/www.nomme.ee\/valdeku-noortekeskus\/kalender\/dungeons-and-dragons-minilaager-3\/"]}]},{"@type":"ImageObject","inLanguage":"et","@id":"https:\/\/www.nomme.ee\/valdeku-noortekeskus\/kalender\/dungeons-and-dragons-minilaager-3\/#primaryimage","url":"https:\/\/www.nomme.ee\/valdeku-noortekeskus\/wp-content\/uploads\/sites\/3\/2025\/03\/dndjuuni.png","contentUrl":"https:\/\/www.nomme.ee\/valdeku-noortekeskus\/wp-content\/uploads\/sites\/3\/2025\/03\/dndjuuni.png","width":1080,"height":1080},{"@type":"BreadcrumbList","@id":"https:\/\/www.nomme.ee\/valdeku-noortekeskus\/kalender\/dungeons-and-dragons-minilaager-3\/#breadcrumb","itemListElement":[{"@type":"ListItem","position":1,"name":"Nõmme Vaba Aja Keskus","item":"https:\/\/www.nomme.ee"},{"@type":"ListItem","position":2,"name":"Valdeku noortekeskus","item":"https:\/\/www.nomme.ee\/valdeku-noortekeskus\/"},{"@type":"ListItem","position":3,"name":"Sündmused","item":"https:\/\/www.nomme.ee\/valdeku-noortekeskus\/kalender\/"},{"@type":"ListItem","position":4,"name":"Dungeons and Dragons minilaager"}]},{"@type":"WebSite","@id":"https:\/\/www.nomme.ee\/valdeku-noortekeskus\/#website","url":"https:\/\/www.nomme.ee\/valdeku-noortekeskus\/","name":"Valdeku noortekeskus","description":"","potentialAction":[{"@type":"SearchAction","target":{"@type":"EntryPoint","urlTemplate":"https:\/\/www.nomme.ee\/valdeku-noortekeskus\/?s={search_term_string}"},"query-input":{"@type":"PropertyValueSpecification","valueRequired":true,"valueName":"search_term_string"}}],"inLanguage":"et"}]}</script>
<!-- / Yoast SEO plugin. -->

Kas Sinu sees peitub vapper rändur, tark võlur või leidlik varas? Kolmepäevases Dungeons &amp; Dragons minilaagris saavad noored sukelduda fantaasiamaailma, luua oma tegelased ja elada kaasa põnevatele seiklustele kogenud mängujuhtide eestvedamisel. See on võimalus arendada loovust, koostööoskusi ja strateegilist mõtlemist – ning muidugi ka lihtsalt mõnusalt aega veeta! 📅 Millal? 18-20. Juuni 📍 Kus? Valdeku [&hellip;]

Nõmme Vaba Aja Keskus

Sündmused
