{"id":2345,"date":"2025-12-17T14:09:05","date_gmt":"2025-12-17T14:09:05","guid":{"rendered":"https:\/\/www.nomme.ee\/valdeku-noortekeskus\/?post_type=kalender&#038;p=2345"},"modified":"2025-12-17T14:09:05","modified_gmt":"2025-12-17T14:09:05","slug":"valdeku-noortekeskus-on-suletud-20-12-2025-4-01-2026","status":"publish","type":"kalender","link":"https:\/\/www.nomme.ee\/valdeku-noortekeskus\/kalender\/valdeku-noortekeskus-on-suletud-20-12-2025-4-01-2026\/","title":{"rendered":"Valdeku Noortekeskus on suletud 20.12.2025 &#8211; 4.01.2026"},"content":{"rendered":"<p>Noorsoot\u00f6\u00f6tajad puhkavad nii Valdeku kui P\u00e4\u00e4sk\u00fcla Noortekeskustes, puhka sina ka. Kui meid igatsed, siis kasuta seda aega, et tuletada meelde h\u00e4id noori, tegemisi ja noorsoot\u00f6\u00f6tajaid, kes\/mis v\u00f5iks 2025 aastal tehtud t\u00f6\u00f6 eest tunnustuse saada. Lisainfo Suured Teod tunnustuss\u00fcndmuse kohta siin: <span style=\"color: #ff6600\"><strong>https:\/\/www.tallinn.ee\/et\/suuredteod<\/strong><\/span><\/p>\n","protected":false},"featured_media":2346,"template":"","kalender_kategooria":[],"class_list":["post-2345","kalender","type-kalender","status-publish","has-post-thumbnail","hentry"],"acf":[],"yoast_head":"<!-- This site is optimized with the Yoast SEO plugin v27.5 - https:\/\/yoast.com\/product\/yoast-seo-wordpress\/ -->\n<title>Valdeku Noortekeskus on suletud 20.12.2025 - 4.01.2026 &#8211; Valdeku noortekeskus<\/title>\n<meta name=\"robots\" content=\"index, follow, max-snippet:-1, max-image-preview:large, max-video-preview:-1\" \/>\n<link rel=\"canonical\" href=\"https:\/\/www.nomme.ee\/valdeku-noortekeskus\/kalender\/valdeku-noortekeskus-on-suletud-20-12-2025-4-01-2026\/\" \/>\n<meta property=\"og:locale\" content=\"et_EE\" \/>\n<meta property=\"og:type\" content=\"article\" \/>\n<meta property=\"og:title\" content=\"Valdeku Noortekeskus on suletud 20.12.2025 - 4.01.2026 &#8211; Valdeku noortekeskus\" \/>\n<meta property=\"og:description\" content=\"Noorsoot\u00f6\u00f6tajad puhkavad nii Valdeku kui P\u00e4\u00e4sk\u00fcla Noortekeskustes, puhka sina ka. Kui meid igatsed, siis kasuta seda aega, et tuletada meelde h\u00e4id noori, tegemisi ja noorsoot\u00f6\u00f6tajaid, kes\/mis v\u00f5iks 2025 aastal tehtud t\u00f6\u00f6 eest tunnustuse saada. Lisainfo Suured Teod tunnustuss\u00fcndmuse kohta siin: https:\/\/www.tallinn.ee\/et\/suuredteod\" \/>\n<meta property=\"og:url\" content=\"https:\/\/www.nomme.ee\/valdeku-noortekeskus\/kalender\/valdeku-noortekeskus-on-suletud-20-12-2025-4-01-2026\/\" \/>\n<meta property=\"og:site_name\" content=\"Valdeku noortekeskus\" \/>\n<meta property=\"og:image\" content=\"https:\/\/www.nomme.ee\/valdeku-noortekeskus\/wp-content\/uploads\/sites\/3\/2025\/12\/1.png\" \/>\n\t<meta property=\"og:image:width\" content=\"788\" \/>\n\t<meta property=\"og:image:height\" content=\"788\" \/>\n\t<meta property=\"og:image:type\" content=\"image\/png\" \/>\n<meta name=\"twitter:card\" content=\"summary_large_image\" \/>\n<meta name=\"twitter:label1\" content=\"Est. reading time\" \/>\n\t<meta name=\"twitter:data1\" content=\"1 minut\" \/>\n<script type=\"application\/ld+json\" class=\"yoast-schema-graph\">{\"@context\":\"https:\\\/\\\/schema.org\",\"@graph\":[{\"@type\":\"WebPage\",\"@id\":\"https:\\\/\\\/www.nomme.ee\\\/valdeku-noortekeskus\\\/kalender\\\/valdeku-noortekeskus-on-suletud-20-12-2025-4-01-2026\\\/\",\"url\":\"https:\\\/\\\/www.nomme.ee\\\/valdeku-noortekeskus\\\/kalender\\\/valdeku-noortekeskus-on-suletud-20-12-2025-4-01-2026\\\/\",\"name\":\"Valdeku Noortekeskus on suletud 20.12.2025 - 4.01.2026 &#8211; Valdeku noortekeskus\",\"isPartOf\":{\"@id\":\"https:\\\/\\\/www.nomme.ee\\\/valdeku-noortekeskus\\\/#website\"},\"primaryImageOfPage\":{\"@id\":\"https:\\\/\\\/www.nomme.ee\\\/valdeku-noortekeskus\\\/kalender\\\/valdeku-noortekeskus-on-suletud-20-12-2025-4-01-2026\\\/#primaryimage\"},\"image\":{\"@id\":\"https:\\\/\\\/www.nomme.ee\\\/valdeku-noortekeskus\\\/kalender\\\/valdeku-noortekeskus-on-suletud-20-12-2025-4-01-2026\\\/#primaryimage\"},\"thumbnailUrl\":\"https:\\\/\\\/www.nomme.ee\\\/valdeku-noortekeskus\\\/wp-content\\\/uploads\\\/sites\\\/3\\\/2025\\\/12\\\/1.png\",\"datePublished\":\"2025-12-17T14:09:05+00:00\",\"breadcrumb\":{\"@id\":\"https:\\\/\\\/www.nomme.ee\\\/valdeku-noortekeskus\\\/kalender\\\/valdeku-noortekeskus-on-suletud-20-12-2025-4-01-2026\\\/#breadcrumb\"},\"inLanguage\":\"et\",\"potentialAction\":[{\"@type\":\"ReadAction\",\"target\":[\"https:\\\/\\\/www.nomme.ee\\\/valdeku-noortekeskus\\\/kalender\\\/valdeku-noortekeskus-on-suletud-20-12-2025-4-01-2026\\\/\"]}]},{\"@type\":\"ImageObject\",\"inLanguage\":\"et\",\"@id\":\"https:\\\/\\\/www.nomme.ee\\\/valdeku-noortekeskus\\\/kalender\\\/valdeku-noortekeskus-on-suletud-20-12-2025-4-01-2026\\\/#primaryimage\",\"url\":\"https:\\\/\\\/www.nomme.ee\\\/valdeku-noortekeskus\\\/wp-content\\\/uploads\\\/sites\\\/3\\\/2025\\\/12\\\/1.png\",\"contentUrl\":\"https:\\\/\\\/www.nomme.ee\\\/valdeku-noortekeskus\\\/wp-content\\\/uploads\\\/sites\\\/3\\\/2025\\\/12\\\/1.png\",\"width\":788,\"height\":788},{\"@type\":\"BreadcrumbList\",\"@id\":\"https:\\\/\\\/www.nomme.ee\\\/valdeku-noortekeskus\\\/kalender\\\/valdeku-noortekeskus-on-suletud-20-12-2025-4-01-2026\\\/#breadcrumb\",\"itemListElement\":[{\"@type\":\"ListItem\",\"position\":1,\"name\":\"N\u00f5mme Vaba Aja Keskus\",\"item\":\"https:\\\/\\\/www.nomme.ee\"},{\"@type\":\"ListItem\",\"position\":2,\"name\":\"Valdeku noortekeskus\",\"item\":\"https:\\\/\\\/www.nomme.ee\\\/valdeku-noortekeskus\\\/\"},{\"@type\":\"ListItem\",\"position\":3,\"name\":\"S\u00fcndmused\",\"item\":\"https:\\\/\\\/www.nomme.ee\\\/valdeku-noortekeskus\\\/kalender\\\/\"},{\"@type\":\"ListItem\",\"position\":4,\"name\":\"Valdeku Noortekeskus on suletud 20.12.2025 &#8211; 4.01.2026\"}]},{\"@type\":\"WebSite\",\"@id\":\"https:\\\/\\\/www.nomme.ee\\\/valdeku-noortekeskus\\\/#website\",\"url\":\"https:\\\/\\\/www.nomme.ee\\\/valdeku-noortekeskus\\\/\",\"name\":\"Valdeku noortekeskus\",\"description\":\"\",\"potentialAction\":[{\"@type\":\"SearchAction\",\"target\":{\"@type\":\"EntryPoint\",\"urlTemplate\":\"https:\\\/\\\/www.nomme.ee\\\/valdeku-noortekeskus\\\/?s={search_term_string}\"},\"query-input\":{\"@type\":\"PropertyValueSpecification\",\"valueRequired\":true,\"valueName\":\"search_term_string\"}}],\"inLanguage\":\"et\"}]}<\/script>\n<!-- \/ Yoast SEO plugin. -->","yoast_head_json":{"title":"Valdeku Noortekeskus on suletud 20.12.2025 - 4.01.2026 &#8211; Valdeku noortekeskus","robots":{"index":"index","follow":"follow","max-snippet":"max-snippet:-1","max-image-preview":"max-image-preview:large","max-video-preview":"max-video-preview:-1"},"canonical":"https:\/\/www.nomme.ee\/valdeku-noortekeskus\/kalender\/valdeku-noortekeskus-on-suletud-20-12-2025-4-01-2026\/","og_locale":"et_EE","og_type":"article","og_title":"Valdeku Noortekeskus on suletud 20.12.2025 - 4.01.2026 &#8211; Valdeku noortekeskus","og_description":"Noorsoot\u00f6\u00f6tajad puhkavad nii Valdeku kui P\u00e4\u00e4sk\u00fcla Noortekeskustes, puhka sina ka. Kui meid igatsed, siis kasuta seda aega, et tuletada meelde h\u00e4id noori, tegemisi ja noorsoot\u00f6\u00f6tajaid, kes\/mis v\u00f5iks 2025 aastal tehtud t\u00f6\u00f6 eest tunnustuse saada. Lisainfo Suured Teod tunnustuss\u00fcndmuse kohta siin: https:\/\/www.tallinn.ee\/et\/suuredteod","og_url":"https:\/\/www.nomme.ee\/valdeku-noortekeskus\/kalender\/valdeku-noortekeskus-on-suletud-20-12-2025-4-01-2026\/","og_site_name":"Valdeku noortekeskus","og_image":[{"width":788,"height":788,"url":"https:\/\/www.nomme.ee\/valdeku-noortekeskus\/wp-content\/uploads\/sites\/3\/2025\/12\/1.png","type":"image\/png"}],"twitter_card":"summary_large_image","twitter_misc":{"Est. reading time":"1 minut"},"schema":{"@context":"https:\/\/schema.org","@graph":[{"@type":"WebPage","@id":"https:\/\/www.nomme.ee\/valdeku-noortekeskus\/kalender\/valdeku-noortekeskus-on-suletud-20-12-2025-4-01-2026\/","url":"https:\/\/www.nomme.ee\/valdeku-noortekeskus\/kalender\/valdeku-noortekeskus-on-suletud-20-12-2025-4-01-2026\/","name":"Valdeku Noortekeskus on suletud 20.12.2025 - 4.01.2026 &#8211; Valdeku noortekeskus","isPartOf":{"@id":"https:\/\/www.nomme.ee\/valdeku-noortekeskus\/#website"},"primaryImageOfPage":{"@id":"https:\/\/www.nomme.ee\/valdeku-noortekeskus\/kalender\/valdeku-noortekeskus-on-suletud-20-12-2025-4-01-2026\/#primaryimage"},"image":{"@id":"https:\/\/www.nomme.ee\/valdeku-noortekeskus\/kalender\/valdeku-noortekeskus-on-suletud-20-12-2025-4-01-2026\/#primaryimage"},"thumbnailUrl":"https:\/\/www.nomme.ee\/valdeku-noortekeskus\/wp-content\/uploads\/sites\/3\/2025\/12\/1.png","datePublished":"2025-12-17T14:09:05+00:00","breadcrumb":{"@id":"https:\/\/www.nomme.ee\/valdeku-noortekeskus\/kalender\/valdeku-noortekeskus-on-suletud-20-12-2025-4-01-2026\/#breadcrumb"},"inLanguage":"et","potentialAction":[{"@type":"ReadAction","target":["https:\/\/www.nomme.ee\/valdeku-noortekeskus\/kalender\/valdeku-noortekeskus-on-suletud-20-12-2025-4-01-2026\/"]}]},{"@type":"ImageObject","inLanguage":"et","@id":"https:\/\/www.nomme.ee\/valdeku-noortekeskus\/kalender\/valdeku-noortekeskus-on-suletud-20-12-2025-4-01-2026\/#primaryimage","url":"https:\/\/www.nomme.ee\/valdeku-noortekeskus\/wp-content\/uploads\/sites\/3\/2025\/12\/1.png","contentUrl":"https:\/\/www.nomme.ee\/valdeku-noortekeskus\/wp-content\/uploads\/sites\/3\/2025\/12\/1.png","width":788,"height":788},{"@type":"BreadcrumbList","@id":"https:\/\/www.nomme.ee\/valdeku-noortekeskus\/kalender\/valdeku-noortekeskus-on-suletud-20-12-2025-4-01-2026\/#breadcrumb","itemListElement":[{"@type":"ListItem","position":1,"name":"N\u00f5mme Vaba Aja Keskus","item":"https:\/\/www.nomme.ee"},{"@type":"ListItem","position":2,"name":"Valdeku noortekeskus","item":"https:\/\/www.nomme.ee\/valdeku-noortekeskus\/"},{"@type":"ListItem","position":3,"name":"S\u00fcndmused","item":"https:\/\/www.nomme.ee\/valdeku-noortekeskus\/kalender\/"},{"@type":"ListItem","position":4,"name":"Valdeku Noortekeskus on suletud 20.12.2025 &#8211; 4.01.2026"}]},{"@type":"WebSite","@id":"https:\/\/www.nomme.ee\/valdeku-noortekeskus\/#website","url":"https:\/\/www.nomme.ee\/valdeku-noortekeskus\/","name":"Valdeku noortekeskus","description":"","potentialAction":[{"@type":"SearchAction","target":{"@type":"EntryPoint","urlTemplate":"https:\/\/www.nomme.ee\/valdeku-noortekeskus\/?s={search_term_string}"},"query-input":{"@type":"PropertyValueSpecification","valueRequired":true,"valueName":"search_term_string"}}],"inLanguage":"et"}]}},"_links":{"self":[{"href":"https:\/\/www.nomme.ee\/valdeku-noortekeskus\/wp-json\/wp\/v2\/kalender\/2345","targetHints":{"allow":["GET"]}}],"collection":[{"href":"https:\/\/www.nomme.ee\/valdeku-noortekeskus\/wp-json\/wp\/v2\/kalender"}],"about":[{"href":"https:\/\/www.nomme.ee\/valdeku-noortekeskus\/wp-json\/wp\/v2\/types\/kalender"}],"version-history":[{"count":2,"href":"https:\/\/www.nomme.ee\/valdeku-noortekeskus\/wp-json\/wp\/v2\/kalender\/2345\/revisions"}],"predecessor-version":[{"id":2348,"href":"https:\/\/www.nomme.ee\/valdeku-noortekeskus\/wp-json\/wp\/v2\/kalender\/2345\/revisions\/2348"}],"wp:featuredmedia":[{"embeddable":true,"href":"https:\/\/www.nomme.ee\/valdeku-noortekeskus\/wp-json\/wp\/v2\/media\/2346"}],"wp:attachment":[{"href":"https:\/\/www.nomme.ee\/valdeku-noortekeskus\/wp-json\/wp\/v2\/media?parent=2345"}],"wp:term":[{"taxonomy":"kalender_kategooria","embeddable":true,"href":"https:\/\/www.nomme.ee\/valdeku-noortekeskus\/wp-json\/wp\/v2\/kalender_kategooria?post=2345"}],"curies":[{"name":"wp","href":"https:\/\/api.w.org\/{rel}","templated":true}]}}

<p>Noorsootöötajad puhkavad nii Valdeku kui Pääsküla Noortekeskustes, puhka sina ka. Kui meid igatsed, siis kasuta seda aega, et tuletada meelde häid noori, tegemisi ja noorsootöötajaid, kes/mis võiks 2025 aastal tehtud töö eest tunnustuse saada. Lisainfo Suured Teod tunnustussündmuse kohta siin: <span style="color: #ff6600"><strong>https://www.tallinn.ee/et/suuredteod</strong></span></p>

<!-- This site is optimized with the Yoast SEO plugin v27.5 - https://yoast.com/product/yoast-seo-wordpress/ -->
<title>Valdeku Noortekeskus on suletud 20.12.2025 - 4.01.2026 &#8211; Valdeku noortekeskus</title>
<meta name="robots" content="index, follow, max-snippet:-1, max-image-preview:large, max-video-preview:-1" />
<link rel="canonical" href="https://www.nomme.ee/valdeku-noortekeskus/kalender/valdeku-noortekeskus-on-suletud-20-12-2025-4-01-2026/" />
<meta property="og:locale" content="et_EE" />
<meta property="og:type" content="article" />
<meta property="og:title" content="Valdeku Noortekeskus on suletud 20.12.2025 - 4.01.2026 &#8211; Valdeku noortekeskus" />
<meta property="og:description" content="Noorsootöötajad puhkavad nii Valdeku kui Pääsküla Noortekeskustes, puhka sina ka. Kui meid igatsed, siis kasuta seda aega, et tuletada meelde häid noori, tegemisi ja noorsootöötajaid, kes/mis võiks 2025 aastal tehtud töö eest tunnustuse saada. Lisainfo Suured Teod tunnustussündmuse kohta siin: https://www.tallinn.ee/et/suuredteod" />
<meta property="og:url" content="https://www.nomme.ee/valdeku-noortekeskus/kalender/valdeku-noortekeskus-on-suletud-20-12-2025-4-01-2026/" />
<meta property="og:site_name" content="Valdeku noortekeskus" />
<meta property="og:image" content="https://www.nomme.ee/valdeku-noortekeskus/wp-content/uploads/sites/3/2025/12/1.png" />
	<meta property="og:image:width" content="788" />
	<meta property="og:image:height" content="788" />
	<meta property="og:image:type" content="image/png" />
<meta name="twitter:card" content="summary_large_image" />
<meta name="twitter:label1" content="Est. reading time" />
	<meta name="twitter:data1" content="1 minut" />
<script type="application/ld+json" class="yoast-schema-graph">{"@context":"https:\/\/schema.org","@graph":[{"@type":"WebPage","@id":"https:\/\/www.nomme.ee\/valdeku-noortekeskus\/kalender\/valdeku-noortekeskus-on-suletud-20-12-2025-4-01-2026\/","url":"https:\/\/www.nomme.ee\/valdeku-noortekeskus\/kalender\/valdeku-noortekeskus-on-suletud-20-12-2025-4-01-2026\/","name":"Valdeku Noortekeskus on suletud 20.12.2025 - 4.01.2026 &#8211; Valdeku noortekeskus","isPartOf":{"@id":"https:\/\/www.nomme.ee\/valdeku-noortekeskus\/#website"},"primaryImageOfPage":{"@id":"https:\/\/www.nomme.ee\/valdeku-noortekeskus\/kalender\/valdeku-noortekeskus-on-suletud-20-12-2025-4-01-2026\/#primaryimage"},"image":{"@id":"https:\/\/www.nomme.ee\/valdeku-noortekeskus\/kalender\/valdeku-noortekeskus-on-suletud-20-12-2025-4-01-2026\/#primaryimage"},"thumbnailUrl":"https:\/\/www.nomme.ee\/valdeku-noortekeskus\/wp-content\/uploads\/sites\/3\/2025\/12\/1.png","datePublished":"2025-12-17T14:09:05+00:00","breadcrumb":{"@id":"https:\/\/www.nomme.ee\/valdeku-noortekeskus\/kalender\/valdeku-noortekeskus-on-suletud-20-12-2025-4-01-2026\/#breadcrumb"},"inLanguage":"et","potentialAction":[{"@type":"ReadAction","target":["https:\/\/www.nomme.ee\/valdeku-noortekeskus\/kalender\/valdeku-noortekeskus-on-suletud-20-12-2025-4-01-2026\/"]}]},{"@type":"ImageObject","inLanguage":"et","@id":"https:\/\/www.nomme.ee\/valdeku-noortekeskus\/kalender\/valdeku-noortekeskus-on-suletud-20-12-2025-4-01-2026\/#primaryimage","url":"https:\/\/www.nomme.ee\/valdeku-noortekeskus\/wp-content\/uploads\/sites\/3\/2025\/12\/1.png","contentUrl":"https:\/\/www.nomme.ee\/valdeku-noortekeskus\/wp-content\/uploads\/sites\/3\/2025\/12\/1.png","width":788,"height":788},{"@type":"BreadcrumbList","@id":"https:\/\/www.nomme.ee\/valdeku-noortekeskus\/kalender\/valdeku-noortekeskus-on-suletud-20-12-2025-4-01-2026\/#breadcrumb","itemListElement":[{"@type":"ListItem","position":1,"name":"Nõmme Vaba Aja Keskus","item":"https:\/\/www.nomme.ee"},{"@type":"ListItem","position":2,"name":"Valdeku noortekeskus","item":"https:\/\/www.nomme.ee\/valdeku-noortekeskus\/"},{"@type":"ListItem","position":3,"name":"Sündmused","item":"https:\/\/www.nomme.ee\/valdeku-noortekeskus\/kalender\/"},{"@type":"ListItem","position":4,"name":"Valdeku Noortekeskus on suletud 20.12.2025 &#8211; 4.01.2026"}]},{"@type":"WebSite","@id":"https:\/\/www.nomme.ee\/valdeku-noortekeskus\/#website","url":"https:\/\/www.nomme.ee\/valdeku-noortekeskus\/","name":"Valdeku noortekeskus","description":"","potentialAction":[{"@type":"SearchAction","target":{"@type":"EntryPoint","urlTemplate":"https:\/\/www.nomme.ee\/valdeku-noortekeskus\/?s={search_term_string}"},"query-input":{"@type":"PropertyValueSpecification","valueRequired":true,"valueName":"search_term_string"}}],"inLanguage":"et"}]}</script>
<!-- / Yoast SEO plugin. -->

Noorsootöötajad puhkavad nii Valdeku kui Pääsküla Noortekeskustes, puhka sina ka. Kui meid igatsed, siis kasuta seda aega, et tuletada meelde häid noori, tegemisi ja noorsootöötajaid, kes/mis võiks 2025 aastal tehtud töö eest tunnustuse saada. Lisainfo Suured Teod tunnustussündmuse kohta siin: https://www.tallinn.ee/et/suuredteod

Nõmme Vaba Aja Keskus

Sündmused
