{"id":481,"date":"2022-06-28T19:24:43","date_gmt":"2022-06-28T19:24:43","guid":{"rendered":"https:\/\/www.nomme.ee\/valdeku-noortekeskus\/?post_type=kalender&#038;p=481"},"modified":"2022-06-28T19:24:43","modified_gmt":"2022-06-28T19:24:43","slug":"nomme-noortekeskuste-suvi-2022","status":"publish","type":"kalender","link":"https:\/\/www.nomme.ee\/valdeku-noortekeskus\/kalender\/nomme-noortekeskuste-suvi-2022\/","title":{"rendered":"N\u00f5mme noortekeskuste suvi 2022"},"content":{"rendered":"<p>04.-08.07 Avatud on P\u00e4\u00e4sk\u00fcla Noortekeskus.<\/p>\n<p>11.-15.07 V\u00e4linoortekeskus N\u00f5mme S\u00f5\u00f5rikukohviku ees.<\/p>\n<p>18.-29.07 Noortekeskused suvepuhkusel.<\/p>\n<p>01.-04.08 V\u00e4linoortekeskus N\u00f5mme S\u00f5\u00f5rikukohviku ees.<\/p>\n<p>05.08 P\u00e4ssafest P\u00e4\u00e4sk\u00fcla Noortekeskuses.<\/p>\n<p>08.-12.08 Avatud on Valdeku Noortekeskus.<\/p>\n<p>15.-19.08 V\u00e4linoortekeskus N\u00f5mme S\u00f5\u00f5rikukohviku ees.<\/p>\n<p>22.-26.08 Avatud on P\u00e4\u00e4sk\u00fcla Noortekeskus.<\/p>\n","protected":false},"featured_media":482,"template":"","kalender_kategooria":[],"class_list":["post-481","kalender","type-kalender","status-publish","has-post-thumbnail","hentry"],"acf":[],"yoast_head":"<!-- This site is optimized with the Yoast SEO plugin v27.5 - https:\/\/yoast.com\/product\/yoast-seo-wordpress\/ -->\n<title>N\u00f5mme noortekeskuste suvi 2022 &#8211; Valdeku noortekeskus<\/title>\n<meta name=\"robots\" content=\"index, follow, max-snippet:-1, max-image-preview:large, max-video-preview:-1\" \/>\n<link rel=\"canonical\" href=\"https:\/\/www.nomme.ee\/valdeku-noortekeskus\/kalender\/nomme-noortekeskuste-suvi-2022\/\" \/>\n<meta property=\"og:locale\" content=\"et_EE\" \/>\n<meta property=\"og:type\" content=\"article\" \/>\n<meta property=\"og:title\" content=\"N\u00f5mme noortekeskuste suvi 2022 &#8211; Valdeku noortekeskus\" \/>\n<meta property=\"og:description\" content=\"04.-08.07 Avatud on P\u00e4\u00e4sk\u00fcla Noortekeskus. 11.-15.07 V\u00e4linoortekeskus N\u00f5mme S\u00f5\u00f5rikukohviku ees. 18.-29.07 Noortekeskused suvepuhkusel. 01.-04.08 V\u00e4linoortekeskus N\u00f5mme S\u00f5\u00f5rikukohviku ees. 05.08 P\u00e4ssafest P\u00e4\u00e4sk\u00fcla Noortekeskuses. 08.-12.08 Avatud on Valdeku Noortekeskus. 15.-19.08 V\u00e4linoortekeskus N\u00f5mme S\u00f5\u00f5rikukohviku ees. 22.-26.08 Avatud on P\u00e4\u00e4sk\u00fcla Noortekeskus.\" \/>\n<meta property=\"og:url\" content=\"https:\/\/www.nomme.ee\/valdeku-noortekeskus\/kalender\/nomme-noortekeskuste-suvi-2022\/\" \/>\n<meta property=\"og:site_name\" content=\"Valdeku noortekeskus\" \/>\n<meta property=\"og:image\" content=\"https:\/\/www.nomme.ee\/valdeku-noortekeskus\/wp-content\/uploads\/sites\/3\/2022\/06\/suvi-nomme-noortekates.png\" \/>\n\t<meta property=\"og:image:width\" content=\"1587\" \/>\n\t<meta property=\"og:image:height\" content=\"2245\" \/>\n\t<meta property=\"og:image:type\" content=\"image\/png\" \/>\n<meta name=\"twitter:card\" content=\"summary_large_image\" \/>\n<meta name=\"twitter:label1\" content=\"Est. reading time\" \/>\n\t<meta name=\"twitter:data1\" content=\"1 minut\" \/>\n<script type=\"application\/ld+json\" class=\"yoast-schema-graph\">{\"@context\":\"https:\\\/\\\/schema.org\",\"@graph\":[{\"@type\":\"WebPage\",\"@id\":\"https:\\\/\\\/www.nomme.ee\\\/valdeku-noortekeskus\\\/kalender\\\/nomme-noortekeskuste-suvi-2022\\\/\",\"url\":\"https:\\\/\\\/www.nomme.ee\\\/valdeku-noortekeskus\\\/kalender\\\/nomme-noortekeskuste-suvi-2022\\\/\",\"name\":\"N\u00f5mme noortekeskuste suvi 2022 &#8211; Valdeku noortekeskus\",\"isPartOf\":{\"@id\":\"https:\\\/\\\/www.nomme.ee\\\/valdeku-noortekeskus\\\/#website\"},\"primaryImageOfPage\":{\"@id\":\"https:\\\/\\\/www.nomme.ee\\\/valdeku-noortekeskus\\\/kalender\\\/nomme-noortekeskuste-suvi-2022\\\/#primaryimage\"},\"image\":{\"@id\":\"https:\\\/\\\/www.nomme.ee\\\/valdeku-noortekeskus\\\/kalender\\\/nomme-noortekeskuste-suvi-2022\\\/#primaryimage\"},\"thumbnailUrl\":\"https:\\\/\\\/www.nomme.ee\\\/valdeku-noortekeskus\\\/wp-content\\\/uploads\\\/sites\\\/3\\\/2022\\\/06\\\/suvi-nomme-noortekates.png\",\"datePublished\":\"2022-06-28T19:24:43+00:00\",\"breadcrumb\":{\"@id\":\"https:\\\/\\\/www.nomme.ee\\\/valdeku-noortekeskus\\\/kalender\\\/nomme-noortekeskuste-suvi-2022\\\/#breadcrumb\"},\"inLanguage\":\"et\",\"potentialAction\":[{\"@type\":\"ReadAction\",\"target\":[\"https:\\\/\\\/www.nomme.ee\\\/valdeku-noortekeskus\\\/kalender\\\/nomme-noortekeskuste-suvi-2022\\\/\"]}]},{\"@type\":\"ImageObject\",\"inLanguage\":\"et\",\"@id\":\"https:\\\/\\\/www.nomme.ee\\\/valdeku-noortekeskus\\\/kalender\\\/nomme-noortekeskuste-suvi-2022\\\/#primaryimage\",\"url\":\"https:\\\/\\\/www.nomme.ee\\\/valdeku-noortekeskus\\\/wp-content\\\/uploads\\\/sites\\\/3\\\/2022\\\/06\\\/suvi-nomme-noortekates.png\",\"contentUrl\":\"https:\\\/\\\/www.nomme.ee\\\/valdeku-noortekeskus\\\/wp-content\\\/uploads\\\/sites\\\/3\\\/2022\\\/06\\\/suvi-nomme-noortekates.png\",\"width\":1587,\"height\":2245},{\"@type\":\"BreadcrumbList\",\"@id\":\"https:\\\/\\\/www.nomme.ee\\\/valdeku-noortekeskus\\\/kalender\\\/nomme-noortekeskuste-suvi-2022\\\/#breadcrumb\",\"itemListElement\":[{\"@type\":\"ListItem\",\"position\":1,\"name\":\"N\u00f5mme Vaba Aja Keskus\",\"item\":\"https:\\\/\\\/www.nomme.ee\"},{\"@type\":\"ListItem\",\"position\":2,\"name\":\"Valdeku noortekeskus\",\"item\":\"https:\\\/\\\/www.nomme.ee\\\/valdeku-noortekeskus\\\/\"},{\"@type\":\"ListItem\",\"position\":3,\"name\":\"S\u00fcndmused\",\"item\":\"https:\\\/\\\/www.nomme.ee\\\/valdeku-noortekeskus\\\/kalender\\\/\"},{\"@type\":\"ListItem\",\"position\":4,\"name\":\"N\u00f5mme noortekeskuste suvi 2022\"}]},{\"@type\":\"WebSite\",\"@id\":\"https:\\\/\\\/www.nomme.ee\\\/valdeku-noortekeskus\\\/#website\",\"url\":\"https:\\\/\\\/www.nomme.ee\\\/valdeku-noortekeskus\\\/\",\"name\":\"Valdeku noortekeskus\",\"description\":\"\",\"potentialAction\":[{\"@type\":\"SearchAction\",\"target\":{\"@type\":\"EntryPoint\",\"urlTemplate\":\"https:\\\/\\\/www.nomme.ee\\\/valdeku-noortekeskus\\\/?s={search_term_string}\"},\"query-input\":{\"@type\":\"PropertyValueSpecification\",\"valueRequired\":true,\"valueName\":\"search_term_string\"}}],\"inLanguage\":\"et\"}]}<\/script>\n<!-- \/ Yoast SEO plugin. -->","yoast_head_json":{"title":"N\u00f5mme noortekeskuste suvi 2022 &#8211; Valdeku noortekeskus","robots":{"index":"index","follow":"follow","max-snippet":"max-snippet:-1","max-image-preview":"max-image-preview:large","max-video-preview":"max-video-preview:-1"},"canonical":"https:\/\/www.nomme.ee\/valdeku-noortekeskus\/kalender\/nomme-noortekeskuste-suvi-2022\/","og_locale":"et_EE","og_type":"article","og_title":"N\u00f5mme noortekeskuste suvi 2022 &#8211; Valdeku noortekeskus","og_description":"04.-08.07 Avatud on P\u00e4\u00e4sk\u00fcla Noortekeskus. 11.-15.07 V\u00e4linoortekeskus N\u00f5mme S\u00f5\u00f5rikukohviku ees. 18.-29.07 Noortekeskused suvepuhkusel. 01.-04.08 V\u00e4linoortekeskus N\u00f5mme S\u00f5\u00f5rikukohviku ees. 05.08 P\u00e4ssafest P\u00e4\u00e4sk\u00fcla Noortekeskuses. 08.-12.08 Avatud on Valdeku Noortekeskus. 15.-19.08 V\u00e4linoortekeskus N\u00f5mme S\u00f5\u00f5rikukohviku ees. 22.-26.08 Avatud on P\u00e4\u00e4sk\u00fcla Noortekeskus.","og_url":"https:\/\/www.nomme.ee\/valdeku-noortekeskus\/kalender\/nomme-noortekeskuste-suvi-2022\/","og_site_name":"Valdeku noortekeskus","og_image":[{"width":1587,"height":2245,"url":"https:\/\/www.nomme.ee\/valdeku-noortekeskus\/wp-content\/uploads\/sites\/3\/2022\/06\/suvi-nomme-noortekates.png","type":"image\/png"}],"twitter_card":"summary_large_image","twitter_misc":{"Est. reading time":"1 minut"},"schema":{"@context":"https:\/\/schema.org","@graph":[{"@type":"WebPage","@id":"https:\/\/www.nomme.ee\/valdeku-noortekeskus\/kalender\/nomme-noortekeskuste-suvi-2022\/","url":"https:\/\/www.nomme.ee\/valdeku-noortekeskus\/kalender\/nomme-noortekeskuste-suvi-2022\/","name":"N\u00f5mme noortekeskuste suvi 2022 &#8211; Valdeku noortekeskus","isPartOf":{"@id":"https:\/\/www.nomme.ee\/valdeku-noortekeskus\/#website"},"primaryImageOfPage":{"@id":"https:\/\/www.nomme.ee\/valdeku-noortekeskus\/kalender\/nomme-noortekeskuste-suvi-2022\/#primaryimage"},"image":{"@id":"https:\/\/www.nomme.ee\/valdeku-noortekeskus\/kalender\/nomme-noortekeskuste-suvi-2022\/#primaryimage"},"thumbnailUrl":"https:\/\/www.nomme.ee\/valdeku-noortekeskus\/wp-content\/uploads\/sites\/3\/2022\/06\/suvi-nomme-noortekates.png","datePublished":"2022-06-28T19:24:43+00:00","breadcrumb":{"@id":"https:\/\/www.nomme.ee\/valdeku-noortekeskus\/kalender\/nomme-noortekeskuste-suvi-2022\/#breadcrumb"},"inLanguage":"et","potentialAction":[{"@type":"ReadAction","target":["https:\/\/www.nomme.ee\/valdeku-noortekeskus\/kalender\/nomme-noortekeskuste-suvi-2022\/"]}]},{"@type":"ImageObject","inLanguage":"et","@id":"https:\/\/www.nomme.ee\/valdeku-noortekeskus\/kalender\/nomme-noortekeskuste-suvi-2022\/#primaryimage","url":"https:\/\/www.nomme.ee\/valdeku-noortekeskus\/wp-content\/uploads\/sites\/3\/2022\/06\/suvi-nomme-noortekates.png","contentUrl":"https:\/\/www.nomme.ee\/valdeku-noortekeskus\/wp-content\/uploads\/sites\/3\/2022\/06\/suvi-nomme-noortekates.png","width":1587,"height":2245},{"@type":"BreadcrumbList","@id":"https:\/\/www.nomme.ee\/valdeku-noortekeskus\/kalender\/nomme-noortekeskuste-suvi-2022\/#breadcrumb","itemListElement":[{"@type":"ListItem","position":1,"name":"N\u00f5mme Vaba Aja Keskus","item":"https:\/\/www.nomme.ee"},{"@type":"ListItem","position":2,"name":"Valdeku noortekeskus","item":"https:\/\/www.nomme.ee\/valdeku-noortekeskus\/"},{"@type":"ListItem","position":3,"name":"S\u00fcndmused","item":"https:\/\/www.nomme.ee\/valdeku-noortekeskus\/kalender\/"},{"@type":"ListItem","position":4,"name":"N\u00f5mme noortekeskuste suvi 2022"}]},{"@type":"WebSite","@id":"https:\/\/www.nomme.ee\/valdeku-noortekeskus\/#website","url":"https:\/\/www.nomme.ee\/valdeku-noortekeskus\/","name":"Valdeku noortekeskus","description":"","potentialAction":[{"@type":"SearchAction","target":{"@type":"EntryPoint","urlTemplate":"https:\/\/www.nomme.ee\/valdeku-noortekeskus\/?s={search_term_string}"},"query-input":{"@type":"PropertyValueSpecification","valueRequired":true,"valueName":"search_term_string"}}],"inLanguage":"et"}]}},"_links":{"self":[{"href":"https:\/\/www.nomme.ee\/valdeku-noortekeskus\/wp-json\/wp\/v2\/kalender\/481","targetHints":{"allow":["GET"]}}],"collection":[{"href":"https:\/\/www.nomme.ee\/valdeku-noortekeskus\/wp-json\/wp\/v2\/kalender"}],"about":[{"href":"https:\/\/www.nomme.ee\/valdeku-noortekeskus\/wp-json\/wp\/v2\/types\/kalender"}],"version-history":[{"count":2,"href":"https:\/\/www.nomme.ee\/valdeku-noortekeskus\/wp-json\/wp\/v2\/kalender\/481\/revisions"}],"predecessor-version":[{"id":485,"href":"https:\/\/www.nomme.ee\/valdeku-noortekeskus\/wp-json\/wp\/v2\/kalender\/481\/revisions\/485"}],"wp:featuredmedia":[{"embeddable":true,"href":"https:\/\/www.nomme.ee\/valdeku-noortekeskus\/wp-json\/wp\/v2\/media\/482"}],"wp:attachment":[{"href":"https:\/\/www.nomme.ee\/valdeku-noortekeskus\/wp-json\/wp\/v2\/media?parent=481"}],"wp:term":[{"taxonomy":"kalender_kategooria","embeddable":true,"href":"https:\/\/www.nomme.ee\/valdeku-noortekeskus\/wp-json\/wp\/v2\/kalender_kategooria?post=481"}],"curies":[{"name":"wp","href":"https:\/\/api.w.org\/{rel}","templated":true}]}}

Nõmme noortekeskuste suvi 2022

<p>04.-08.07 Avatud on Pääsküla Noortekeskus.</p>
<p>11.-15.07 Välinoortekeskus Nõmme Sõõrikukohviku ees.</p>
<p>18.-29.07 Noortekeskused suvepuhkusel.</p>
<p>01.-04.08 Välinoortekeskus Nõmme Sõõrikukohviku ees.</p>
<p>05.08 Pässafest Pääsküla Noortekeskuses.</p>
<p>08.-12.08 Avatud on Valdeku Noortekeskus.</p>
<p>15.-19.08 Välinoortekeskus Nõmme Sõõrikukohviku ees.</p>
<p>22.-26.08 Avatud on Pääsküla Noortekeskus.</p>

<!-- This site is optimized with the Yoast SEO plugin v27.5 - https://yoast.com/product/yoast-seo-wordpress/ -->
<title>Nõmme noortekeskuste suvi 2022 &#8211; Valdeku noortekeskus</title>
<meta name="robots" content="index, follow, max-snippet:-1, max-image-preview:large, max-video-preview:-1" />
<link rel="canonical" href="https://www.nomme.ee/valdeku-noortekeskus/kalender/nomme-noortekeskuste-suvi-2022/" />
<meta property="og:locale" content="et_EE" />
<meta property="og:type" content="article" />
<meta property="og:title" content="Nõmme noortekeskuste suvi 2022 &#8211; Valdeku noortekeskus" />
<meta property="og:description" content="04.-08.07 Avatud on Pääsküla Noortekeskus. 11.-15.07 Välinoortekeskus Nõmme Sõõrikukohviku ees. 18.-29.07 Noortekeskused suvepuhkusel. 01.-04.08 Välinoortekeskus Nõmme Sõõrikukohviku ees. 05.08 Pässafest Pääsküla Noortekeskuses. 08.-12.08 Avatud on Valdeku Noortekeskus. 15.-19.08 Välinoortekeskus Nõmme Sõõrikukohviku ees. 22.-26.08 Avatud on Pääsküla Noortekeskus." />
<meta property="og:url" content="https://www.nomme.ee/valdeku-noortekeskus/kalender/nomme-noortekeskuste-suvi-2022/" />
<meta property="og:site_name" content="Valdeku noortekeskus" />
<meta property="og:image" content="https://www.nomme.ee/valdeku-noortekeskus/wp-content/uploads/sites/3/2022/06/suvi-nomme-noortekates.png" />
	<meta property="og:image:width" content="1587" />
	<meta property="og:image:height" content="2245" />
	<meta property="og:image:type" content="image/png" />
<meta name="twitter:card" content="summary_large_image" />
<meta name="twitter:label1" content="Est. reading time" />
	<meta name="twitter:data1" content="1 minut" />
<script type="application/ld+json" class="yoast-schema-graph">{"@context":"https:\/\/schema.org","@graph":[{"@type":"WebPage","@id":"https:\/\/www.nomme.ee\/valdeku-noortekeskus\/kalender\/nomme-noortekeskuste-suvi-2022\/","url":"https:\/\/www.nomme.ee\/valdeku-noortekeskus\/kalender\/nomme-noortekeskuste-suvi-2022\/","name":"Nõmme noortekeskuste suvi 2022 &#8211; Valdeku noortekeskus","isPartOf":{"@id":"https:\/\/www.nomme.ee\/valdeku-noortekeskus\/#website"},"primaryImageOfPage":{"@id":"https:\/\/www.nomme.ee\/valdeku-noortekeskus\/kalender\/nomme-noortekeskuste-suvi-2022\/#primaryimage"},"image":{"@id":"https:\/\/www.nomme.ee\/valdeku-noortekeskus\/kalender\/nomme-noortekeskuste-suvi-2022\/#primaryimage"},"thumbnailUrl":"https:\/\/www.nomme.ee\/valdeku-noortekeskus\/wp-content\/uploads\/sites\/3\/2022\/06\/suvi-nomme-noortekates.png","datePublished":"2022-06-28T19:24:43+00:00","breadcrumb":{"@id":"https:\/\/www.nomme.ee\/valdeku-noortekeskus\/kalender\/nomme-noortekeskuste-suvi-2022\/#breadcrumb"},"inLanguage":"et","potentialAction":[{"@type":"ReadAction","target":["https:\/\/www.nomme.ee\/valdeku-noortekeskus\/kalender\/nomme-noortekeskuste-suvi-2022\/"]}]},{"@type":"ImageObject","inLanguage":"et","@id":"https:\/\/www.nomme.ee\/valdeku-noortekeskus\/kalender\/nomme-noortekeskuste-suvi-2022\/#primaryimage","url":"https:\/\/www.nomme.ee\/valdeku-noortekeskus\/wp-content\/uploads\/sites\/3\/2022\/06\/suvi-nomme-noortekates.png","contentUrl":"https:\/\/www.nomme.ee\/valdeku-noortekeskus\/wp-content\/uploads\/sites\/3\/2022\/06\/suvi-nomme-noortekates.png","width":1587,"height":2245},{"@type":"BreadcrumbList","@id":"https:\/\/www.nomme.ee\/valdeku-noortekeskus\/kalender\/nomme-noortekeskuste-suvi-2022\/#breadcrumb","itemListElement":[{"@type":"ListItem","position":1,"name":"Nõmme Vaba Aja Keskus","item":"https:\/\/www.nomme.ee"},{"@type":"ListItem","position":2,"name":"Valdeku noortekeskus","item":"https:\/\/www.nomme.ee\/valdeku-noortekeskus\/"},{"@type":"ListItem","position":3,"name":"Sündmused","item":"https:\/\/www.nomme.ee\/valdeku-noortekeskus\/kalender\/"},{"@type":"ListItem","position":4,"name":"Nõmme noortekeskuste suvi 2022"}]},{"@type":"WebSite","@id":"https:\/\/www.nomme.ee\/valdeku-noortekeskus\/#website","url":"https:\/\/www.nomme.ee\/valdeku-noortekeskus\/","name":"Valdeku noortekeskus","description":"","potentialAction":[{"@type":"SearchAction","target":{"@type":"EntryPoint","urlTemplate":"https:\/\/www.nomme.ee\/valdeku-noortekeskus\/?s={search_term_string}"},"query-input":{"@type":"PropertyValueSpecification","valueRequired":true,"valueName":"search_term_string"}}],"inLanguage":"et"}]}</script>
<!-- / Yoast SEO plugin. -->

Nõmme noortekeskuste suvi 2022 &#8211; Valdeku noortekeskus

04.-08.07 Avatud on Pääsküla Noortekeskus. 11.-15.07 Välinoortekeskus Nõmme Sõõrikukohviku ees. 18.-29.07 Noortekeskused suvepuhkusel. 01.-04.08 Välinoortekeskus Nõmme Sõõrikukohviku ees. 05.08 Pässafest Pääsküla Noortekeskuses. 08.-12.08 Avatud on Valdeku Noortekeskus. 15.-19.08 Välinoortekeskus Nõmme Sõõrikukohviku ees. 22.-26.08 Avatud on Pääsküla Noortekeskus.

Nõmme Vaba Aja Keskus

Sündmused
