{"id":567,"date":"2022-11-15T07:09:23","date_gmt":"2022-11-15T07:09:23","guid":{"rendered":"https:\/\/www.nomme.ee\/valdeku-noortekeskus\/?post_type=kalender&#038;p=567"},"modified":"2022-11-15T07:09:23","modified_gmt":"2022-11-15T07:09:23","slug":"maailmakohvik-valdeku-noortekeskus-2023","status":"publish","type":"kalender","link":"https:\/\/www.nomme.ee\/valdeku-noortekeskus\/kalender\/maailmakohvik-valdeku-noortekeskus-2023\/","title":{"rendered":"Maailmakohvik &#8220;Valdeku Noortekeskus 2023&#8221;"},"content":{"rendered":"<p>K\u00e4tte on j\u00f5udnud aeg hakata koostama suuri plaane j\u00e4rgmiseks aastaks.<\/p>\n<p>Loomulikult teeme seda koos noortega. On juba saanud heaks tavaks et novembris kutsume noored meile &#8220;Maailmakohvikusse&#8221;.<br \/>\nLoe maalmakohviku kohta n\u00e4iteks <span style=\"color: #ff6600;\"><strong><a style=\"color: #ff6600;\" href=\"https:\/\/l.facebook.com\/l.php?u=https%3A%2F%2Floovusait.ee%2Fblogi%2Fmaailmakohvik-hea-arutelumeetod-suurele-grupile%3Ffbclid%3DIwAR2vg5taK90PCOymDhJuI0OzDWB6_IQPvlRT-F-98svTmESz2ivEHmtNBGs&amp;h=AT2QUY7FlrXbfOD6wbt4_HHtJiHvDWGU01eSzjxSQnRON82SeRIFt_AvL0H9z-hmYTSHo0FDeB5g2lM4ppRJCLyIIqyjhUuNYjV8eLIpU4SAOIEUm9HqVcCvwfCiKNeOn-i5VS7iIxmgbMkaJg&amp;__tn__=-UK-R&amp;c[0]=AT0iJfyHPRjQ4DFIwo55ViWvvsBCdqgrHIgn_QaCBdX9NPPEJ5_SpzhN1fp-_WgKvnztyhQ03Hwgnc02SC9K-b6ssKfEAR0-HV6imCNgt7iN9xmhZb3Vnrz8JSzwcEJltx2e4uNOjr_T_tv41gjHzw3u0H498IE_phmx7duZG4EzKKsEFALlaBp23DRKYB8zkxEWwMx9LB_M2kOHHSh3Y9L1cMdWdSMjJIfBcj4\">SIIT<\/a><\/strong><\/span><\/p>\n<p>Neljap\u00e4eval 17.11 kl 16.00 on meil valmis neli teemalauda, kuhu ootame k\u00f5iki noorte lennukaid, aga ka v\u00e4hemlennukaid ideid, m\u00f5tteid, kriitikat, unistusi jm., mida j\u00e4rgmise aasta eesm\u00e4rkidesse ja tegevustesse s\u00f5nastada.<\/p>\n<p>Iga m\u00f5te loeb.<\/p>\n","protected":false},"featured_media":568,"template":"","kalender_kategooria":[],"class_list":["post-567","kalender","type-kalender","status-publish","has-post-thumbnail","hentry"],"acf":[],"yoast_head":"<!-- This site is optimized with the Yoast SEO plugin v27.5 - https:\/\/yoast.com\/product\/yoast-seo-wordpress\/ -->\n<title>Maailmakohvik &quot;Valdeku Noortekeskus 2023&quot; &#8211; Valdeku noortekeskus<\/title>\n<meta name=\"robots\" content=\"index, follow, max-snippet:-1, max-image-preview:large, max-video-preview:-1\" \/>\n<link rel=\"canonical\" href=\"https:\/\/www.nomme.ee\/valdeku-noortekeskus\/kalender\/maailmakohvik-valdeku-noortekeskus-2023\/\" \/>\n<meta property=\"og:locale\" content=\"et_EE\" \/>\n<meta property=\"og:type\" content=\"article\" \/>\n<meta property=\"og:title\" content=\"Maailmakohvik &quot;Valdeku Noortekeskus 2023&quot; &#8211; Valdeku noortekeskus\" \/>\n<meta property=\"og:description\" content=\"K\u00e4tte on j\u00f5udnud aeg hakata koostama suuri plaane j\u00e4rgmiseks aastaks. Loomulikult teeme seda koos noortega. On juba saanud heaks tavaks et novembris kutsume noored meile &#8220;Maailmakohvikusse&#8221;. Loe maalmakohviku kohta n\u00e4iteks SIIT Neljap\u00e4eval 17.11 kl 16.00 on meil valmis neli teemalauda, kuhu ootame k\u00f5iki noorte lennukaid, aga ka v\u00e4hemlennukaid ideid, m\u00f5tteid, kriitikat, unistusi jm., mida j\u00e4rgmise [&hellip;]\" \/>\n<meta property=\"og:url\" content=\"https:\/\/www.nomme.ee\/valdeku-noortekeskus\/kalender\/maailmakohvik-valdeku-noortekeskus-2023\/\" \/>\n<meta property=\"og:site_name\" content=\"Valdeku noortekeskus\" \/>\n<meta property=\"og:image\" content=\"https:\/\/www.nomme.ee\/valdeku-noortekeskus\/wp-content\/uploads\/sites\/3\/2022\/11\/Maailmakohvik-2022.png\" \/>\n\t<meta property=\"og:image:width\" content=\"1080\" \/>\n\t<meta property=\"og:image:height\" content=\"1080\" \/>\n\t<meta property=\"og:image:type\" content=\"image\/png\" \/>\n<meta name=\"twitter:card\" content=\"summary_large_image\" \/>\n<script type=\"application\/ld+json\" class=\"yoast-schema-graph\">{\"@context\":\"https:\\\/\\\/schema.org\",\"@graph\":[{\"@type\":\"WebPage\",\"@id\":\"https:\\\/\\\/www.nomme.ee\\\/valdeku-noortekeskus\\\/kalender\\\/maailmakohvik-valdeku-noortekeskus-2023\\\/\",\"url\":\"https:\\\/\\\/www.nomme.ee\\\/valdeku-noortekeskus\\\/kalender\\\/maailmakohvik-valdeku-noortekeskus-2023\\\/\",\"name\":\"Maailmakohvik \\\"Valdeku Noortekeskus 2023\\\" &#8211; Valdeku noortekeskus\",\"isPartOf\":{\"@id\":\"https:\\\/\\\/www.nomme.ee\\\/valdeku-noortekeskus\\\/#website\"},\"primaryImageOfPage\":{\"@id\":\"https:\\\/\\\/www.nomme.ee\\\/valdeku-noortekeskus\\\/kalender\\\/maailmakohvik-valdeku-noortekeskus-2023\\\/#primaryimage\"},\"image\":{\"@id\":\"https:\\\/\\\/www.nomme.ee\\\/valdeku-noortekeskus\\\/kalender\\\/maailmakohvik-valdeku-noortekeskus-2023\\\/#primaryimage\"},\"thumbnailUrl\":\"https:\\\/\\\/www.nomme.ee\\\/valdeku-noortekeskus\\\/wp-content\\\/uploads\\\/sites\\\/3\\\/2022\\\/11\\\/Maailmakohvik-2022.png\",\"datePublished\":\"2022-11-15T07:09:23+00:00\",\"breadcrumb\":{\"@id\":\"https:\\\/\\\/www.nomme.ee\\\/valdeku-noortekeskus\\\/kalender\\\/maailmakohvik-valdeku-noortekeskus-2023\\\/#breadcrumb\"},\"inLanguage\":\"et\",\"potentialAction\":[{\"@type\":\"ReadAction\",\"target\":[\"https:\\\/\\\/www.nomme.ee\\\/valdeku-noortekeskus\\\/kalender\\\/maailmakohvik-valdeku-noortekeskus-2023\\\/\"]}]},{\"@type\":\"ImageObject\",\"inLanguage\":\"et\",\"@id\":\"https:\\\/\\\/www.nomme.ee\\\/valdeku-noortekeskus\\\/kalender\\\/maailmakohvik-valdeku-noortekeskus-2023\\\/#primaryimage\",\"url\":\"https:\\\/\\\/www.nomme.ee\\\/valdeku-noortekeskus\\\/wp-content\\\/uploads\\\/sites\\\/3\\\/2022\\\/11\\\/Maailmakohvik-2022.png\",\"contentUrl\":\"https:\\\/\\\/www.nomme.ee\\\/valdeku-noortekeskus\\\/wp-content\\\/uploads\\\/sites\\\/3\\\/2022\\\/11\\\/Maailmakohvik-2022.png\",\"width\":1080,\"height\":1080},{\"@type\":\"BreadcrumbList\",\"@id\":\"https:\\\/\\\/www.nomme.ee\\\/valdeku-noortekeskus\\\/kalender\\\/maailmakohvik-valdeku-noortekeskus-2023\\\/#breadcrumb\",\"itemListElement\":[{\"@type\":\"ListItem\",\"position\":1,\"name\":\"N\u00f5mme Vaba Aja Keskus\",\"item\":\"https:\\\/\\\/www.nomme.ee\"},{\"@type\":\"ListItem\",\"position\":2,\"name\":\"Valdeku noortekeskus\",\"item\":\"https:\\\/\\\/www.nomme.ee\\\/valdeku-noortekeskus\\\/\"},{\"@type\":\"ListItem\",\"position\":3,\"name\":\"S\u00fcndmused\",\"item\":\"https:\\\/\\\/www.nomme.ee\\\/valdeku-noortekeskus\\\/kalender\\\/\"},{\"@type\":\"ListItem\",\"position\":4,\"name\":\"Maailmakohvik &#8220;Valdeku Noortekeskus 2023&#8221;\"}]},{\"@type\":\"WebSite\",\"@id\":\"https:\\\/\\\/www.nomme.ee\\\/valdeku-noortekeskus\\\/#website\",\"url\":\"https:\\\/\\\/www.nomme.ee\\\/valdeku-noortekeskus\\\/\",\"name\":\"Valdeku noortekeskus\",\"description\":\"\",\"potentialAction\":[{\"@type\":\"SearchAction\",\"target\":{\"@type\":\"EntryPoint\",\"urlTemplate\":\"https:\\\/\\\/www.nomme.ee\\\/valdeku-noortekeskus\\\/?s={search_term_string}\"},\"query-input\":{\"@type\":\"PropertyValueSpecification\",\"valueRequired\":true,\"valueName\":\"search_term_string\"}}],\"inLanguage\":\"et\"}]}<\/script>\n<!-- \/ Yoast SEO plugin. -->","yoast_head_json":{"title":"Maailmakohvik \"Valdeku Noortekeskus 2023\" &#8211; Valdeku noortekeskus","robots":{"index":"index","follow":"follow","max-snippet":"max-snippet:-1","max-image-preview":"max-image-preview:large","max-video-preview":"max-video-preview:-1"},"canonical":"https:\/\/www.nomme.ee\/valdeku-noortekeskus\/kalender\/maailmakohvik-valdeku-noortekeskus-2023\/","og_locale":"et_EE","og_type":"article","og_title":"Maailmakohvik \"Valdeku Noortekeskus 2023\" &#8211; Valdeku noortekeskus","og_description":"K\u00e4tte on j\u00f5udnud aeg hakata koostama suuri plaane j\u00e4rgmiseks aastaks. Loomulikult teeme seda koos noortega. On juba saanud heaks tavaks et novembris kutsume noored meile &#8220;Maailmakohvikusse&#8221;. Loe maalmakohviku kohta n\u00e4iteks SIIT Neljap\u00e4eval 17.11 kl 16.00 on meil valmis neli teemalauda, kuhu ootame k\u00f5iki noorte lennukaid, aga ka v\u00e4hemlennukaid ideid, m\u00f5tteid, kriitikat, unistusi jm., mida j\u00e4rgmise [&hellip;]","og_url":"https:\/\/www.nomme.ee\/valdeku-noortekeskus\/kalender\/maailmakohvik-valdeku-noortekeskus-2023\/","og_site_name":"Valdeku noortekeskus","og_image":[{"width":1080,"height":1080,"url":"https:\/\/www.nomme.ee\/valdeku-noortekeskus\/wp-content\/uploads\/sites\/3\/2022\/11\/Maailmakohvik-2022.png","type":"image\/png"}],"twitter_card":"summary_large_image","schema":{"@context":"https:\/\/schema.org","@graph":[{"@type":"WebPage","@id":"https:\/\/www.nomme.ee\/valdeku-noortekeskus\/kalender\/maailmakohvik-valdeku-noortekeskus-2023\/","url":"https:\/\/www.nomme.ee\/valdeku-noortekeskus\/kalender\/maailmakohvik-valdeku-noortekeskus-2023\/","name":"Maailmakohvik \"Valdeku Noortekeskus 2023\" &#8211; Valdeku noortekeskus","isPartOf":{"@id":"https:\/\/www.nomme.ee\/valdeku-noortekeskus\/#website"},"primaryImageOfPage":{"@id":"https:\/\/www.nomme.ee\/valdeku-noortekeskus\/kalender\/maailmakohvik-valdeku-noortekeskus-2023\/#primaryimage"},"image":{"@id":"https:\/\/www.nomme.ee\/valdeku-noortekeskus\/kalender\/maailmakohvik-valdeku-noortekeskus-2023\/#primaryimage"},"thumbnailUrl":"https:\/\/www.nomme.ee\/valdeku-noortekeskus\/wp-content\/uploads\/sites\/3\/2022\/11\/Maailmakohvik-2022.png","datePublished":"2022-11-15T07:09:23+00:00","breadcrumb":{"@id":"https:\/\/www.nomme.ee\/valdeku-noortekeskus\/kalender\/maailmakohvik-valdeku-noortekeskus-2023\/#breadcrumb"},"inLanguage":"et","potentialAction":[{"@type":"ReadAction","target":["https:\/\/www.nomme.ee\/valdeku-noortekeskus\/kalender\/maailmakohvik-valdeku-noortekeskus-2023\/"]}]},{"@type":"ImageObject","inLanguage":"et","@id":"https:\/\/www.nomme.ee\/valdeku-noortekeskus\/kalender\/maailmakohvik-valdeku-noortekeskus-2023\/#primaryimage","url":"https:\/\/www.nomme.ee\/valdeku-noortekeskus\/wp-content\/uploads\/sites\/3\/2022\/11\/Maailmakohvik-2022.png","contentUrl":"https:\/\/www.nomme.ee\/valdeku-noortekeskus\/wp-content\/uploads\/sites\/3\/2022\/11\/Maailmakohvik-2022.png","width":1080,"height":1080},{"@type":"BreadcrumbList","@id":"https:\/\/www.nomme.ee\/valdeku-noortekeskus\/kalender\/maailmakohvik-valdeku-noortekeskus-2023\/#breadcrumb","itemListElement":[{"@type":"ListItem","position":1,"name":"N\u00f5mme Vaba Aja Keskus","item":"https:\/\/www.nomme.ee"},{"@type":"ListItem","position":2,"name":"Valdeku noortekeskus","item":"https:\/\/www.nomme.ee\/valdeku-noortekeskus\/"},{"@type":"ListItem","position":3,"name":"S\u00fcndmused","item":"https:\/\/www.nomme.ee\/valdeku-noortekeskus\/kalender\/"},{"@type":"ListItem","position":4,"name":"Maailmakohvik &#8220;Valdeku Noortekeskus 2023&#8221;"}]},{"@type":"WebSite","@id":"https:\/\/www.nomme.ee\/valdeku-noortekeskus\/#website","url":"https:\/\/www.nomme.ee\/valdeku-noortekeskus\/","name":"Valdeku noortekeskus","description":"","potentialAction":[{"@type":"SearchAction","target":{"@type":"EntryPoint","urlTemplate":"https:\/\/www.nomme.ee\/valdeku-noortekeskus\/?s={search_term_string}"},"query-input":{"@type":"PropertyValueSpecification","valueRequired":true,"valueName":"search_term_string"}}],"inLanguage":"et"}]}},"_links":{"self":[{"href":"https:\/\/www.nomme.ee\/valdeku-noortekeskus\/wp-json\/wp\/v2\/kalender\/567","targetHints":{"allow":["GET"]}}],"collection":[{"href":"https:\/\/www.nomme.ee\/valdeku-noortekeskus\/wp-json\/wp\/v2\/kalender"}],"about":[{"href":"https:\/\/www.nomme.ee\/valdeku-noortekeskus\/wp-json\/wp\/v2\/types\/kalender"}],"version-history":[{"count":1,"href":"https:\/\/www.nomme.ee\/valdeku-noortekeskus\/wp-json\/wp\/v2\/kalender\/567\/revisions"}],"predecessor-version":[{"id":569,"href":"https:\/\/www.nomme.ee\/valdeku-noortekeskus\/wp-json\/wp\/v2\/kalender\/567\/revisions\/569"}],"wp:featuredmedia":[{"embeddable":true,"href":"https:\/\/www.nomme.ee\/valdeku-noortekeskus\/wp-json\/wp\/v2\/media\/568"}],"wp:attachment":[{"href":"https:\/\/www.nomme.ee\/valdeku-noortekeskus\/wp-json\/wp\/v2\/media?parent=567"}],"wp:term":[{"taxonomy":"kalender_kategooria","embeddable":true,"href":"https:\/\/www.nomme.ee\/valdeku-noortekeskus\/wp-json\/wp\/v2\/kalender_kategooria?post=567"}],"curies":[{"name":"wp","href":"https:\/\/api.w.org\/{rel}","templated":true}]}}

<p>Kätte on jõudnud aeg hakata koostama suuri plaane järgmiseks aastaks.</p>
<p>Loomulikult teeme seda koos noortega. On juba saanud heaks tavaks et novembris kutsume noored meile &#8220;Maailmakohvikusse&#8221;.<br />
Loe maalmakohviku kohta näiteks <span style="color: #ff6600;"><strong><a style="color: #ff6600;" href="https://l.facebook.com/l.php?u=https%3A%2F%2Floovusait.ee%2Fblogi%2Fmaailmakohvik-hea-arutelumeetod-suurele-grupile%3Ffbclid%3DIwAR2vg5taK90PCOymDhJuI0OzDWB6_IQPvlRT-F-98svTmESz2ivEHmtNBGs&amp;h=AT2QUY7FlrXbfOD6wbt4_HHtJiHvDWGU01eSzjxSQnRON82SeRIFt_AvL0H9z-hmYTSHo0FDeB5g2lM4ppRJCLyIIqyjhUuNYjV8eLIpU4SAOIEUm9HqVcCvwfCiKNeOn-i5VS7iIxmgbMkaJg&amp;__tn__=-UK-R&amp;c[0]=AT0iJfyHPRjQ4DFIwo55ViWvvsBCdqgrHIgn_QaCBdX9NPPEJ5_SpzhN1fp-_WgKvnztyhQ03Hwgnc02SC9K-b6ssKfEAR0-HV6imCNgt7iN9xmhZb3Vnrz8JSzwcEJltx2e4uNOjr_T_tv41gjHzw3u0H498IE_phmx7duZG4EzKKsEFALlaBp23DRKYB8zkxEWwMx9LB_M2kOHHSh3Y9L1cMdWdSMjJIfBcj4">SIIT</a></strong></span></p>
<p>Neljapäeval 17.11 kl 16.00 on meil valmis neli teemalauda, kuhu ootame kõiki noorte lennukaid, aga ka vähemlennukaid ideid, mõtteid, kriitikat, unistusi jm., mida järgmise aasta eesmärkidesse ja tegevustesse sõnastada.</p>
<p>Iga mõte loeb.</p>

<!-- This site is optimized with the Yoast SEO plugin v27.5 - https://yoast.com/product/yoast-seo-wordpress/ -->
<title>Maailmakohvik &quot;Valdeku Noortekeskus 2023&quot; &#8211; Valdeku noortekeskus</title>
<meta name="robots" content="index, follow, max-snippet:-1, max-image-preview:large, max-video-preview:-1" />
<link rel="canonical" href="https://www.nomme.ee/valdeku-noortekeskus/kalender/maailmakohvik-valdeku-noortekeskus-2023/" />
<meta property="og:locale" content="et_EE" />
<meta property="og:type" content="article" />
<meta property="og:title" content="Maailmakohvik &quot;Valdeku Noortekeskus 2023&quot; &#8211; Valdeku noortekeskus" />
<meta property="og:description" content="Kätte on jõudnud aeg hakata koostama suuri plaane järgmiseks aastaks. Loomulikult teeme seda koos noortega. On juba saanud heaks tavaks et novembris kutsume noored meile &#8220;Maailmakohvikusse&#8221;. Loe maalmakohviku kohta näiteks SIIT Neljapäeval 17.11 kl 16.00 on meil valmis neli teemalauda, kuhu ootame kõiki noorte lennukaid, aga ka vähemlennukaid ideid, mõtteid, kriitikat, unistusi jm., mida järgmise [&hellip;]" />
<meta property="og:url" content="https://www.nomme.ee/valdeku-noortekeskus/kalender/maailmakohvik-valdeku-noortekeskus-2023/" />
<meta property="og:site_name" content="Valdeku noortekeskus" />
<meta property="og:image" content="https://www.nomme.ee/valdeku-noortekeskus/wp-content/uploads/sites/3/2022/11/Maailmakohvik-2022.png" />
	<meta property="og:image:width" content="1080" />
	<meta property="og:image:height" content="1080" />
	<meta property="og:image:type" content="image/png" />
<meta name="twitter:card" content="summary_large_image" />
<script type="application/ld+json" class="yoast-schema-graph">{"@context":"https:\/\/schema.org","@graph":[{"@type":"WebPage","@id":"https:\/\/www.nomme.ee\/valdeku-noortekeskus\/kalender\/maailmakohvik-valdeku-noortekeskus-2023\/","url":"https:\/\/www.nomme.ee\/valdeku-noortekeskus\/kalender\/maailmakohvik-valdeku-noortekeskus-2023\/","name":"Maailmakohvik \"Valdeku Noortekeskus 2023\" &#8211; Valdeku noortekeskus","isPartOf":{"@id":"https:\/\/www.nomme.ee\/valdeku-noortekeskus\/#website"},"primaryImageOfPage":{"@id":"https:\/\/www.nomme.ee\/valdeku-noortekeskus\/kalender\/maailmakohvik-valdeku-noortekeskus-2023\/#primaryimage"},"image":{"@id":"https:\/\/www.nomme.ee\/valdeku-noortekeskus\/kalender\/maailmakohvik-valdeku-noortekeskus-2023\/#primaryimage"},"thumbnailUrl":"https:\/\/www.nomme.ee\/valdeku-noortekeskus\/wp-content\/uploads\/sites\/3\/2022\/11\/Maailmakohvik-2022.png","datePublished":"2022-11-15T07:09:23+00:00","breadcrumb":{"@id":"https:\/\/www.nomme.ee\/valdeku-noortekeskus\/kalender\/maailmakohvik-valdeku-noortekeskus-2023\/#breadcrumb"},"inLanguage":"et","potentialAction":[{"@type":"ReadAction","target":["https:\/\/www.nomme.ee\/valdeku-noortekeskus\/kalender\/maailmakohvik-valdeku-noortekeskus-2023\/"]}]},{"@type":"ImageObject","inLanguage":"et","@id":"https:\/\/www.nomme.ee\/valdeku-noortekeskus\/kalender\/maailmakohvik-valdeku-noortekeskus-2023\/#primaryimage","url":"https:\/\/www.nomme.ee\/valdeku-noortekeskus\/wp-content\/uploads\/sites\/3\/2022\/11\/Maailmakohvik-2022.png","contentUrl":"https:\/\/www.nomme.ee\/valdeku-noortekeskus\/wp-content\/uploads\/sites\/3\/2022\/11\/Maailmakohvik-2022.png","width":1080,"height":1080},{"@type":"BreadcrumbList","@id":"https:\/\/www.nomme.ee\/valdeku-noortekeskus\/kalender\/maailmakohvik-valdeku-noortekeskus-2023\/#breadcrumb","itemListElement":[{"@type":"ListItem","position":1,"name":"Nõmme Vaba Aja Keskus","item":"https:\/\/www.nomme.ee"},{"@type":"ListItem","position":2,"name":"Valdeku noortekeskus","item":"https:\/\/www.nomme.ee\/valdeku-noortekeskus\/"},{"@type":"ListItem","position":3,"name":"Sündmused","item":"https:\/\/www.nomme.ee\/valdeku-noortekeskus\/kalender\/"},{"@type":"ListItem","position":4,"name":"Maailmakohvik &#8220;Valdeku Noortekeskus 2023&#8221;"}]},{"@type":"WebSite","@id":"https:\/\/www.nomme.ee\/valdeku-noortekeskus\/#website","url":"https:\/\/www.nomme.ee\/valdeku-noortekeskus\/","name":"Valdeku noortekeskus","description":"","potentialAction":[{"@type":"SearchAction","target":{"@type":"EntryPoint","urlTemplate":"https:\/\/www.nomme.ee\/valdeku-noortekeskus\/?s={search_term_string}"},"query-input":{"@type":"PropertyValueSpecification","valueRequired":true,"valueName":"search_term_string"}}],"inLanguage":"et"}]}</script>
<!-- / Yoast SEO plugin. -->

Kätte on jõudnud aeg hakata koostama suuri plaane järgmiseks aastaks. Loomulikult teeme seda koos noortega. On juba saanud heaks tavaks et novembris kutsume noored meile &#8220;Maailmakohvikusse&#8221;. Loe maalmakohviku kohta näiteks SIIT Neljapäeval 17.11 kl 16.00 on meil valmis neli teemalauda, kuhu ootame kõiki noorte lennukaid, aga ka vähemlennukaid ideid, mõtteid, kriitikat, unistusi jm., mida järgmise [&hellip;]

Nõmme Vaba Aja Keskus

Sündmused
