{"id":660,"date":"2023-04-18T09:46:53","date_gmt":"2023-04-18T09:46:53","guid":{"rendered":"https:\/\/www.nomme.ee\/valdeku-noortekeskus\/?post_type=kalender&#038;p=660"},"modified":"2023-04-18T09:58:49","modified_gmt":"2023-04-18T09:58:49","slug":"koolivaheaeg","status":"publish","type":"kalender","link":"https:\/\/www.nomme.ee\/valdeku-noortekeskus\/kalender\/koolivaheaeg\/","title":{"rendered":"Koolivaheaeg"},"content":{"rendered":"<p>Juba peagi on j\u00e4lle koolivaheaeg. Sel korral on meil teemaks keskkond<\/p>\n<p>Sel koolivaheajal oleme avatud E-L 12-19.00.<\/p>\n<p>Esmasp\u00e4eval 24.04 meisterdame vanadest asjadest uusi ja m\u00e4ngime keskkonnateemalisi lauam\u00e4nge<\/p>\n<p>Teisip\u00e4eva 25.04 p\u00fchendame veele ja ookeanidele. Vaatame koos filmi ja \u00fclej\u00e4\u00e4nud tegevused on hetkel veel \u00fcllatuseks<\/p>\n<p>Kolmap\u00e4ev 26.04 on nullkulu p\u00e4ev. Estelle lubas sellise retsepti teha, kus kasutame otsast l\u00f5puni k\u00f5ik toiduained \u00e4ra ja pakendi j\u00e4\u00e4kidega meisterdame. Uurime laiemalt mis on nullkulu ja mida ise saaksime teha, et sellele eluviisile iga p\u00e4evaga l\u00e4hemale j\u00f5uda.<\/p>\n<p>Neljap\u00e4eval 27.04 teeme Roulaga aiandustegevusi<\/p>\n<p>Reedel ja laup\u00e4eval 28-29.04 13-17.00 oleme koduks l\u00f5puriiete kirbuturule. <p class=\"editor-content__cta\"><a class=\"main-btn\" target=\"_self\" href=\"https:\/\/www.facebook.com\/events\/207371161998159\">Loe rohkem siit<\/a><\/p><\/p>\n<p>T\u00e4psem info meie sotsiaalmeediakanalites:\u00a0<a href=\"https:\/\/linktr.ee\/valdekunoortekeskus\">linktr.ee\/valdekunoortekeskus<\/a><\/p>\n","protected":false},"featured_media":0,"template":"","kalender_kategooria":[29],"class_list":["post-660","kalender","type-kalender","status-publish","hentry","kalender_kategooria-muu"],"acf":[],"yoast_head":"<!-- This site is optimized with the Yoast SEO plugin v27.5 - https:\/\/yoast.com\/product\/yoast-seo-wordpress\/ -->\n<title>Koolivaheaeg &#8211; Valdeku noortekeskus<\/title>\n<meta name=\"robots\" content=\"index, follow, max-snippet:-1, max-image-preview:large, max-video-preview:-1\" \/>\n<link rel=\"canonical\" href=\"https:\/\/www.nomme.ee\/valdeku-noortekeskus\/kalender\/koolivaheaeg\/\" \/>\n<meta property=\"og:locale\" content=\"et_EE\" \/>\n<meta property=\"og:type\" content=\"article\" \/>\n<meta property=\"og:title\" content=\"Koolivaheaeg &#8211; Valdeku noortekeskus\" \/>\n<meta property=\"og:description\" content=\"Juba peagi on j\u00e4lle koolivaheaeg. Sel korral on meil teemaks keskkond Sel koolivaheajal oleme avatud E-L 12-19.00. Esmasp\u00e4eval 24.04 meisterdame vanadest asjadest uusi ja m\u00e4ngime keskkonnateemalisi lauam\u00e4nge Teisip\u00e4eva 25.04 p\u00fchendame veele ja ookeanidele. Vaatame koos filmi ja \u00fclej\u00e4\u00e4nud tegevused on hetkel veel \u00fcllatuseks Kolmap\u00e4ev 26.04 on nullkulu p\u00e4ev. Estelle lubas sellise retsepti teha, kus kasutame [&hellip;]\" \/>\n<meta property=\"og:url\" content=\"https:\/\/www.nomme.ee\/valdeku-noortekeskus\/kalender\/koolivaheaeg\/\" \/>\n<meta property=\"og:site_name\" content=\"Valdeku noortekeskus\" \/>\n<meta property=\"article:modified_time\" content=\"2023-04-18T09:58:49+00:00\" \/>\n<meta name=\"twitter:card\" content=\"summary_large_image\" \/>\n<meta name=\"twitter:label1\" content=\"Est. reading time\" \/>\n\t<meta name=\"twitter:data1\" content=\"1 minut\" \/>\n<script type=\"application\/ld+json\" class=\"yoast-schema-graph\">{\"@context\":\"https:\\\/\\\/schema.org\",\"@graph\":[{\"@type\":\"WebPage\",\"@id\":\"https:\\\/\\\/www.nomme.ee\\\/valdeku-noortekeskus\\\/kalender\\\/koolivaheaeg\\\/\",\"url\":\"https:\\\/\\\/www.nomme.ee\\\/valdeku-noortekeskus\\\/kalender\\\/koolivaheaeg\\\/\",\"name\":\"Koolivaheaeg &#8211; Valdeku noortekeskus\",\"isPartOf\":{\"@id\":\"https:\\\/\\\/www.nomme.ee\\\/valdeku-noortekeskus\\\/#website\"},\"datePublished\":\"2023-04-18T09:46:53+00:00\",\"dateModified\":\"2023-04-18T09:58:49+00:00\",\"breadcrumb\":{\"@id\":\"https:\\\/\\\/www.nomme.ee\\\/valdeku-noortekeskus\\\/kalender\\\/koolivaheaeg\\\/#breadcrumb\"},\"inLanguage\":\"et\",\"potentialAction\":[{\"@type\":\"ReadAction\",\"target\":[\"https:\\\/\\\/www.nomme.ee\\\/valdeku-noortekeskus\\\/kalender\\\/koolivaheaeg\\\/\"]}]},{\"@type\":\"BreadcrumbList\",\"@id\":\"https:\\\/\\\/www.nomme.ee\\\/valdeku-noortekeskus\\\/kalender\\\/koolivaheaeg\\\/#breadcrumb\",\"itemListElement\":[{\"@type\":\"ListItem\",\"position\":1,\"name\":\"N\u00f5mme Vaba Aja Keskus\",\"item\":\"https:\\\/\\\/www.nomme.ee\"},{\"@type\":\"ListItem\",\"position\":2,\"name\":\"Valdeku noortekeskus\",\"item\":\"https:\\\/\\\/www.nomme.ee\\\/valdeku-noortekeskus\\\/\"},{\"@type\":\"ListItem\",\"position\":3,\"name\":\"S\u00fcndmused\",\"item\":\"https:\\\/\\\/www.nomme.ee\\\/valdeku-noortekeskus\\\/kalender\\\/\"},{\"@type\":\"ListItem\",\"position\":4,\"name\":\"Koolivaheaeg\"}]},{\"@type\":\"WebSite\",\"@id\":\"https:\\\/\\\/www.nomme.ee\\\/valdeku-noortekeskus\\\/#website\",\"url\":\"https:\\\/\\\/www.nomme.ee\\\/valdeku-noortekeskus\\\/\",\"name\":\"Valdeku noortekeskus\",\"description\":\"\",\"potentialAction\":[{\"@type\":\"SearchAction\",\"target\":{\"@type\":\"EntryPoint\",\"urlTemplate\":\"https:\\\/\\\/www.nomme.ee\\\/valdeku-noortekeskus\\\/?s={search_term_string}\"},\"query-input\":{\"@type\":\"PropertyValueSpecification\",\"valueRequired\":true,\"valueName\":\"search_term_string\"}}],\"inLanguage\":\"et\"}]}<\/script>\n<!-- \/ Yoast SEO plugin. -->","yoast_head_json":{"title":"Koolivaheaeg &#8211; Valdeku noortekeskus","robots":{"index":"index","follow":"follow","max-snippet":"max-snippet:-1","max-image-preview":"max-image-preview:large","max-video-preview":"max-video-preview:-1"},"canonical":"https:\/\/www.nomme.ee\/valdeku-noortekeskus\/kalender\/koolivaheaeg\/","og_locale":"et_EE","og_type":"article","og_title":"Koolivaheaeg &#8211; Valdeku noortekeskus","og_description":"Juba peagi on j\u00e4lle koolivaheaeg. Sel korral on meil teemaks keskkond Sel koolivaheajal oleme avatud E-L 12-19.00. Esmasp\u00e4eval 24.04 meisterdame vanadest asjadest uusi ja m\u00e4ngime keskkonnateemalisi lauam\u00e4nge Teisip\u00e4eva 25.04 p\u00fchendame veele ja ookeanidele. Vaatame koos filmi ja \u00fclej\u00e4\u00e4nud tegevused on hetkel veel \u00fcllatuseks Kolmap\u00e4ev 26.04 on nullkulu p\u00e4ev. Estelle lubas sellise retsepti teha, kus kasutame [&hellip;]","og_url":"https:\/\/www.nomme.ee\/valdeku-noortekeskus\/kalender\/koolivaheaeg\/","og_site_name":"Valdeku noortekeskus","article_modified_time":"2023-04-18T09:58:49+00:00","twitter_card":"summary_large_image","twitter_misc":{"Est. reading time":"1 minut"},"schema":{"@context":"https:\/\/schema.org","@graph":[{"@type":"WebPage","@id":"https:\/\/www.nomme.ee\/valdeku-noortekeskus\/kalender\/koolivaheaeg\/","url":"https:\/\/www.nomme.ee\/valdeku-noortekeskus\/kalender\/koolivaheaeg\/","name":"Koolivaheaeg &#8211; Valdeku noortekeskus","isPartOf":{"@id":"https:\/\/www.nomme.ee\/valdeku-noortekeskus\/#website"},"datePublished":"2023-04-18T09:46:53+00:00","dateModified":"2023-04-18T09:58:49+00:00","breadcrumb":{"@id":"https:\/\/www.nomme.ee\/valdeku-noortekeskus\/kalender\/koolivaheaeg\/#breadcrumb"},"inLanguage":"et","potentialAction":[{"@type":"ReadAction","target":["https:\/\/www.nomme.ee\/valdeku-noortekeskus\/kalender\/koolivaheaeg\/"]}]},{"@type":"BreadcrumbList","@id":"https:\/\/www.nomme.ee\/valdeku-noortekeskus\/kalender\/koolivaheaeg\/#breadcrumb","itemListElement":[{"@type":"ListItem","position":1,"name":"N\u00f5mme Vaba Aja Keskus","item":"https:\/\/www.nomme.ee"},{"@type":"ListItem","position":2,"name":"Valdeku noortekeskus","item":"https:\/\/www.nomme.ee\/valdeku-noortekeskus\/"},{"@type":"ListItem","position":3,"name":"S\u00fcndmused","item":"https:\/\/www.nomme.ee\/valdeku-noortekeskus\/kalender\/"},{"@type":"ListItem","position":4,"name":"Koolivaheaeg"}]},{"@type":"WebSite","@id":"https:\/\/www.nomme.ee\/valdeku-noortekeskus\/#website","url":"https:\/\/www.nomme.ee\/valdeku-noortekeskus\/","name":"Valdeku noortekeskus","description":"","potentialAction":[{"@type":"SearchAction","target":{"@type":"EntryPoint","urlTemplate":"https:\/\/www.nomme.ee\/valdeku-noortekeskus\/?s={search_term_string}"},"query-input":{"@type":"PropertyValueSpecification","valueRequired":true,"valueName":"search_term_string"}}],"inLanguage":"et"}]}},"_links":{"self":[{"href":"https:\/\/www.nomme.ee\/valdeku-noortekeskus\/wp-json\/wp\/v2\/kalender\/660","targetHints":{"allow":["GET"]}}],"collection":[{"href":"https:\/\/www.nomme.ee\/valdeku-noortekeskus\/wp-json\/wp\/v2\/kalender"}],"about":[{"href":"https:\/\/www.nomme.ee\/valdeku-noortekeskus\/wp-json\/wp\/v2\/types\/kalender"}],"version-history":[{"count":7,"href":"https:\/\/www.nomme.ee\/valdeku-noortekeskus\/wp-json\/wp\/v2\/kalender\/660\/revisions"}],"predecessor-version":[{"id":676,"href":"https:\/\/www.nomme.ee\/valdeku-noortekeskus\/wp-json\/wp\/v2\/kalender\/660\/revisions\/676"}],"wp:attachment":[{"href":"https:\/\/www.nomme.ee\/valdeku-noortekeskus\/wp-json\/wp\/v2\/media?parent=660"}],"wp:term":[{"taxonomy":"kalender_kategooria","embeddable":true,"href":"https:\/\/www.nomme.ee\/valdeku-noortekeskus\/wp-json\/wp\/v2\/kalender_kategooria?post=660"}],"curies":[{"name":"wp","href":"https:\/\/api.w.org\/{rel}","templated":true}]}}

<p>Juba peagi on jälle koolivaheaeg. Sel korral on meil teemaks keskkond</p>
<p>Sel koolivaheajal oleme avatud E-L 12-19.00.</p>
<p>Esmaspäeval 24.04 meisterdame vanadest asjadest uusi ja mängime keskkonnateemalisi lauamänge</p>
<p>Teisipäeva 25.04 pühendame veele ja ookeanidele. Vaatame koos filmi ja ülejäänud tegevused on hetkel veel üllatuseks</p>
<p>Kolmapäev 26.04 on nullkulu päev. Estelle lubas sellise retsepti teha, kus kasutame otsast lõpuni kõik toiduained ära ja pakendi jääkidega meisterdame. Uurime laiemalt mis on nullkulu ja mida ise saaksime teha, et sellele eluviisile iga päevaga lähemale jõuda.</p>
<p>Neljapäeval 27.04 teeme Roulaga aiandustegevusi</p>
<p>Reedel ja laupäeval 28-29.04 13-17.00 oleme koduks lõpuriiete kirbuturule. <p class="editor-content__cta"><a class="main-btn" target="_self" href="https://www.facebook.com/events/207371161998159">Loe rohkem siit</a></p></p>
<p>Täpsem info meie sotsiaalmeediakanalites: <a href="https://linktr.ee/valdekunoortekeskus">linktr.ee/valdekunoortekeskus</a></p>

<!-- This site is optimized with the Yoast SEO plugin v27.5 - https://yoast.com/product/yoast-seo-wordpress/ -->
<title>Koolivaheaeg &#8211; Valdeku noortekeskus</title>
<meta name="robots" content="index, follow, max-snippet:-1, max-image-preview:large, max-video-preview:-1" />
<link rel="canonical" href="https://www.nomme.ee/valdeku-noortekeskus/kalender/koolivaheaeg/" />
<meta property="og:locale" content="et_EE" />
<meta property="og:type" content="article" />
<meta property="og:title" content="Koolivaheaeg &#8211; Valdeku noortekeskus" />
<meta property="og:description" content="Juba peagi on jälle koolivaheaeg. Sel korral on meil teemaks keskkond Sel koolivaheajal oleme avatud E-L 12-19.00. Esmaspäeval 24.04 meisterdame vanadest asjadest uusi ja mängime keskkonnateemalisi lauamänge Teisipäeva 25.04 pühendame veele ja ookeanidele. Vaatame koos filmi ja ülejäänud tegevused on hetkel veel üllatuseks Kolmapäev 26.04 on nullkulu päev. Estelle lubas sellise retsepti teha, kus kasutame [&hellip;]" />
<meta property="og:url" content="https://www.nomme.ee/valdeku-noortekeskus/kalender/koolivaheaeg/" />
<meta property="og:site_name" content="Valdeku noortekeskus" />
<meta property="article:modified_time" content="2023-04-18T09:58:49+00:00" />
<meta name="twitter:card" content="summary_large_image" />
<meta name="twitter:label1" content="Est. reading time" />
	<meta name="twitter:data1" content="1 minut" />
<script type="application/ld+json" class="yoast-schema-graph">{"@context":"https:\/\/schema.org","@graph":[{"@type":"WebPage","@id":"https:\/\/www.nomme.ee\/valdeku-noortekeskus\/kalender\/koolivaheaeg\/","url":"https:\/\/www.nomme.ee\/valdeku-noortekeskus\/kalender\/koolivaheaeg\/","name":"Koolivaheaeg &#8211; Valdeku noortekeskus","isPartOf":{"@id":"https:\/\/www.nomme.ee\/valdeku-noortekeskus\/#website"},"datePublished":"2023-04-18T09:46:53+00:00","dateModified":"2023-04-18T09:58:49+00:00","breadcrumb":{"@id":"https:\/\/www.nomme.ee\/valdeku-noortekeskus\/kalender\/koolivaheaeg\/#breadcrumb"},"inLanguage":"et","potentialAction":[{"@type":"ReadAction","target":["https:\/\/www.nomme.ee\/valdeku-noortekeskus\/kalender\/koolivaheaeg\/"]}]},{"@type":"BreadcrumbList","@id":"https:\/\/www.nomme.ee\/valdeku-noortekeskus\/kalender\/koolivaheaeg\/#breadcrumb","itemListElement":[{"@type":"ListItem","position":1,"name":"Nõmme Vaba Aja Keskus","item":"https:\/\/www.nomme.ee"},{"@type":"ListItem","position":2,"name":"Valdeku noortekeskus","item":"https:\/\/www.nomme.ee\/valdeku-noortekeskus\/"},{"@type":"ListItem","position":3,"name":"Sündmused","item":"https:\/\/www.nomme.ee\/valdeku-noortekeskus\/kalender\/"},{"@type":"ListItem","position":4,"name":"Koolivaheaeg"}]},{"@type":"WebSite","@id":"https:\/\/www.nomme.ee\/valdeku-noortekeskus\/#website","url":"https:\/\/www.nomme.ee\/valdeku-noortekeskus\/","name":"Valdeku noortekeskus","description":"","potentialAction":[{"@type":"SearchAction","target":{"@type":"EntryPoint","urlTemplate":"https:\/\/www.nomme.ee\/valdeku-noortekeskus\/?s={search_term_string}"},"query-input":{"@type":"PropertyValueSpecification","valueRequired":true,"valueName":"search_term_string"}}],"inLanguage":"et"}]}</script>
<!-- / Yoast SEO plugin. -->

Juba peagi on jälle koolivaheaeg. Sel korral on meil teemaks keskkond Sel koolivaheajal oleme avatud E-L 12-19.00. Esmaspäeval 24.04 meisterdame vanadest asjadest uusi ja mängime keskkonnateemalisi lauamänge Teisipäeva 25.04 pühendame veele ja ookeanidele. Vaatame koos filmi ja ülejäänud tegevused on hetkel veel üllatuseks Kolmapäev 26.04 on nullkulu päev. Estelle lubas sellise retsepti teha, kus kasutame [&hellip;]

Nõmme Vaba Aja Keskus

Sündmused
