{"id":1685,"date":"2024-12-04T10:55:42","date_gmt":"2024-12-04T10:55:42","guid":{"rendered":"https:\/\/www.nomme.ee\/valdeku-noortekeskus\/?page_id=1685"},"modified":"2025-04-11T10:13:36","modified_gmt":"2025-04-11T10:13:36","slug":"naiteid-valdeku-noortekeskuses-tehtud-omaalgatustest","status":"publish","type":"page","link":"https:\/\/www.nomme.ee\/valdeku-noortekeskus\/naiteid-valdeku-noortekeskuses-tehtud-omaalgatustest\/","title":{"rendered":"N\u00e4iteid Valdeku Noortekeskuses tehtud omaalgatustest"},"content":{"rendered":"<hr \/>\n<h2><span style=\"color: #ff6600\"><strong>Suur Noorte omaalgatuse projektikonkurss \u201cNutivaba vaba aeg\u201d<\/strong><\/span><\/h2>\n<p>Kuigi noortekeskused toetavad noorte omaalgatust v\u00e4iksemas mahus igap\u00e4evaselt, loodi 2024. aastal esmakordselt koost\u00f6\u00f6s N\u00f5mme linnaosavalitsuse ja N\u00f5mme Aktiivsete Noortega projektikonkurss, kus noored said taotleda rohkem raha suuremate ideede tarvis. Koos k\u00e4idi koolitumas ja koguti parimaid praktikaid, millest s\u00fcndiski projektikonkurss.<span data-ccp-props=\"{&quot;335551550&quot;:6,&quot;335551620&quot;:6}\">\u00a0<\/span><\/p>\n<p>Konkurssi esimeses voorus said projektiideid edastada 7-12 aastased v\u00e4hemalt kaheliikmelised noortegrupid.<\/p>\n<p><span data-contrast=\"auto\">\u017d\u00fcrii valis esitatud projektidest v\u00e4lja kolm v\u00f5idut\u00f6\u00f6d, mis mentorite abil teoks said. <\/span><\/p>\n<h3><span style=\"color: #000000\">Tehtud t\u00f6\u00f6d:<\/span><\/h3>\n<h4><span style=\"color: #ff6600\">Pilt-orienteerumine<\/span><\/h4>\n<p><u>Eesm\u00e4rk:<\/u><span data-contrast=\"none\"> Korraldada nutivaba orienteerumine, millest N\u00f5mme kogukond lihtsasti osa saab.<\/span><span data-ccp-props=\"{}\">\u00a0<\/span><\/p>\n<p><span style=\"text-decoration: underline\">Tegevuse kirjeldus:<\/span> Etteantud trajektoori punktidelt tuli \u00fcles leida N\u00f5mme huviobjekte. M\u00e4ng algas ja l\u00f5ppes N\u00f5mme Raamatukogus ning selles sai osaleda iseseisvalt endale sobival ajal. M\u00e4ngurada oli avatud vahemikus 22.03-28.04.24 ning sellest sai osa v\u00f5tta esialgu 200 esimest kiiremat inimest. K\u00f5ik \u00f5iges kohas \u00f5ige punkti \u00fcles leidnud orienteerujad said koodi ette n\u00e4idates N\u00f5mme Raamatukogust auhinnaks k\u00f5rrejoogi.<\/p>\n<p><u>Korraldanud noorte tagasiside:<\/u><\/p>\n<p><em>Mis l\u00e4ks h\u00e4sti?<\/em><br \/>\nH\u00e4sti l\u00e4ks see et me v\u00f5itsime (Evely: ilmselt siis konkursil) ja see oli esimene selline suure m\u00e4ngu planeerimine, paljudele peredele meeldis see m\u00e4ng (Evely: hetkel ma ei tea kust ta seda tagasisidet v\u00f5tab) ja k\u00f5ik pildid j\u00e4id enda kohtadele.<\/p>\n<p><em>Mis oli keeruline?<\/em><br \/>\nM\u00e4ngu organiseerimise k\u00e4igus avastasin et sellega kaasnes v\u00e4ga palju t\u00f6\u00f6d (plakati kujundus, pildilehe kujundus, kaardi kujundus, reeglid, osalejate tabel, kokkulepped, plakatite jaotamine, intervjuu ja auhinnad.)<\/p>\n<p><em>Mida selle tegevuse juures (uut) \u00f5ppisid?<\/em><br \/>\nSelliseid m\u00e4nge pole lihtne teha. M\u00e4ng koosneb nii paljudest erinevatest tegevustest. M\u00e4nguks erinevate asjade kujundamine. Kuna ma olen suhteliselt hea arvutikasutaja ja k\u00e4in orienteerumis trennis siis oli mul lihtsam seda m\u00e4ngu teha.<\/p>\n<h4><span style=\"color: #ff6600\">Puude istutamine<\/span><\/h4>\n<p><span style=\"text-decoration: underline\">Eesm\u00e4rk:<\/span> Tuua N\u00f5mme linnaruumi rohkem loodust ja kaasata sellesse teisi noori.<\/p>\n<p><span style=\"text-decoration: underline\">Tegevuse kirjeldus:<\/span> Kolm n\u00e4dalat enne istutamist paigaldati kooli plakat, et kutsuda kaasa projekti ka teisi noori. 5. aprillil kell 13.00 koguneti Valdeku Selveri ees, et minna \u00fchiselt 500 meetri kaugusel asuvasse Lootuse puiestikku. Lootuse puiestik valiti istutuskohaks koost\u00f6\u00f6s linnaosavalitsusega, sest seal oli vaja teostada vanade maha v\u00f5etud m\u00e4ndide asemele asendusistutust. Linnaosavalitsuse abi paluti ka mulla, istikute ja t\u00f6\u00f6vahendite transpordiks. Projekti k\u00e4igus istutati Lootuse puiestikku 10 uut 80 cm pikkust m\u00e4ndi. Istutamist juhendas dendroloog Sulev J\u00e4rve.<\/p>\n<p><u>Korraldanud noorte tagasiside:<\/u><\/p>\n<p><em>Kuidas l\u00e4ks?<br \/>\n<\/em>K\u00f5ige suurem mure oli, et \u00e4kki mitte keegi ei osale projektis. Reaalsus oli aga see, et ennast registreeris 12 noort, kuid kohapeale tuli 6. Ilmselt oli p\u00f5hjuseks ilm. Terve registreerimise perioodi oli \u00f5ues p\u00e4ikesepaisteline kevad. Projekti toimumise p\u00e4eval aga sadas lund.\u00a0K\u00f5ige toredam oligi see, et ei oldud ainult neljakesi. Teine tore asi oli, et \u00fche puu istutamisega said k\u00f5ik iseseisvalt hakkama, sh ka maasse augu kaevamisega.<\/p>\n<h4><span style=\"color: #ff6600\">Orienteerumine N\u00f5mmel<\/span><\/h4>\n<p><u>Eesm\u00e4rk:<\/u>\u00a0 Lapsi telefonidest \u00e4ra saada, l\u00f5busaid asju teha, nautida \u00f5ues olemist, kaardi \u00f5ppimine, kehaline aktiivsus.<\/p>\n<p><u>Tegevuse kirjeldus:<\/u> kl 8.55 kogunemine kooli ees, 9.00 start N\u00f5mmele, 9. 30 N\u00f5mme sild<\/p>\n<p>Korraldanud noored kohtusid omavahel kl 8.15, k\u00e4isid ja t\u00e4histasid raja punktid\u00a0. Kl 9.00 mindi koos klassiga rajale. Noored jaotati 4 5-liikmelisse gruppi. \u00dcritus l\u00f5ppes kooli ees piknikuga. Jagati diplomid ja v\u00e4ikesed auhinnad.<\/p>\n<p><u>Korraldanud noorte tagasiside: <\/u><\/p>\n<p>Noored olid rahul ja see oli esimene \u00fcrituse korraldus nende jaoks.<\/p>\n<hr \/>\n<h2><span style=\"color: #ff6600\">Halloween 2024<\/span><\/h2>\n<p>Halloweenipidustused toimusid 2024. aastal kahe noore omaalgatusena. Koos noorsoot\u00f6\u00f6taja Evely abiga pandi kokku programm, osteti sn\u00e4kid, loodi plakatid ja viidi need kooli ning kutsuti osalema teised noored.<\/p>\n<p>\u00d5htu jooksul \u00f5piti ja m\u00e4ngiti lauam\u00e4nge, kuulati muusikat, s\u00f6\u00f6di sn\u00e4kke ja tantsiti.<\/p>\n<p>Kokkuv\u00f5tvat videot Halloweenipeost n\u00e4ed meie Instagramis:<\/p>\n<p><span data-teams=\"true\"><p class=\"editor-content__cta\"><a class=\"main-btn\" target=\"_self\" href=\"https:\/\/www.instagram.com\/p\/DBygPAmvOJQ\/\">Halloween 2024<\/a><\/p><\/span><\/p>\n<hr \/>\n<h2><span style=\"color: #ff6600\">M\u00e4ngud ja meelelahutus. Uue aasta algus 2025<\/span><\/h2>\n<p><span style=\"text-decoration: underline\">Eesm\u00e4rk:<\/span> Selle noorteomaalgatuse eesm\u00e4rk oli t\u00e4histada uue aasta algust pere ja s\u00f5pradega, veetes koos aega lauam\u00e4nge m\u00e4ngides.<\/p>\n<p>3. jaanuaril toimus Valdeku noortekeskuses noorte korraldatud lauam\u00e4ngu\u00f5htu, mille eestvedajaks oli meie aktiivne noor Henri. Henri s\u00f5nul on talle alati meeldinud midagi oma pere jaoks korraldada, kuid seekord oli ta eriti r\u00f5\u00f5mus ja \u00fcllatunud, et ka teised noored osalesid. See kogemus inspireeris teda tulevikus veelgi rohkem lauam\u00e4ngu\u00f5htuid korraldama.<\/p>\n<p>Henri on aktiivne osaleja Valdeku noortekeskuse igan\u00e4dalases lauam\u00e4nguklubis, kus ta on kaasa l\u00f6\u00f6nud m\u00e4ngude \u00f5petamises ja klubi planeerimises. Selle algatuse raames valis ta m\u00e4ngud, m\u00f5tles l\u00e4bi sn\u00e4kivaliku ning koostas s\u00fcndmuse plakati, mida jagati koos noorsoot\u00f6\u00f6taja Roula toetusel.<\/p>\n<p><span data-teams=\"true\"><p class=\"editor-content__cta\"><a class=\"main-btn\" target=\"_self\" href=\"https:\/\/www.instagram.com\/reel\/DFXvfWrtUU8\/?utm_source=ig_web_copy_link<\/span>\">M\u00e4ngud ja meelelahutus<\/a><\/p><\/p>\n<hr \/>\n<h2><span style=\"color: #ff6600\">\u00d5ppime muffinid tegema Antoniga 2025<\/span><\/h2>\n<p class=\"\" data-start=\"83\" data-end=\"222\"><span style=\"text-decoration: underline\">Eesm\u00e4rk:<\/span>\u00a0harjutada toiduvalmistamise oskusi, jagada \u00f5pitut teistega ning veeta koos m\u00f5nusalt aega.<\/p>\n<p class=\"\" data-start=\"227\" data-end=\"571\">2 aprillil toimus Valdeku noortekeskuses v\u00e4ike, kuid maitsev muffinivalmistamise t\u00f6\u00f6tuba, mille viis l\u00e4bi meie noor Anton. Teda toetas noorsoot\u00f6\u00f6taja Roula, kellega koos koostati ostunimekiri ja valmistati ette t\u00f6\u00f6toa kulg. T\u00f6\u00f6toas osales lisaks Antonile \u00fcks noort, kellele ta juhendas samm-sammult muffiniretsepti, mille ta oli koolist \u00f5ppinud.<\/p>\n<p class=\"\" data-start=\"573\" data-end=\"758\">Samal ajal, kui muffinid ahjus k\u00fcpsesid, \u00f5piti koos noorsoot\u00f6\u00f6tajaga m\u00e4ngima uut lauam\u00e4ngu <em data-start=\"664\" data-end=\"675\">Dragomino<\/em>. See pakkus osalejatele r\u00f5\u00f5mu ja avastas uusi lemmikuid nii k\u00f6\u00f6gis kui m\u00e4ngulaual.<\/p>\n<p class=\"\" data-start=\"760\" data-end=\"1005\">T\u00f6\u00f6toa l\u00f5pus said k\u00f5ik keskuses viibinud noored ja noorsoot\u00f6\u00f6tajad maitsta \u00e4sja valminud muffineid, need kadusid laualt kiiresti! Anton n\u00e4itas \u00fcles algatusv\u00f5imet, jagas oma teadmisi ning l\u00f5i m\u00f5nusa ja toetava \u00f5hkkonna koos noorsoot\u00f6\u00f6taja abiga.<\/p>\n","protected":false},"excerpt":{"rendered":"<p>Suur Noorte omaalgatuse projektikonkurss \u201cNutivaba vaba aeg\u201d Kuigi noortekeskused toetavad noorte omaalgatust v\u00e4iksemas mahus igap\u00e4evaselt, loodi 2024. aastal esmakordselt koost\u00f6\u00f6s N\u00f5mme linnaosavalitsuse ja N\u00f5mme Aktiivsete Noortega projektikonkurss, kus noored said taotleda rohkem raha suuremate ideede tarvis. Koos k\u00e4idi koolitumas ja koguti parimaid praktikaid, millest s\u00fcndiski projektikonkurss.\u00a0 Konkurssi esimeses voorus said projektiideid edastada 7-12 aastased v\u00e4hemalt [&hellip;]<\/p>\n","protected":false},"author":16,"featured_media":0,"parent":0,"menu_order":0,"comment_status":"closed","ping_status":"closed","template":"","meta":{"_acf_changed":false,"footnotes":""},"class_list":["post-1685","page","type-page","status-publish","hentry"],"acf":[],"yoast_head":"<!-- This site is optimized with the Yoast SEO plugin v27.5 - https:\/\/yoast.com\/product\/yoast-seo-wordpress\/ -->\n<title>N\u00e4iteid Valdeku Noortekeskuses tehtud omaalgatustest &#8211; Valdeku noortekeskus<\/title>\n<meta name=\"robots\" content=\"index, follow, max-snippet:-1, max-image-preview:large, max-video-preview:-1\" \/>\n<link rel=\"canonical\" href=\"https:\/\/www.nomme.ee\/valdeku-noortekeskus\/naiteid-valdeku-noortekeskuses-tehtud-omaalgatustest\/\" \/>\n<meta property=\"og:locale\" content=\"et_EE\" \/>\n<meta property=\"og:type\" content=\"article\" \/>\n<meta property=\"og:title\" content=\"N\u00e4iteid Valdeku Noortekeskuses tehtud omaalgatustest &#8211; Valdeku noortekeskus\" \/>\n<meta property=\"og:description\" content=\"Suur Noorte omaalgatuse projektikonkurss \u201cNutivaba vaba aeg\u201d Kuigi noortekeskused toetavad noorte omaalgatust v\u00e4iksemas mahus igap\u00e4evaselt, loodi 2024. aastal esmakordselt koost\u00f6\u00f6s N\u00f5mme linnaosavalitsuse ja N\u00f5mme Aktiivsete Noortega projektikonkurss, kus noored said taotleda rohkem raha suuremate ideede tarvis. Koos k\u00e4idi koolitumas ja koguti parimaid praktikaid, millest s\u00fcndiski projektikonkurss.\u00a0 Konkurssi esimeses voorus said projektiideid edastada 7-12 aastased v\u00e4hemalt [&hellip;]\" \/>\n<meta property=\"og:url\" content=\"https:\/\/www.nomme.ee\/valdeku-noortekeskus\/naiteid-valdeku-noortekeskuses-tehtud-omaalgatustest\/\" \/>\n<meta property=\"og:site_name\" content=\"Valdeku noortekeskus\" \/>\n<meta property=\"article:modified_time\" content=\"2025-04-11T10:13:36+00:00\" \/>\n<meta name=\"twitter:card\" content=\"summary_large_image\" \/>\n<meta name=\"twitter:label1\" content=\"Est. reading time\" \/>\n\t<meta name=\"twitter:data1\" content=\"5 minutit\" \/>\n<script type=\"application\/ld+json\" class=\"yoast-schema-graph\">{\"@context\":\"https:\\\/\\\/schema.org\",\"@graph\":[{\"@type\":\"WebPage\",\"@id\":\"https:\\\/\\\/www.nomme.ee\\\/valdeku-noortekeskus\\\/naiteid-valdeku-noortekeskuses-tehtud-omaalgatustest\\\/\",\"url\":\"https:\\\/\\\/www.nomme.ee\\\/valdeku-noortekeskus\\\/naiteid-valdeku-noortekeskuses-tehtud-omaalgatustest\\\/\",\"name\":\"N\u00e4iteid Valdeku Noortekeskuses tehtud omaalgatustest &#8211; Valdeku noortekeskus\",\"isPartOf\":{\"@id\":\"https:\\\/\\\/www.nomme.ee\\\/valdeku-noortekeskus\\\/#website\"},\"datePublished\":\"2024-12-04T10:55:42+00:00\",\"dateModified\":\"2025-04-11T10:13:36+00:00\",\"breadcrumb\":{\"@id\":\"https:\\\/\\\/www.nomme.ee\\\/valdeku-noortekeskus\\\/naiteid-valdeku-noortekeskuses-tehtud-omaalgatustest\\\/#breadcrumb\"},\"inLanguage\":\"et\",\"potentialAction\":[{\"@type\":\"ReadAction\",\"target\":[\"https:\\\/\\\/www.nomme.ee\\\/valdeku-noortekeskus\\\/naiteid-valdeku-noortekeskuses-tehtud-omaalgatustest\\\/\"]}]},{\"@type\":\"BreadcrumbList\",\"@id\":\"https:\\\/\\\/www.nomme.ee\\\/valdeku-noortekeskus\\\/naiteid-valdeku-noortekeskuses-tehtud-omaalgatustest\\\/#breadcrumb\",\"itemListElement\":[{\"@type\":\"ListItem\",\"position\":1,\"name\":\"N\u00f5mme Vaba Aja Keskus\",\"item\":\"https:\\\/\\\/www.nomme.ee\"},{\"@type\":\"ListItem\",\"position\":2,\"name\":\"Valdeku noortekeskus\",\"item\":\"https:\\\/\\\/www.nomme.ee\\\/valdeku-noortekeskus\\\/\"},{\"@type\":\"ListItem\",\"position\":3,\"name\":\"N\u00e4iteid Valdeku Noortekeskuses tehtud omaalgatustest\"}]},{\"@type\":\"WebSite\",\"@id\":\"https:\\\/\\\/www.nomme.ee\\\/valdeku-noortekeskus\\\/#website\",\"url\":\"https:\\\/\\\/www.nomme.ee\\\/valdeku-noortekeskus\\\/\",\"name\":\"Valdeku noortekeskus\",\"description\":\"\",\"potentialAction\":[{\"@type\":\"SearchAction\",\"target\":{\"@type\":\"EntryPoint\",\"urlTemplate\":\"https:\\\/\\\/www.nomme.ee\\\/valdeku-noortekeskus\\\/?s={search_term_string}\"},\"query-input\":{\"@type\":\"PropertyValueSpecification\",\"valueRequired\":true,\"valueName\":\"search_term_string\"}}],\"inLanguage\":\"et\"}]}<\/script>\n<!-- \/ Yoast SEO plugin. -->","yoast_head_json":{"title":"N\u00e4iteid Valdeku Noortekeskuses tehtud omaalgatustest &#8211; Valdeku noortekeskus","robots":{"index":"index","follow":"follow","max-snippet":"max-snippet:-1","max-image-preview":"max-image-preview:large","max-video-preview":"max-video-preview:-1"},"canonical":"https:\/\/www.nomme.ee\/valdeku-noortekeskus\/naiteid-valdeku-noortekeskuses-tehtud-omaalgatustest\/","og_locale":"et_EE","og_type":"article","og_title":"N\u00e4iteid Valdeku Noortekeskuses tehtud omaalgatustest &#8211; Valdeku noortekeskus","og_description":"Suur Noorte omaalgatuse projektikonkurss \u201cNutivaba vaba aeg\u201d Kuigi noortekeskused toetavad noorte omaalgatust v\u00e4iksemas mahus igap\u00e4evaselt, loodi 2024. aastal esmakordselt koost\u00f6\u00f6s N\u00f5mme linnaosavalitsuse ja N\u00f5mme Aktiivsete Noortega projektikonkurss, kus noored said taotleda rohkem raha suuremate ideede tarvis. Koos k\u00e4idi koolitumas ja koguti parimaid praktikaid, millest s\u00fcndiski projektikonkurss.\u00a0 Konkurssi esimeses voorus said projektiideid edastada 7-12 aastased v\u00e4hemalt [&hellip;]","og_url":"https:\/\/www.nomme.ee\/valdeku-noortekeskus\/naiteid-valdeku-noortekeskuses-tehtud-omaalgatustest\/","og_site_name":"Valdeku noortekeskus","article_modified_time":"2025-04-11T10:13:36+00:00","twitter_card":"summary_large_image","twitter_misc":{"Est. reading time":"5 minutit"},"schema":{"@context":"https:\/\/schema.org","@graph":[{"@type":"WebPage","@id":"https:\/\/www.nomme.ee\/valdeku-noortekeskus\/naiteid-valdeku-noortekeskuses-tehtud-omaalgatustest\/","url":"https:\/\/www.nomme.ee\/valdeku-noortekeskus\/naiteid-valdeku-noortekeskuses-tehtud-omaalgatustest\/","name":"N\u00e4iteid Valdeku Noortekeskuses tehtud omaalgatustest &#8211; Valdeku noortekeskus","isPartOf":{"@id":"https:\/\/www.nomme.ee\/valdeku-noortekeskus\/#website"},"datePublished":"2024-12-04T10:55:42+00:00","dateModified":"2025-04-11T10:13:36+00:00","breadcrumb":{"@id":"https:\/\/www.nomme.ee\/valdeku-noortekeskus\/naiteid-valdeku-noortekeskuses-tehtud-omaalgatustest\/#breadcrumb"},"inLanguage":"et","potentialAction":[{"@type":"ReadAction","target":["https:\/\/www.nomme.ee\/valdeku-noortekeskus\/naiteid-valdeku-noortekeskuses-tehtud-omaalgatustest\/"]}]},{"@type":"BreadcrumbList","@id":"https:\/\/www.nomme.ee\/valdeku-noortekeskus\/naiteid-valdeku-noortekeskuses-tehtud-omaalgatustest\/#breadcrumb","itemListElement":[{"@type":"ListItem","position":1,"name":"N\u00f5mme Vaba Aja Keskus","item":"https:\/\/www.nomme.ee"},{"@type":"ListItem","position":2,"name":"Valdeku noortekeskus","item":"https:\/\/www.nomme.ee\/valdeku-noortekeskus\/"},{"@type":"ListItem","position":3,"name":"N\u00e4iteid Valdeku Noortekeskuses tehtud omaalgatustest"}]},{"@type":"WebSite","@id":"https:\/\/www.nomme.ee\/valdeku-noortekeskus\/#website","url":"https:\/\/www.nomme.ee\/valdeku-noortekeskus\/","name":"Valdeku noortekeskus","description":"","potentialAction":[{"@type":"SearchAction","target":{"@type":"EntryPoint","urlTemplate":"https:\/\/www.nomme.ee\/valdeku-noortekeskus\/?s={search_term_string}"},"query-input":{"@type":"PropertyValueSpecification","valueRequired":true,"valueName":"search_term_string"}}],"inLanguage":"et"}]}},"_links":{"self":[{"href":"https:\/\/www.nomme.ee\/valdeku-noortekeskus\/wp-json\/wp\/v2\/pages\/1685","targetHints":{"allow":["GET"]}}],"collection":[{"href":"https:\/\/www.nomme.ee\/valdeku-noortekeskus\/wp-json\/wp\/v2\/pages"}],"about":[{"href":"https:\/\/www.nomme.ee\/valdeku-noortekeskus\/wp-json\/wp\/v2\/types\/page"}],"author":[{"embeddable":true,"href":"https:\/\/www.nomme.ee\/valdeku-noortekeskus\/wp-json\/wp\/v2\/users\/16"}],"replies":[{"embeddable":true,"href":"https:\/\/www.nomme.ee\/valdeku-noortekeskus\/wp-json\/wp\/v2\/comments?post=1685"}],"version-history":[{"count":14,"href":"https:\/\/www.nomme.ee\/valdeku-noortekeskus\/wp-json\/wp\/v2\/pages\/1685\/revisions"}],"predecessor-version":[{"id":2043,"href":"https:\/\/www.nomme.ee\/valdeku-noortekeskus\/wp-json\/wp\/v2\/pages\/1685\/revisions\/2043"}],"wp:attachment":[{"href":"https:\/\/www.nomme.ee\/valdeku-noortekeskus\/wp-json\/wp\/v2\/media?parent=1685"}],"curies":[{"name":"wp","href":"https:\/\/api.w.org\/{rel}","templated":true}]}}