{"id":1773,"date":"2025-01-06T12:31:12","date_gmt":"2025-01-06T12:31:12","guid":{"rendered":"https:\/\/www.nomme.ee\/valdeku-noortekeskus\/?page_id=1773"},"modified":"2025-01-06T12:31:12","modified_gmt":"2025-01-06T12:31:12","slug":"tahaksid-midagi-korraldada","status":"publish","type":"page","link":"https:\/\/www.nomme.ee\/valdeku-noortekeskus\/tahaksid-midagi-korraldada\/","title":{"rendered":"Tahaksid midagi korraldada?"},"content":{"rendered":"<p>2025. aastal ootame Valdekus appi j\u00e4rgmiste t\u00e4htp\u00e4evade korraldamisel:<\/p>\n<ul>\n<li>14. veebruar &#8211; s\u00f5brap\u00e4ev<\/li>\n<li>21. veebruar &#8211; Eesti Vabariik 107 *<\/li>\n<li>8. m\u00e4rts &#8211; naistep\u00e4ev<\/li>\n<li>14. m\u00e4rts &#8211; emakeelep\u00e4ev<\/li>\n<li>aprillis &#8211; noortekirjandusep\u00e4ev *<\/li>\n<li>aprillis &#8211; munadep\u00fchad<\/li>\n<li>11. mai &#8211; emadep\u00e4ev<\/li>\n<li>21. mai &#8211; mitmekesisusep\u00e4ev *<\/li>\n<li>1. juuni &#8211; lastekaitsep\u00e4ev *<\/li>\n<li>5. september &#8211; Valdeku Noortekeskuse 8. s\u00fcnnip\u00e4ev *<\/li>\n<li>9. november &#8211; isadep\u00e4ev<\/li>\n<li>19. november &#8211; meestep\u00e4ev<\/li>\n<li>29.-31. detsember &#8211; mida iganes sooviksid teha<\/li>\n<li>02. jaanuar (2026) &#8211; mida iganes sooviksid teha<\/li>\n<\/ul>\n<p>*T\u00e4rn t\u00e4hendab, et sellel p\u00e4eval on noorsoot\u00f6\u00f6tajatel juba midagi plaanis, kuid ootame alati abilisi!<\/p>\n<p>Kui siit nimekirjast m\u00f5ni p\u00e4ev Sulle huvi pakub, v\u00f5ta meiega \u00fchendust ja tule korraldama!<\/p>\n","protected":false},"excerpt":{"rendered":"<p>2025. aastal ootame Valdekus appi j\u00e4rgmiste t\u00e4htp\u00e4evade korraldamisel: 14. veebruar &#8211; s\u00f5brap\u00e4ev 21. veebruar &#8211; Eesti Vabariik 107 * 8. m\u00e4rts &#8211; naistep\u00e4ev 14. m\u00e4rts &#8211; emakeelep\u00e4ev aprillis &#8211; noortekirjandusep\u00e4ev * aprillis &#8211; munadep\u00fchad 11. mai &#8211; emadep\u00e4ev 21. mai &#8211; mitmekesisusep\u00e4ev * 1. juuni &#8211; lastekaitsep\u00e4ev * 5. september &#8211; Valdeku Noortekeskuse 8. s\u00fcnnip\u00e4ev [&hellip;]<\/p>\n","protected":false},"author":16,"featured_media":0,"parent":0,"menu_order":0,"comment_status":"closed","ping_status":"closed","template":"","meta":{"_acf_changed":false,"footnotes":""},"class_list":["post-1773","page","type-page","status-publish","hentry"],"acf":[],"yoast_head":"<!-- This site is optimized with the Yoast SEO plugin v27.5 - https:\/\/yoast.com\/product\/yoast-seo-wordpress\/ -->\n<title>Tahaksid midagi korraldada? &#8211; Valdeku noortekeskus<\/title>\n<meta name=\"robots\" content=\"index, follow, max-snippet:-1, max-image-preview:large, max-video-preview:-1\" \/>\n<link rel=\"canonical\" href=\"https:\/\/www.nomme.ee\/valdeku-noortekeskus\/tahaksid-midagi-korraldada\/\" \/>\n<meta property=\"og:locale\" content=\"et_EE\" \/>\n<meta property=\"og:type\" content=\"article\" \/>\n<meta property=\"og:title\" content=\"Tahaksid midagi korraldada? &#8211; Valdeku noortekeskus\" \/>\n<meta property=\"og:description\" content=\"2025. aastal ootame Valdekus appi j\u00e4rgmiste t\u00e4htp\u00e4evade korraldamisel: 14. veebruar &#8211; s\u00f5brap\u00e4ev 21. veebruar &#8211; Eesti Vabariik 107 * 8. m\u00e4rts &#8211; naistep\u00e4ev 14. m\u00e4rts &#8211; emakeelep\u00e4ev aprillis &#8211; noortekirjandusep\u00e4ev * aprillis &#8211; munadep\u00fchad 11. mai &#8211; emadep\u00e4ev 21. mai &#8211; mitmekesisusep\u00e4ev * 1. juuni &#8211; lastekaitsep\u00e4ev * 5. september &#8211; Valdeku Noortekeskuse 8. s\u00fcnnip\u00e4ev [&hellip;]\" \/>\n<meta property=\"og:url\" content=\"https:\/\/www.nomme.ee\/valdeku-noortekeskus\/tahaksid-midagi-korraldada\/\" \/>\n<meta property=\"og:site_name\" content=\"Valdeku noortekeskus\" \/>\n<meta name=\"twitter:card\" content=\"summary_large_image\" \/>\n<meta name=\"twitter:label1\" content=\"Est. reading time\" \/>\n\t<meta name=\"twitter:data1\" content=\"1 minut\" \/>\n<script type=\"application\/ld+json\" class=\"yoast-schema-graph\">{\"@context\":\"https:\\\/\\\/schema.org\",\"@graph\":[{\"@type\":\"WebPage\",\"@id\":\"https:\\\/\\\/www.nomme.ee\\\/valdeku-noortekeskus\\\/tahaksid-midagi-korraldada\\\/\",\"url\":\"https:\\\/\\\/www.nomme.ee\\\/valdeku-noortekeskus\\\/tahaksid-midagi-korraldada\\\/\",\"name\":\"Tahaksid midagi korraldada? &#8211; Valdeku noortekeskus\",\"isPartOf\":{\"@id\":\"https:\\\/\\\/www.nomme.ee\\\/valdeku-noortekeskus\\\/#website\"},\"datePublished\":\"2025-01-06T12:31:12+00:00\",\"breadcrumb\":{\"@id\":\"https:\\\/\\\/www.nomme.ee\\\/valdeku-noortekeskus\\\/tahaksid-midagi-korraldada\\\/#breadcrumb\"},\"inLanguage\":\"et\",\"potentialAction\":[{\"@type\":\"ReadAction\",\"target\":[\"https:\\\/\\\/www.nomme.ee\\\/valdeku-noortekeskus\\\/tahaksid-midagi-korraldada\\\/\"]}]},{\"@type\":\"BreadcrumbList\",\"@id\":\"https:\\\/\\\/www.nomme.ee\\\/valdeku-noortekeskus\\\/tahaksid-midagi-korraldada\\\/#breadcrumb\",\"itemListElement\":[{\"@type\":\"ListItem\",\"position\":1,\"name\":\"N\u00f5mme Vaba Aja Keskus\",\"item\":\"https:\\\/\\\/www.nomme.ee\"},{\"@type\":\"ListItem\",\"position\":2,\"name\":\"Valdeku noortekeskus\",\"item\":\"https:\\\/\\\/www.nomme.ee\\\/valdeku-noortekeskus\\\/\"},{\"@type\":\"ListItem\",\"position\":3,\"name\":\"Tahaksid midagi korraldada?\"}]},{\"@type\":\"WebSite\",\"@id\":\"https:\\\/\\\/www.nomme.ee\\\/valdeku-noortekeskus\\\/#website\",\"url\":\"https:\\\/\\\/www.nomme.ee\\\/valdeku-noortekeskus\\\/\",\"name\":\"Valdeku noortekeskus\",\"description\":\"\",\"potentialAction\":[{\"@type\":\"SearchAction\",\"target\":{\"@type\":\"EntryPoint\",\"urlTemplate\":\"https:\\\/\\\/www.nomme.ee\\\/valdeku-noortekeskus\\\/?s={search_term_string}\"},\"query-input\":{\"@type\":\"PropertyValueSpecification\",\"valueRequired\":true,\"valueName\":\"search_term_string\"}}],\"inLanguage\":\"et\"}]}<\/script>\n<!-- \/ Yoast SEO plugin. -->","yoast_head_json":{"title":"Tahaksid midagi korraldada? &#8211; Valdeku noortekeskus","robots":{"index":"index","follow":"follow","max-snippet":"max-snippet:-1","max-image-preview":"max-image-preview:large","max-video-preview":"max-video-preview:-1"},"canonical":"https:\/\/www.nomme.ee\/valdeku-noortekeskus\/tahaksid-midagi-korraldada\/","og_locale":"et_EE","og_type":"article","og_title":"Tahaksid midagi korraldada? &#8211; Valdeku noortekeskus","og_description":"2025. aastal ootame Valdekus appi j\u00e4rgmiste t\u00e4htp\u00e4evade korraldamisel: 14. veebruar &#8211; s\u00f5brap\u00e4ev 21. veebruar &#8211; Eesti Vabariik 107 * 8. m\u00e4rts &#8211; naistep\u00e4ev 14. m\u00e4rts &#8211; emakeelep\u00e4ev aprillis &#8211; noortekirjandusep\u00e4ev * aprillis &#8211; munadep\u00fchad 11. mai &#8211; emadep\u00e4ev 21. mai &#8211; mitmekesisusep\u00e4ev * 1. juuni &#8211; lastekaitsep\u00e4ev * 5. september &#8211; Valdeku Noortekeskuse 8. s\u00fcnnip\u00e4ev [&hellip;]","og_url":"https:\/\/www.nomme.ee\/valdeku-noortekeskus\/tahaksid-midagi-korraldada\/","og_site_name":"Valdeku noortekeskus","twitter_card":"summary_large_image","twitter_misc":{"Est. reading time":"1 minut"},"schema":{"@context":"https:\/\/schema.org","@graph":[{"@type":"WebPage","@id":"https:\/\/www.nomme.ee\/valdeku-noortekeskus\/tahaksid-midagi-korraldada\/","url":"https:\/\/www.nomme.ee\/valdeku-noortekeskus\/tahaksid-midagi-korraldada\/","name":"Tahaksid midagi korraldada? &#8211; Valdeku noortekeskus","isPartOf":{"@id":"https:\/\/www.nomme.ee\/valdeku-noortekeskus\/#website"},"datePublished":"2025-01-06T12:31:12+00:00","breadcrumb":{"@id":"https:\/\/www.nomme.ee\/valdeku-noortekeskus\/tahaksid-midagi-korraldada\/#breadcrumb"},"inLanguage":"et","potentialAction":[{"@type":"ReadAction","target":["https:\/\/www.nomme.ee\/valdeku-noortekeskus\/tahaksid-midagi-korraldada\/"]}]},{"@type":"BreadcrumbList","@id":"https:\/\/www.nomme.ee\/valdeku-noortekeskus\/tahaksid-midagi-korraldada\/#breadcrumb","itemListElement":[{"@type":"ListItem","position":1,"name":"N\u00f5mme Vaba Aja Keskus","item":"https:\/\/www.nomme.ee"},{"@type":"ListItem","position":2,"name":"Valdeku noortekeskus","item":"https:\/\/www.nomme.ee\/valdeku-noortekeskus\/"},{"@type":"ListItem","position":3,"name":"Tahaksid midagi korraldada?"}]},{"@type":"WebSite","@id":"https:\/\/www.nomme.ee\/valdeku-noortekeskus\/#website","url":"https:\/\/www.nomme.ee\/valdeku-noortekeskus\/","name":"Valdeku noortekeskus","description":"","potentialAction":[{"@type":"SearchAction","target":{"@type":"EntryPoint","urlTemplate":"https:\/\/www.nomme.ee\/valdeku-noortekeskus\/?s={search_term_string}"},"query-input":{"@type":"PropertyValueSpecification","valueRequired":true,"valueName":"search_term_string"}}],"inLanguage":"et"}]}},"_links":{"self":[{"href":"https:\/\/www.nomme.ee\/valdeku-noortekeskus\/wp-json\/wp\/v2\/pages\/1773","targetHints":{"allow":["GET"]}}],"collection":[{"href":"https:\/\/www.nomme.ee\/valdeku-noortekeskus\/wp-json\/wp\/v2\/pages"}],"about":[{"href":"https:\/\/www.nomme.ee\/valdeku-noortekeskus\/wp-json\/wp\/v2\/types\/page"}],"author":[{"embeddable":true,"href":"https:\/\/www.nomme.ee\/valdeku-noortekeskus\/wp-json\/wp\/v2\/users\/16"}],"replies":[{"embeddable":true,"href":"https:\/\/www.nomme.ee\/valdeku-noortekeskus\/wp-json\/wp\/v2\/comments?post=1773"}],"version-history":[{"count":2,"href":"https:\/\/www.nomme.ee\/valdeku-noortekeskus\/wp-json\/wp\/v2\/pages\/1773\/revisions"}],"predecessor-version":[{"id":1775,"href":"https:\/\/www.nomme.ee\/valdeku-noortekeskus\/wp-json\/wp\/v2\/pages\/1773\/revisions\/1775"}],"wp:attachment":[{"href":"https:\/\/www.nomme.ee\/valdeku-noortekeskus\/wp-json\/wp\/v2\/media?parent=1773"}],"curies":[{"name":"wp","href":"https:\/\/api.w.org\/{rel}","templated":true}]}}

<p>2025. aastal ootame Valdekus appi järgmiste tähtpäevade korraldamisel:</p>
<ul>
<li>14. veebruar &#8211; sõbrapäev</li>
<li>21. veebruar &#8211; Eesti Vabariik 107 *</li>
<li>8. märts &#8211; naistepäev</li>
<li>14. märts &#8211; emakeelepäev</li>
<li>aprillis &#8211; noortekirjandusepäev *</li>
<li>aprillis &#8211; munadepühad</li>
<li>11. mai &#8211; emadepäev</li>
<li>21. mai &#8211; mitmekesisusepäev *</li>
<li>1. juuni &#8211; lastekaitsepäev *</li>
<li>5. september &#8211; Valdeku Noortekeskuse 8. sünnipäev *</li>
<li>9. november &#8211; isadepäev</li>
<li>19. november &#8211; meestepäev</li>
<li>29.-31. detsember &#8211; mida iganes sooviksid teha</li>
<li>02. jaanuar (2026) &#8211; mida iganes sooviksid teha</li>
</ul>
<p>*Tärn tähendab, et sellel päeval on noorsootöötajatel juba midagi plaanis, kuid ootame alati abilisi!</p>
<p>Kui siit nimekirjast mõni päev Sulle huvi pakub, võta meiega ühendust ja tule korraldama!</p>

<p>2025. aastal ootame Valdekus appi järgmiste tähtpäevade korraldamisel: 14. veebruar &#8211; sõbrapäev 21. veebruar &#8211; Eesti Vabariik 107 * 8. märts &#8211; naistepäev 14. märts &#8211; emakeelepäev aprillis &#8211; noortekirjandusepäev * aprillis &#8211; munadepühad 11. mai &#8211; emadepäev 21. mai &#8211; mitmekesisusepäev * 1. juuni &#8211; lastekaitsepäev * 5. september &#8211; Valdeku Noortekeskuse 8. sünnipäev [&hellip;]</p>

<!-- This site is optimized with the Yoast SEO plugin v27.5 - https://yoast.com/product/yoast-seo-wordpress/ -->
<title>Tahaksid midagi korraldada? &#8211; Valdeku noortekeskus</title>
<meta name="robots" content="index, follow, max-snippet:-1, max-image-preview:large, max-video-preview:-1" />
<link rel="canonical" href="https://www.nomme.ee/valdeku-noortekeskus/tahaksid-midagi-korraldada/" />
<meta property="og:locale" content="et_EE" />
<meta property="og:type" content="article" />
<meta property="og:title" content="Tahaksid midagi korraldada? &#8211; Valdeku noortekeskus" />
<meta property="og:description" content="2025. aastal ootame Valdekus appi järgmiste tähtpäevade korraldamisel: 14. veebruar &#8211; sõbrapäev 21. veebruar &#8211; Eesti Vabariik 107 * 8. märts &#8211; naistepäev 14. märts &#8211; emakeelepäev aprillis &#8211; noortekirjandusepäev * aprillis &#8211; munadepühad 11. mai &#8211; emadepäev 21. mai &#8211; mitmekesisusepäev * 1. juuni &#8211; lastekaitsepäev * 5. september &#8211; Valdeku Noortekeskuse 8. sünnipäev [&hellip;]" />
<meta property="og:url" content="https://www.nomme.ee/valdeku-noortekeskus/tahaksid-midagi-korraldada/" />
<meta property="og:site_name" content="Valdeku noortekeskus" />
<meta name="twitter:card" content="summary_large_image" />
<meta name="twitter:label1" content="Est. reading time" />
	<meta name="twitter:data1" content="1 minut" />
<script type="application/ld+json" class="yoast-schema-graph">{"@context":"https:\/\/schema.org","@graph":[{"@type":"WebPage","@id":"https:\/\/www.nomme.ee\/valdeku-noortekeskus\/tahaksid-midagi-korraldada\/","url":"https:\/\/www.nomme.ee\/valdeku-noortekeskus\/tahaksid-midagi-korraldada\/","name":"Tahaksid midagi korraldada? &#8211; Valdeku noortekeskus","isPartOf":{"@id":"https:\/\/www.nomme.ee\/valdeku-noortekeskus\/#website"},"datePublished":"2025-01-06T12:31:12+00:00","breadcrumb":{"@id":"https:\/\/www.nomme.ee\/valdeku-noortekeskus\/tahaksid-midagi-korraldada\/#breadcrumb"},"inLanguage":"et","potentialAction":[{"@type":"ReadAction","target":["https:\/\/www.nomme.ee\/valdeku-noortekeskus\/tahaksid-midagi-korraldada\/"]}]},{"@type":"BreadcrumbList","@id":"https:\/\/www.nomme.ee\/valdeku-noortekeskus\/tahaksid-midagi-korraldada\/#breadcrumb","itemListElement":[{"@type":"ListItem","position":1,"name":"Nõmme Vaba Aja Keskus","item":"https:\/\/www.nomme.ee"},{"@type":"ListItem","position":2,"name":"Valdeku noortekeskus","item":"https:\/\/www.nomme.ee\/valdeku-noortekeskus\/"},{"@type":"ListItem","position":3,"name":"Tahaksid midagi korraldada?"}]},{"@type":"WebSite","@id":"https:\/\/www.nomme.ee\/valdeku-noortekeskus\/#website","url":"https:\/\/www.nomme.ee\/valdeku-noortekeskus\/","name":"Valdeku noortekeskus","description":"","potentialAction":[{"@type":"SearchAction","target":{"@type":"EntryPoint","urlTemplate":"https:\/\/www.nomme.ee\/valdeku-noortekeskus\/?s={search_term_string}"},"query-input":{"@type":"PropertyValueSpecification","valueRequired":true,"valueName":"search_term_string"}}],"inLanguage":"et"}]}</script>
<!-- / Yoast SEO plugin. -->

2025. aastal ootame Valdekus appi järgmiste tähtpäevade korraldamisel: 14. veebruar &#8211; sõbrapäev 21. veebruar &#8211; Eesti Vabariik 107 * 8. märts &#8211; naistepäev 14. märts &#8211; emakeelepäev aprillis &#8211; noortekirjandusepäev * aprillis &#8211; munadepühad 11. mai &#8211; emadepäev 21. mai &#8211; mitmekesisusepäev * 1. juuni &#8211; lastekaitsepäev * 5. september &#8211; Valdeku Noortekeskuse 8. sünnipäev [&hellip;]

Nõmme Vaba Aja Keskus
