{"id":1794,"date":"2025-01-17T10:26:59","date_gmt":"2025-01-17T10:26:59","guid":{"rendered":"https:\/\/www.nomme.ee\/valdeku-noortekeskus\/?page_id=1794"},"modified":"2025-01-17T10:27:39","modified_gmt":"2025-01-17T10:27:39","slug":"koolipaketid","status":"publish","type":"page","link":"https:\/\/www.nomme.ee\/valdeku-noortekeskus\/koolipaketid\/","title":{"rendered":"Koolipaketid"},"content":{"rendered":"<h2 style=\"text-align: justify\"><span data-contrast=\"auto\">Valdeku Noortekeskus ootab kooliklasse endale k\u00fclla!<\/span><\/h2>\n<p style=\"text-align: justify\">Oleme noorsoot\u00f6\u00f6tajatega v\u00e4lja t\u00f6\u00f6tanud <strong>neli unikaalset tegevusplaani klassidele<\/strong>, mida kutsume <strong>koolipakettideks<\/strong>. Igal paketil on <strong>otsene seos riikliku \u00f5ppekavaga<\/strong> ning need on kohandatud konkreetsele sihtr\u00fchmale. Koolipakette viivad l\u00e4bi meie <strong>kogenud noorsoot\u00f6\u00f6tajad<\/strong>. Tutvu meie noorsoot\u00f6\u00f6tajatega \u00a0<span style=\"color: #ff6600\"><strong><a style=\"color: #ff6600\" href=\"https:\/\/www.nomme.ee\/valdeku-noortekeskus\/kontakt\/\">SIIN<\/a>.<\/strong><\/span><\/p>\n<p>\ud83d\udccd <strong>Tegevuste aeg ja koht<\/strong><br \/>\nPakette saab l\u00e4bi viia <strong>E\u2013R kell 11.00\u201313.00<\/strong> Valdeku Noortekeskuses.<\/p>\n<p>\ud83c\udfaf <strong>Paindlikkus ja kohandamine<\/strong><br \/>\nKui teie klassil on erisoove, oleme valmis pakette kohandama! Oleme seda ka varasemalt edukalt teinud.<\/p>\n<p>\ud83d\udca1 <strong>Meie eesm\u00e4rk<\/strong><br \/>\nSoovime, et rohkem noori leiaks tee Valdeku Noortekeskusesse, tutvuks meie ruumide ja t\u00f6\u00f6tajatega ning samal ajal saaksime aidata t\u00e4ita m\u00f5ne ainetunni eesm\u00e4rke v\u00f5i tugevdada teie klassi \u00fchtsustunnet.<\/p>\n<p>\ud83c\udf10 <strong>Keeled<\/strong><br \/>\nPakette viime l\u00e4bi nii eesti kui inglise keeles <em>(v.a \u201eUnlock!\u201c, mis toimub ainult inglise keeles)<\/em>.<\/p>\n<p>\ud83d\udcb8<strong> Hind<br \/>\n<\/strong>Koolipaketid on klassidele l\u00e4bimiseks <strong>tasuta<\/strong>.<\/p>\n<p>&nbsp;<\/p>\n<p>\u2709\ufe0f <strong>Broneeri oma klassile koolipakett<\/strong><br \/>\nKirjuta meile aadressil <strong><a rel=\"noopener\">valdeku.noortekeskus@nomme.ee<\/a><\/strong> ja leiame koos sobiva aja!<\/p>\n<p>&nbsp;<\/p>\n<h3><span style=\"color: #ff6600\">Lauam\u00e4ngudel p\u00f5hinevad paketid:<\/span><\/h3>\n<h4><span data-contrast=\"auto\"><span data-contrast=\"auto\">1. Kaardim\u00e4ngul &#8220;Kliimakool&#8221; p\u00f5hinev pakett CO2 teema k\u00e4sitlemiseks <\/span><\/span>4.\u20139. klassidele<\/h4>\n<p>Avasta, kuidas meie igap\u00e4evased valikud m\u00f5jutavad planeeti! See praktiline tegevus aitab noortel m\u00f5ista, mis roll on CO2 emissioonidel kliimamuutustes ning leida v\u00f5imalusi positiivsete muutuste tegemiseks.<\/p>\n<p><strong>T\u00f6\u00f6toa kestus: <\/strong>alates 1 tund. Kuna tagasiside ja refleksioon m\u00e4ngivad olulist rolli \u00f5pitu m\u00f5istmisel ja kinnistamisel, soovitame v\u00f5imalusel planeerida rohkem aega.<br \/>\n<strong>Keel:<\/strong> Eesti keel ja vajadusel inglise keel<br \/>\n<strong>Osalejate arv:<\/strong> Maksimaalselt 24 \u00f5pilast<br \/>\n<strong>Osalus:<\/strong> Tasuta<\/p>\n<h4><span data-contrast=\"auto\">2. I<\/span><span data-contrast=\"auto\">nglise keele praktiseerimisele suunatud <\/span><span data-contrast=\"auto\">&#8220;Unlock!&#8221; lauam\u00e4ngude pakett 10.-12. klassidele<\/span><\/h4>\n<p>Astu p\u00f5nevasse ingliskeelsesse keskkonda, kus saad proovile panna oma keeleoskuse, loogilise m\u00f5tlemise, meeskonnat\u00f6\u00f6 oskused ja stressitaluvuse! Unlock! lauam\u00e4ng \u00fchendab meelelahutuse ja hariduse, pakkudes noortele v\u00f5imaluse arendada kannatlikkust, koost\u00f6\u00f6oskusi ja enese\u00fcletust.<\/p>\n<p><strong>T\u00f6\u00f6toa kestus:<\/strong> 1 tund ja 30 minutit<br \/>\n<strong>Keel:<\/strong> Inglise keel (spetsiaalselt keeleoskuse arendamiseks)<br \/>\n<strong>Osalejate arv:<\/strong> Maksimaalselt 24 \u00f5pilast<br \/>\n<strong>Toimumiskoht:<\/strong> Noortekeskus (tegevus toimub kahes ruumis)<br \/>\n<strong>Osalus:<\/strong> Tasuta<\/p>\n<h4><span data-contrast=\"auto\">3. Klassi\u00f5petajatele suunatud kaootilise lauam\u00e4ngu-hommiku pakett (sobib k\u00f5igile vanustele)<\/span><\/h4>\n<p>See on meie k\u00f5ige <strong>paindlikum koolipakett<\/strong>, kuna selle p\u00f5hieesm\u00e4rk on <strong>noortevaheliste suhete tugevdamine<\/strong> ning see sobib osalejatele igas vanuses. Pakett v\u00f5imaldab t\u00f6\u00f6tada erineva suuruse ja vanusega gruppidega, sest saame ette valmistada mitmesuguseid m\u00e4nge ja tegevusi.<\/p>\n<p><strong>T\u00f6\u00f6toa kestus:<\/strong> 45 minutit kuni 2 tundi<br \/>\n<strong>Keel:<\/strong> Eesti keel ja vajadusel inglise keel<br \/>\n<strong>Osalejate arv:<\/strong> alates 3 osalejat.\u00a0Korraga saame tegevusi pakkuda kuni <strong>kuuele laudkonnale<\/strong>. Igas laudkonnas alustatakse \u00fcheaegselt lauam\u00e4nguga. Kui m\u00e4ng l\u00f5peb, vahetatakse laudu ja m\u00e4nge, kuni kogu tegevus on l\u00e4bi. V\u00e4iksema grupi puhul saab koos erinevaid m\u00e4nge proovida.<\/p>\n<p><strong>Toimumiskoht:<\/strong> Noortekeskus (suurema osalejate arvu puhul toimub tegevus kahes ruumis)<\/p>\n<p><strong>Osalus:<\/strong> Tasuta<\/p>\n<h3><span style=\"color: #ff6600\">Rahuhariduseteemaline koolipakett &#8220;Maailmak\u00fcla ehitamine&#8221;.\u00a0<\/span><\/h3>\n<h4>4. Maailmak\u00fcla ehitamine <span data-ccp-props=\"{&quot;201341983&quot;:0,&quot;335551550&quot;:6,&quot;335551620&quot;:6,&quot;335559685&quot;:0,&quot;335559740&quot;:259}\">8.-12. klassidele<\/span><\/h4>\n<p>Kutsume noori avastama rahu olemust ja seda, kuidas luua harmooniat enda \u00fcmber! Selle praktilise t\u00f6\u00f6toa eesm\u00e4rk on arutleda, mis on rahu, kuidas seda saavutada ning millist rolli m\u00e4ngivad iga\u00fche igap\u00e4evased otsused. L\u00e4bi p\u00f5nevate m\u00e4ngude ja arutelude saavad osalejad uusi teadmisi ja oskusi, mida saab rakendada nii koolis kui ka igap\u00e4evaelus.<\/p>\n<p><strong>T\u00f6\u00f6toa kestus:<\/strong> 1 tund ja 45 minutit<br \/>\n<strong>Keel:<\/strong> Eesti keel ja vajadusel inglise keel<br \/>\n<strong>Toimumiskoht:<\/strong> Noortekeskus<br \/>\n<strong>Osalus:<\/strong> Tasuta<\/p>\n","protected":false},"excerpt":{"rendered":"<p>Valdeku Noortekeskus ootab kooliklasse endale k\u00fclla! Oleme noorsoot\u00f6\u00f6tajatega v\u00e4lja t\u00f6\u00f6tanud neli unikaalset tegevusplaani klassidele, mida kutsume koolipakettideks. Igal paketil on otsene seos riikliku \u00f5ppekavaga ning need on kohandatud konkreetsele sihtr\u00fchmale. Koolipakette viivad l\u00e4bi meie kogenud noorsoot\u00f6\u00f6tajad. Tutvu meie noorsoot\u00f6\u00f6tajatega \u00a0SIIN. \ud83d\udccd Tegevuste aeg ja koht Pakette saab l\u00e4bi viia E\u2013R kell 11.00\u201313.00 Valdeku Noortekeskuses. \ud83c\udfaf [&hellip;]<\/p>\n","protected":false},"author":13,"featured_media":0,"parent":0,"menu_order":0,"comment_status":"closed","ping_status":"closed","template":"","meta":{"_acf_changed":false,"footnotes":""},"class_list":["post-1794","page","type-page","status-publish","hentry"],"acf":[],"yoast_head":"<!-- This site is optimized with the Yoast SEO plugin v27.5 - https:\/\/yoast.com\/product\/yoast-seo-wordpress\/ -->\n<title>Koolipaketid &#8211; Valdeku noortekeskus<\/title>\n<meta name=\"robots\" content=\"index, follow, max-snippet:-1, max-image-preview:large, max-video-preview:-1\" \/>\n<link rel=\"canonical\" href=\"https:\/\/www.nomme.ee\/valdeku-noortekeskus\/koolipaketid\/\" \/>\n<meta property=\"og:locale\" content=\"et_EE\" \/>\n<meta property=\"og:type\" content=\"article\" \/>\n<meta property=\"og:title\" content=\"Koolipaketid &#8211; Valdeku noortekeskus\" \/>\n<meta property=\"og:description\" content=\"Valdeku Noortekeskus ootab kooliklasse endale k\u00fclla! Oleme noorsoot\u00f6\u00f6tajatega v\u00e4lja t\u00f6\u00f6tanud neli unikaalset tegevusplaani klassidele, mida kutsume koolipakettideks. Igal paketil on otsene seos riikliku \u00f5ppekavaga ning need on kohandatud konkreetsele sihtr\u00fchmale. Koolipakette viivad l\u00e4bi meie kogenud noorsoot\u00f6\u00f6tajad. Tutvu meie noorsoot\u00f6\u00f6tajatega \u00a0SIIN. \ud83d\udccd Tegevuste aeg ja koht Pakette saab l\u00e4bi viia E\u2013R kell 11.00\u201313.00 Valdeku Noortekeskuses. \ud83c\udfaf [&hellip;]\" \/>\n<meta property=\"og:url\" content=\"https:\/\/www.nomme.ee\/valdeku-noortekeskus\/koolipaketid\/\" \/>\n<meta property=\"og:site_name\" content=\"Valdeku noortekeskus\" \/>\n<meta property=\"article:modified_time\" content=\"2025-01-17T10:27:39+00:00\" \/>\n<meta name=\"twitter:card\" content=\"summary_large_image\" \/>\n<meta name=\"twitter:label1\" content=\"Est. reading time\" \/>\n\t<meta name=\"twitter:data1\" content=\"3 minutit\" \/>\n<script type=\"application\/ld+json\" class=\"yoast-schema-graph\">{\"@context\":\"https:\\\/\\\/schema.org\",\"@graph\":[{\"@type\":\"WebPage\",\"@id\":\"https:\\\/\\\/www.nomme.ee\\\/valdeku-noortekeskus\\\/koolipaketid\\\/\",\"url\":\"https:\\\/\\\/www.nomme.ee\\\/valdeku-noortekeskus\\\/koolipaketid\\\/\",\"name\":\"Koolipaketid &#8211; Valdeku noortekeskus\",\"isPartOf\":{\"@id\":\"https:\\\/\\\/www.nomme.ee\\\/valdeku-noortekeskus\\\/#website\"},\"datePublished\":\"2025-01-17T10:26:59+00:00\",\"dateModified\":\"2025-01-17T10:27:39+00:00\",\"breadcrumb\":{\"@id\":\"https:\\\/\\\/www.nomme.ee\\\/valdeku-noortekeskus\\\/koolipaketid\\\/#breadcrumb\"},\"inLanguage\":\"et\",\"potentialAction\":[{\"@type\":\"ReadAction\",\"target\":[\"https:\\\/\\\/www.nomme.ee\\\/valdeku-noortekeskus\\\/koolipaketid\\\/\"]}]},{\"@type\":\"BreadcrumbList\",\"@id\":\"https:\\\/\\\/www.nomme.ee\\\/valdeku-noortekeskus\\\/koolipaketid\\\/#breadcrumb\",\"itemListElement\":[{\"@type\":\"ListItem\",\"position\":1,\"name\":\"N\u00f5mme Vaba Aja Keskus\",\"item\":\"https:\\\/\\\/www.nomme.ee\"},{\"@type\":\"ListItem\",\"position\":2,\"name\":\"Valdeku noortekeskus\",\"item\":\"https:\\\/\\\/www.nomme.ee\\\/valdeku-noortekeskus\\\/\"},{\"@type\":\"ListItem\",\"position\":3,\"name\":\"Koolipaketid\"}]},{\"@type\":\"WebSite\",\"@id\":\"https:\\\/\\\/www.nomme.ee\\\/valdeku-noortekeskus\\\/#website\",\"url\":\"https:\\\/\\\/www.nomme.ee\\\/valdeku-noortekeskus\\\/\",\"name\":\"Valdeku noortekeskus\",\"description\":\"\",\"potentialAction\":[{\"@type\":\"SearchAction\",\"target\":{\"@type\":\"EntryPoint\",\"urlTemplate\":\"https:\\\/\\\/www.nomme.ee\\\/valdeku-noortekeskus\\\/?s={search_term_string}\"},\"query-input\":{\"@type\":\"PropertyValueSpecification\",\"valueRequired\":true,\"valueName\":\"search_term_string\"}}],\"inLanguage\":\"et\"}]}<\/script>\n<!-- \/ Yoast SEO plugin. -->","yoast_head_json":{"title":"Koolipaketid &#8211; Valdeku noortekeskus","robots":{"index":"index","follow":"follow","max-snippet":"max-snippet:-1","max-image-preview":"max-image-preview:large","max-video-preview":"max-video-preview:-1"},"canonical":"https:\/\/www.nomme.ee\/valdeku-noortekeskus\/koolipaketid\/","og_locale":"et_EE","og_type":"article","og_title":"Koolipaketid &#8211; Valdeku noortekeskus","og_description":"Valdeku Noortekeskus ootab kooliklasse endale k\u00fclla! Oleme noorsoot\u00f6\u00f6tajatega v\u00e4lja t\u00f6\u00f6tanud neli unikaalset tegevusplaani klassidele, mida kutsume koolipakettideks. Igal paketil on otsene seos riikliku \u00f5ppekavaga ning need on kohandatud konkreetsele sihtr\u00fchmale. Koolipakette viivad l\u00e4bi meie kogenud noorsoot\u00f6\u00f6tajad. Tutvu meie noorsoot\u00f6\u00f6tajatega \u00a0SIIN. \ud83d\udccd Tegevuste aeg ja koht Pakette saab l\u00e4bi viia E\u2013R kell 11.00\u201313.00 Valdeku Noortekeskuses. \ud83c\udfaf [&hellip;]","og_url":"https:\/\/www.nomme.ee\/valdeku-noortekeskus\/koolipaketid\/","og_site_name":"Valdeku noortekeskus","article_modified_time":"2025-01-17T10:27:39+00:00","twitter_card":"summary_large_image","twitter_misc":{"Est. reading time":"3 minutit"},"schema":{"@context":"https:\/\/schema.org","@graph":[{"@type":"WebPage","@id":"https:\/\/www.nomme.ee\/valdeku-noortekeskus\/koolipaketid\/","url":"https:\/\/www.nomme.ee\/valdeku-noortekeskus\/koolipaketid\/","name":"Koolipaketid &#8211; Valdeku noortekeskus","isPartOf":{"@id":"https:\/\/www.nomme.ee\/valdeku-noortekeskus\/#website"},"datePublished":"2025-01-17T10:26:59+00:00","dateModified":"2025-01-17T10:27:39+00:00","breadcrumb":{"@id":"https:\/\/www.nomme.ee\/valdeku-noortekeskus\/koolipaketid\/#breadcrumb"},"inLanguage":"et","potentialAction":[{"@type":"ReadAction","target":["https:\/\/www.nomme.ee\/valdeku-noortekeskus\/koolipaketid\/"]}]},{"@type":"BreadcrumbList","@id":"https:\/\/www.nomme.ee\/valdeku-noortekeskus\/koolipaketid\/#breadcrumb","itemListElement":[{"@type":"ListItem","position":1,"name":"N\u00f5mme Vaba Aja Keskus","item":"https:\/\/www.nomme.ee"},{"@type":"ListItem","position":2,"name":"Valdeku noortekeskus","item":"https:\/\/www.nomme.ee\/valdeku-noortekeskus\/"},{"@type":"ListItem","position":3,"name":"Koolipaketid"}]},{"@type":"WebSite","@id":"https:\/\/www.nomme.ee\/valdeku-noortekeskus\/#website","url":"https:\/\/www.nomme.ee\/valdeku-noortekeskus\/","name":"Valdeku noortekeskus","description":"","potentialAction":[{"@type":"SearchAction","target":{"@type":"EntryPoint","urlTemplate":"https:\/\/www.nomme.ee\/valdeku-noortekeskus\/?s={search_term_string}"},"query-input":{"@type":"PropertyValueSpecification","valueRequired":true,"valueName":"search_term_string"}}],"inLanguage":"et"}]}},"_links":{"self":[{"href":"https:\/\/www.nomme.ee\/valdeku-noortekeskus\/wp-json\/wp\/v2\/pages\/1794","targetHints":{"allow":["GET"]}}],"collection":[{"href":"https:\/\/www.nomme.ee\/valdeku-noortekeskus\/wp-json\/wp\/v2\/pages"}],"about":[{"href":"https:\/\/www.nomme.ee\/valdeku-noortekeskus\/wp-json\/wp\/v2\/types\/page"}],"author":[{"embeddable":true,"href":"https:\/\/www.nomme.ee\/valdeku-noortekeskus\/wp-json\/wp\/v2\/users\/13"}],"replies":[{"embeddable":true,"href":"https:\/\/www.nomme.ee\/valdeku-noortekeskus\/wp-json\/wp\/v2\/comments?post=1794"}],"version-history":[{"count":12,"href":"https:\/\/www.nomme.ee\/valdeku-noortekeskus\/wp-json\/wp\/v2\/pages\/1794\/revisions"}],"predecessor-version":[{"id":1807,"href":"https:\/\/www.nomme.ee\/valdeku-noortekeskus\/wp-json\/wp\/v2\/pages\/1794\/revisions\/1807"}],"wp:attachment":[{"href":"https:\/\/www.nomme.ee\/valdeku-noortekeskus\/wp-json\/wp\/v2\/media?parent=1794"}],"curies":[{"name":"wp","href":"https:\/\/api.w.org\/{rel}","templated":true}]}}