{"id":72,"date":"2021-07-06T06:52:50","date_gmt":"2021-07-06T06:52:50","guid":{"rendered":"http:\/\/www.nomme.ee\/valdeku-noortekeskus\/?page_id=72"},"modified":"2026-04-30T08:46:30","modified_gmt":"2026-04-30T08:46:30","slug":"kontakt","status":"publish","type":"page","link":"https:\/\/www.nomme.ee\/valdeku-noortekeskus\/kontakt\/","title":{"rendered":"Kontakt"},"content":{"rendered":"<p><strong>Discord:<\/strong> <a href=\"http:\/\/bit.ly\/nommenortsid\">N\u00f5mme e-Noortekad<\/a><br \/>\n<strong>Facebook:<\/strong> <a href=\"https:\/\/www.facebook.com\/valdeku.noortekeskus.5\/\" target=\"_blank\" rel=\"noopener\">Valdeku noortekeskus<\/a><br \/>\n<strong>Instagram:<\/strong> <a href=\"https:\/\/www.instagram.com\/valdekunoortekeskus\/?hl=en\" target=\"_blank\" rel=\"noopener\">@valdekunoortekeskus<\/a><br \/>\n<strong>Virtuaaltuur:<\/strong> <a href=\"https:\/\/virtuaaltuur.tallinn.ee\/?tour=valdeku\">virtuaaltuur.tallinn.ee\/?tour=valdeku<\/a><\/p>\n<h2><strong>Ligip\u00e4\u00e4setavus Valdeku Noortekeskuses<\/strong><\/h2>\n<p>Valdeku Noortekeskus tegutseb N\u00f5mme Majas (Valdeku 13, Tallinn), olles \u00fcks osa suuremast hoonest. Meie soov on, et noored tunneksid end meie keskuses oodatuna ja saaksid osaleda tegevustes v\u00f5imalikult mugavalt ja turvaliselt. Allj\u00e4rgnev info aitab hinnata, milline on ligip\u00e4\u00e4s meie keskusesse ja selle teenustele.<\/p>\n<h3><strong>1. F\u00fc\u00fcsiline ligip\u00e4\u00e4setavus<\/strong><\/h3>\n<ul>\n<li><strong>Asukoht hoones:<\/strong> Valdeku Noortekeskuses on kaks tegevustuba ja v\u00e4ike tuba eraldumiseks, mis asuvad samal korrusel, pool korrust peaukse tasapinnast k\u00f5rgemal.<\/li>\n<li><strong>Sissep\u00e4\u00e4sud:<\/strong>\n<ul>\n<li><strong>Tavaline ligip\u00e4\u00e4s:<\/strong> Noortekeskusesse p\u00e4\u00e4seb hoone skatepargi poolsest k\u00fcljeuksest (laius 68 cm). Sisenemiseks tuleb kasutada treppi (9 astet, iga\u00fcks 16-17cm), mis viib pool korrust \u00fcles, seal pole lifti ega t\u00f5stukit. Peale seda on vaheuks, mille laius on 91 cm. M\u00f5lemat ust saab t\u00f6\u00f6taja ette teatamise peale vajadusel veidi veel laiemaks teha.<\/li>\n<li><strong>Ligip\u00e4\u00e4setav alternatiiv:<\/strong> Erivajadusega k\u00fclastajad saavad soovi korral siseneda maja <strong>peauksest parkla pool<\/strong>, kus on olemas kaldtee ja automaatselt avanevad uksed. Sealt p\u00e4\u00e4seb noortekeskuse juurde l\u00e4bi kahe lingiga ukse. Need uksed on rasked, kuid noorsoot\u00f6\u00f6taja saab need avada, kui helistada keskuse telefonile ette (telefoninumber on 5556 7781).<\/li>\n<li>Noortekeskuses endas on kolm ust 78-90cm laiustega. K\u00f5ige laiemat ust saab etteteatamise peale veidi veel laiemaks teha. K\u00f5ik teadaolevad liistud uste all peaks olema 3 cm k\u00f5rgused.<\/li>\n<\/ul>\n<\/li>\n<li><strong>Tualetid:<\/strong> Noortekeskuses on \u00fcks tavap\u00e4rane tualettruum. <strong>Ligip\u00e4\u00e4setav invatualett asub maja teistes ruumides<\/strong>, noortekeskuse l\u00e4hedal, kuid ei kuulu meie keskuse ruumide koosseisu. Noorsoot\u00f6\u00f6taja saab tagada edasi-tagasi liikumise.<\/li>\n<\/ul>\n<h3><strong>2. Parkimine ja rattahoid<\/strong><\/h3>\n<ul>\n<li><strong>Parkimine:<\/strong> L\u00e4himad parklad asuvad N\u00f5mme Maja ja Valdeku sauna-spordihoone juures. Maja peauksest on ligip\u00e4\u00e4s kaldteega.<\/li>\n<li><strong>Jalgrattad:<\/strong> N\u00f5mme Maja \u00fcmbrusesse saab j\u00e4tta jalgratta \u2013 rattahoidikud asuvad maja ees.<\/li>\n<\/ul>\n<p>&nbsp;<\/p>\n<h3><strong>3. \u00dchistransport ja kohalej\u00f5udmine<\/strong><\/h3>\n<ul>\n<li><strong>Bussipeatused:<\/strong> L\u00e4himad bussipeatused on <strong>Valdeku, K\u00f5ue, Rahum\u00e4e, Roheline ja N\u00f5mme<\/strong>. K\u00f5igist neist tuleb arvestada v\u00e4hemalt 6 kuni 10-minutilise jalutusk\u00e4iguga.<\/li>\n<li><strong>Rongipeatus:<\/strong> <strong>N\u00f5mme rongipeatus<\/strong> on meie keskusele k\u00f5ige l\u00e4hemal.<\/li>\n<li>Palun arvesta, et liikumistee v\u00f5ib sisaldada v\u00e4iksemaid kallakuid, \u00e4\u00e4rekive ja muid linnakeskkonna elemente.<\/li>\n<\/ul>\n<h3><strong>4. Ligip\u00e4\u00e4s teenustele ja tegevustele<\/strong><\/h3>\n<ul>\n<li>K\u00f5ik meie tegevused toimuvad samal korrusel ja ruumides, mis on ligip\u00e4\u00e4setavad vaid trepi kaudu. Kui sul on liikumise- v\u00f5i muu eriline vajadus, soovitame <strong>eelnevalt \u00fchendust v\u00f5tta<\/strong>, et saaksime v\u00f5imalusel kohandusi teha.<\/li>\n<li>Meie noorsoot\u00f6\u00f6tajad on valmis abistama ja avama uksi ning leidma sobivaima viisi k\u00fclastuseks.<\/li>\n<\/ul>\n<h3><strong>5. Avatus ja mitmekesisus <\/strong><\/h3>\n<p>Meie noortekeskus v\u00e4\u00e4rtustab mitmekesisust ja kuuluvustunnet. Ootame siia noori igasuguse tausta, rahvuse, keele, seksuaalse s\u00e4ttumuse ja soolise identiteediga. Meie eesm\u00e4rk on pakkuda k\u00f5igile noortele turvalist, toetavat ja r\u00f5\u00f5msat keskkonda.<\/p>\n<p>Valdeku Noortekeskus kannab m\u00e4rgist <strong>&#8220;K\u00f5ik on teretulnud&#8221;<\/strong> \u2013 see t\u00e4hendab, et meil ei tolereerita diskrimineerimist ega vaenu. Oleme olemas, kui vajad tuge v\u00f5i tahad lihtsalt kuuluvat kogukonda. Loe rohkem:<span style=\"color: #ff6600\"><strong> https:\/\/www.lgbt.ee\/koikonteretulnud<\/strong><\/span><\/p>\n<p><img decoding=\"async\" src=\"https:\/\/static.wixstatic.com\/media\/5a1900_0bebdb79db9d4a5aa9e2c8e13c8ded7f~mv2.png\/v1\/fill\/w_262,h_262,al_c,q_85,usm_0.66_1.00_0.01,enc_avif,quality_auto\/13.png\" alt=\"13.png\" \/><\/p>\n","protected":false},"excerpt":{"rendered":"<p>Discord: N\u00f5mme e-Noortekad Facebook: Valdeku noortekeskus Instagram: @valdekunoortekeskus Virtuaaltuur: virtuaaltuur.tallinn.ee\/?tour=valdeku Ligip\u00e4\u00e4setavus Valdeku Noortekeskuses Valdeku Noortekeskus tegutseb N\u00f5mme Majas (Valdeku 13, Tallinn), olles \u00fcks osa suuremast hoonest. Meie soov on, et noored tunneksid end meie keskuses oodatuna ja saaksid osaleda tegevustes v\u00f5imalikult mugavalt ja turvaliselt. Allj\u00e4rgnev info aitab hinnata, milline on ligip\u00e4\u00e4s meie keskusesse ja selle [&hellip;]<\/p>\n","protected":false},"author":1,"featured_media":0,"parent":0,"menu_order":0,"comment_status":"closed","ping_status":"closed","template":"page-templates\/tpl-kontakt.php","meta":{"_acf_changed":false,"footnotes":""},"class_list":["post-72","page","type-page","status-publish","hentry"],"acf":[],"yoast_head":"<!-- This site is optimized with the Yoast SEO plugin v27.5 - https:\/\/yoast.com\/product\/yoast-seo-wordpress\/ -->\n<title>Kontakt &#8211; Valdeku noortekeskus<\/title>\n<meta name=\"description\" content=\"Valdeku Noortekeskus on ajutiselt avatud esmasp\u00e4evast kolmap\u00e4evani 13.00-19.00 kuniks meil on rohkem noorsoot\u00f6\u00f6tajaid.\" \/>\n<meta name=\"robots\" content=\"index, follow, max-snippet:-1, max-image-preview:large, max-video-preview:-1\" \/>\n<link rel=\"canonical\" href=\"https:\/\/www.nomme.ee\/valdeku-noortekeskus\/kontakt\/\" \/>\n<meta property=\"og:locale\" content=\"et_EE\" \/>\n<meta property=\"og:type\" content=\"article\" \/>\n<meta property=\"og:title\" content=\"Kontakt &#8211; Valdeku noortekeskus\" \/>\n<meta property=\"og:description\" content=\"Valdeku Noortekeskus on ajutiselt avatud esmasp\u00e4evast kolmap\u00e4evani 13.00-19.00 kuniks meil on rohkem noorsoot\u00f6\u00f6tajaid.\" \/>\n<meta property=\"og:url\" content=\"https:\/\/www.nomme.ee\/valdeku-noortekeskus\/kontakt\/\" \/>\n<meta property=\"og:site_name\" content=\"Valdeku noortekeskus\" \/>\n<meta property=\"article:modified_time\" content=\"2026-04-30T08:46:30+00:00\" \/>\n<meta property=\"og:image\" content=\"https:\/\/static.wixstatic.com\/media\/5a1900_0bebdb79db9d4a5aa9e2c8e13c8ded7f~mv2.png\/v1\/fill\/w_262,h_262,al_c,q_85,usm_0.66_1.00_0.01,enc_avif,quality_auto\/13.png\" \/>\n<meta name=\"twitter:card\" content=\"summary_large_image\" \/>\n<meta name=\"twitter:label1\" content=\"Est. reading time\" \/>\n\t<meta name=\"twitter:data1\" content=\"3 minutit\" \/>\n<script type=\"application\/ld+json\" class=\"yoast-schema-graph\">{\"@context\":\"https:\\\/\\\/schema.org\",\"@graph\":[{\"@type\":\"WebPage\",\"@id\":\"https:\\\/\\\/www.nomme.ee\\\/valdeku-noortekeskus\\\/kontakt\\\/\",\"url\":\"https:\\\/\\\/www.nomme.ee\\\/valdeku-noortekeskus\\\/kontakt\\\/\",\"name\":\"Kontakt &#8211; Valdeku noortekeskus\",\"isPartOf\":{\"@id\":\"https:\\\/\\\/www.nomme.ee\\\/valdeku-noortekeskus\\\/#website\"},\"primaryImageOfPage\":{\"@id\":\"https:\\\/\\\/www.nomme.ee\\\/valdeku-noortekeskus\\\/kontakt\\\/#primaryimage\"},\"image\":{\"@id\":\"https:\\\/\\\/www.nomme.ee\\\/valdeku-noortekeskus\\\/kontakt\\\/#primaryimage\"},\"thumbnailUrl\":\"https:\\\/\\\/static.wixstatic.com\\\/media\\\/5a1900_0bebdb79db9d4a5aa9e2c8e13c8ded7f~mv2.png\\\/v1\\\/fill\\\/w_262,h_262,al_c,q_85,usm_0.66_1.00_0.01,enc_avif,quality_auto\\\/13.png\",\"datePublished\":\"2021-07-06T06:52:50+00:00\",\"dateModified\":\"2026-04-30T08:46:30+00:00\",\"description\":\"Valdeku Noortekeskus on ajutiselt avatud esmasp\u00e4evast kolmap\u00e4evani 13.00-19.00 kuniks meil on rohkem noorsoot\u00f6\u00f6tajaid.\",\"breadcrumb\":{\"@id\":\"https:\\\/\\\/www.nomme.ee\\\/valdeku-noortekeskus\\\/kontakt\\\/#breadcrumb\"},\"inLanguage\":\"et\",\"potentialAction\":[{\"@type\":\"ReadAction\",\"target\":[\"https:\\\/\\\/www.nomme.ee\\\/valdeku-noortekeskus\\\/kontakt\\\/\"]}]},{\"@type\":\"ImageObject\",\"inLanguage\":\"et\",\"@id\":\"https:\\\/\\\/www.nomme.ee\\\/valdeku-noortekeskus\\\/kontakt\\\/#primaryimage\",\"url\":\"https:\\\/\\\/static.wixstatic.com\\\/media\\\/5a1900_0bebdb79db9d4a5aa9e2c8e13c8ded7f~mv2.png\\\/v1\\\/fill\\\/w_262,h_262,al_c,q_85,usm_0.66_1.00_0.01,enc_avif,quality_auto\\\/13.png\",\"contentUrl\":\"https:\\\/\\\/static.wixstatic.com\\\/media\\\/5a1900_0bebdb79db9d4a5aa9e2c8e13c8ded7f~mv2.png\\\/v1\\\/fill\\\/w_262,h_262,al_c,q_85,usm_0.66_1.00_0.01,enc_avif,quality_auto\\\/13.png\"},{\"@type\":\"BreadcrumbList\",\"@id\":\"https:\\\/\\\/www.nomme.ee\\\/valdeku-noortekeskus\\\/kontakt\\\/#breadcrumb\",\"itemListElement\":[{\"@type\":\"ListItem\",\"position\":1,\"name\":\"N\u00f5mme Vaba Aja Keskus\",\"item\":\"https:\\\/\\\/www.nomme.ee\"},{\"@type\":\"ListItem\",\"position\":2,\"name\":\"Valdeku noortekeskus\",\"item\":\"https:\\\/\\\/www.nomme.ee\\\/valdeku-noortekeskus\\\/\"},{\"@type\":\"ListItem\",\"position\":3,\"name\":\"Kontakt\"}]},{\"@type\":\"WebSite\",\"@id\":\"https:\\\/\\\/www.nomme.ee\\\/valdeku-noortekeskus\\\/#website\",\"url\":\"https:\\\/\\\/www.nomme.ee\\\/valdeku-noortekeskus\\\/\",\"name\":\"Valdeku noortekeskus\",\"description\":\"\",\"potentialAction\":[{\"@type\":\"SearchAction\",\"target\":{\"@type\":\"EntryPoint\",\"urlTemplate\":\"https:\\\/\\\/www.nomme.ee\\\/valdeku-noortekeskus\\\/?s={search_term_string}\"},\"query-input\":{\"@type\":\"PropertyValueSpecification\",\"valueRequired\":true,\"valueName\":\"search_term_string\"}}],\"inLanguage\":\"et\"}]}<\/script>\n<!-- \/ Yoast SEO plugin. -->","yoast_head_json":{"title":"Kontakt &#8211; Valdeku noortekeskus","description":"Valdeku Noortekeskus on ajutiselt avatud esmasp\u00e4evast kolmap\u00e4evani 13.00-19.00 kuniks meil on rohkem noorsoot\u00f6\u00f6tajaid.","robots":{"index":"index","follow":"follow","max-snippet":"max-snippet:-1","max-image-preview":"max-image-preview:large","max-video-preview":"max-video-preview:-1"},"canonical":"https:\/\/www.nomme.ee\/valdeku-noortekeskus\/kontakt\/","og_locale":"et_EE","og_type":"article","og_title":"Kontakt &#8211; Valdeku noortekeskus","og_description":"Valdeku Noortekeskus on ajutiselt avatud esmasp\u00e4evast kolmap\u00e4evani 13.00-19.00 kuniks meil on rohkem noorsoot\u00f6\u00f6tajaid.","og_url":"https:\/\/www.nomme.ee\/valdeku-noortekeskus\/kontakt\/","og_site_name":"Valdeku noortekeskus","article_modified_time":"2026-04-30T08:46:30+00:00","og_image":[{"url":"https:\/\/static.wixstatic.com\/media\/5a1900_0bebdb79db9d4a5aa9e2c8e13c8ded7f~mv2.png\/v1\/fill\/w_262,h_262,al_c,q_85,usm_0.66_1.00_0.01,enc_avif,quality_auto\/13.png","type":"","width":"","height":""}],"twitter_card":"summary_large_image","twitter_misc":{"Est. reading time":"3 minutit"},"schema":{"@context":"https:\/\/schema.org","@graph":[{"@type":"WebPage","@id":"https:\/\/www.nomme.ee\/valdeku-noortekeskus\/kontakt\/","url":"https:\/\/www.nomme.ee\/valdeku-noortekeskus\/kontakt\/","name":"Kontakt &#8211; Valdeku noortekeskus","isPartOf":{"@id":"https:\/\/www.nomme.ee\/valdeku-noortekeskus\/#website"},"primaryImageOfPage":{"@id":"https:\/\/www.nomme.ee\/valdeku-noortekeskus\/kontakt\/#primaryimage"},"image":{"@id":"https:\/\/www.nomme.ee\/valdeku-noortekeskus\/kontakt\/#primaryimage"},"thumbnailUrl":"https:\/\/static.wixstatic.com\/media\/5a1900_0bebdb79db9d4a5aa9e2c8e13c8ded7f~mv2.png\/v1\/fill\/w_262,h_262,al_c,q_85,usm_0.66_1.00_0.01,enc_avif,quality_auto\/13.png","datePublished":"2021-07-06T06:52:50+00:00","dateModified":"2026-04-30T08:46:30+00:00","description":"Valdeku Noortekeskus on ajutiselt avatud esmasp\u00e4evast kolmap\u00e4evani 13.00-19.00 kuniks meil on rohkem noorsoot\u00f6\u00f6tajaid.","breadcrumb":{"@id":"https:\/\/www.nomme.ee\/valdeku-noortekeskus\/kontakt\/#breadcrumb"},"inLanguage":"et","potentialAction":[{"@type":"ReadAction","target":["https:\/\/www.nomme.ee\/valdeku-noortekeskus\/kontakt\/"]}]},{"@type":"ImageObject","inLanguage":"et","@id":"https:\/\/www.nomme.ee\/valdeku-noortekeskus\/kontakt\/#primaryimage","url":"https:\/\/static.wixstatic.com\/media\/5a1900_0bebdb79db9d4a5aa9e2c8e13c8ded7f~mv2.png\/v1\/fill\/w_262,h_262,al_c,q_85,usm_0.66_1.00_0.01,enc_avif,quality_auto\/13.png","contentUrl":"https:\/\/static.wixstatic.com\/media\/5a1900_0bebdb79db9d4a5aa9e2c8e13c8ded7f~mv2.png\/v1\/fill\/w_262,h_262,al_c,q_85,usm_0.66_1.00_0.01,enc_avif,quality_auto\/13.png"},{"@type":"BreadcrumbList","@id":"https:\/\/www.nomme.ee\/valdeku-noortekeskus\/kontakt\/#breadcrumb","itemListElement":[{"@type":"ListItem","position":1,"name":"N\u00f5mme Vaba Aja Keskus","item":"https:\/\/www.nomme.ee"},{"@type":"ListItem","position":2,"name":"Valdeku noortekeskus","item":"https:\/\/www.nomme.ee\/valdeku-noortekeskus\/"},{"@type":"ListItem","position":3,"name":"Kontakt"}]},{"@type":"WebSite","@id":"https:\/\/www.nomme.ee\/valdeku-noortekeskus\/#website","url":"https:\/\/www.nomme.ee\/valdeku-noortekeskus\/","name":"Valdeku noortekeskus","description":"","potentialAction":[{"@type":"SearchAction","target":{"@type":"EntryPoint","urlTemplate":"https:\/\/www.nomme.ee\/valdeku-noortekeskus\/?s={search_term_string}"},"query-input":{"@type":"PropertyValueSpecification","valueRequired":true,"valueName":"search_term_string"}}],"inLanguage":"et"}]}},"_links":{"self":[{"href":"https:\/\/www.nomme.ee\/valdeku-noortekeskus\/wp-json\/wp\/v2\/pages\/72","targetHints":{"allow":["GET"]}}],"collection":[{"href":"https:\/\/www.nomme.ee\/valdeku-noortekeskus\/wp-json\/wp\/v2\/pages"}],"about":[{"href":"https:\/\/www.nomme.ee\/valdeku-noortekeskus\/wp-json\/wp\/v2\/types\/page"}],"author":[{"embeddable":true,"href":"https:\/\/www.nomme.ee\/valdeku-noortekeskus\/wp-json\/wp\/v2\/users\/1"}],"replies":[{"embeddable":true,"href":"https:\/\/www.nomme.ee\/valdeku-noortekeskus\/wp-json\/wp\/v2\/comments?post=72"}],"version-history":[{"count":64,"href":"https:\/\/www.nomme.ee\/valdeku-noortekeskus\/wp-json\/wp\/v2\/pages\/72\/revisions"}],"predecessor-version":[{"id":2530,"href":"https:\/\/www.nomme.ee\/valdeku-noortekeskus\/wp-json\/wp\/v2\/pages\/72\/revisions\/2530"}],"wp:attachment":[{"href":"https:\/\/www.nomme.ee\/valdeku-noortekeskus\/wp-json\/wp\/v2\/media?parent=72"}],"curies":[{"name":"wp","href":"https:\/\/api.w.org\/{rel}","templated":true}]}}